-- Table structure for table `default_repeater_tooltips_camera`
--

CREATE TABLE `default_repeater_tooltips_camera` (
  `id` int(10) unsigned NOT NULL AUTO_INCREMENT,
  `sort_order` int(11) DEFAULT NULL,
  `created_at` datetime NOT NULL,
  `created_by_id` int(11) DEFAULT NULL,
  `updated_at` datetime DEFAULT NULL,
  `updated_by_id` int(11) DEFAULT NULL,
  `tooltips_camera_image_id` int(11) NOT NULL,
  `tooltips_camera_image_data` text COLLATE utf8_unicode_ci,
  PRIMARY KEY (`id`)
) ENGINE=MyISAM AUTO_INCREMENT=33 DEFAULT CHARSET=utf8 COLLATE=utf8_unicode_ci;

--
-- Dumping data for table `default_repeater_tooltips_camera`
--

INSERT INTO `default_repeater_tooltips_camera` VALUES (1,1,'2018-10-10 19:02:03',1,'2019-01-12 21:20:18',1,122,'{\"x\":46,\"y\":0,\"width\":429,\"height\":429}'),(2,2,'2018-10-10 19:02:03',1,'2019-01-12 21:20:18',1,123,'{\"x\":45,\"y\":0,\"width\":448,\"height\":448}'),(3,3,'2018-10-22 20:53:05',1,'2019-01-12 21:14:56',1,133,NULL),(4,4,'2018-10-22 20:53:05',1,'2019-01-12 21:14:56',1,134,'{\"x\":0,\"y\":0,\"width\":540,\"height\":540}'),(5,5,'2018-10-22 22:56:37',1,'2019-07-19 13:46:04',1,150,'{\"x\":0,\"y\":0,\"width\":540,\"height\":540}'),(6,6,'2018-10-22 22:56:37',1,'2019-07-19 13:46:05',1,151,'{\"x\":0,\"y\":0,\"width\":540,\"height\":540}'),(7,7,'2018-10-23 02:40:25',1,'2019-01-12 21:13:13',1,166,NULL),(8,8,'2018-10-23 02:40:25',1,'2019-01-12 21:13:13',1,167,NULL),(9,9,'2018-10-23 14:53:44',1,'2019-01-12 21:17:14',1,191,NULL),(10,10,'2018-10-23 14:53:44',1,'2019-01-12 21:17:15',1,192,NULL),(11,11,'2018-10-23 20:54:32',1,'2019-01-12 21:16:49',1,215,'{\"x\":0,\"y\":0,\"width\":540,\"height\":540}'),(12,12,'2018-10-23 20:54:32',1,'2019-01-12 21:16:49',1,216,'{\"x\":0,\"y\":0,\"width\":540,\"height\":540}'),(13,13,'2018-10-24 15:42:55',1,'2019-01-12 21:15:17',1,253,NULL),(14,14,'2018-10-24 15:42:55',1,'2019-01-12 21:15:17',1,254,NULL),(15,15,'2018-10-24 17:53:45',1,'2019-01-12 21:19:20',1,277,'{\"x\":0,\"y\":0,\"width\":540,\"height\":540}'),(16,16,'2018-10-24 17:53:45',1,'2019-01-12 21:19:20',1,278,'{\"x\":0,\"y\":0,\"width\":540,\"height\":540}'),(17,17,'2018-10-24 20:56:17',1,'2019-01-12 21:16:16',1,297,'{\"x\":0,\"y\":0,\"width\":540,\"height\":540}'),(18,18,'2018-10-24 20:56:17',1,'2019-01-12 21:16:16',1,298,'{\"x\":0,\"y\":0,\"width\":540,\"height\":540}'),(19,19,'2018-10-25 13:03:59',1,'2019-01-12 21:15:56',1,313,'{\"x\":0,\"y\":0,\"width\":540,\"height\":540}'),(20,20,'2018-10-25 13:03:59',1,'2019-01-12 21:15:56',1,314,'{\"x\":0,\"y\":0,\"width\":540,\"height\":540}'),(21,21,'2018-10-25 15:53:25',1,'2019-01-12 21:10:56',1,316,'{\"x\":0,\"y\":3,\"width\":533,\"height\":533}'),(22,22,'2018-10-25 15:53:25',1,'2019-01-12 21:10:56',1,317,NULL),(23,23,'2018-10-26 13:43:31',1,'2019-01-12 21:12:41',1,361,NULL),(24,24,'2018-10-26 13:43:32',1,'2019-01-12 21:12:41',1,362,NULL),(25,25,'2018-10-26 17:14:41',1,'2019-01-12 21:18:42',1,388,'{\"x\":0,\"y\":0,\"width\":540,\"height\":540}'),(26,26,'2018-10-26 17:14:41',1,'2019-01-12 21:18:42',1,390,'{\"x\":0,\"y\":0,\"width\":540,\"height\":540}'),(27,27,'2018-12-04 13:22:59',1,'2019-10-31 14:59:48',1,1039,'{\"x\":13,\"y\":12,\"width\":486,\"height\":486}'),(28,28,'2018-12-04 13:22:59',1,'2019-10-31 14:59:48',1,1040,'{\"x\":0,\"y\":0,\"width\":540,\"height\":540}'),(29,29,'2019-10-31 11:56:28',1,'2019-11-04 18:49:04',1,1990,'{\"x\":0,\"y\":0,\"width\":540,\"height\":540}'),(30,30,'2019-10-31 11:56:28',1,'2019-11-04 18:49:04',1,1989,'{\"x\":0,\"y\":0,\"width\":540,\"height\":540}'),(31,31,'2019-11-04 22:00:40',1,'2019-11-11 10:15:24',1,1990,'{\"x\":0,\"y\":0,\"width\":540,\"height\":540}'),(32,32,'2019-11-04 22:00:40',1,'2019-11-11 10:15:24',1,1989,'{\"x\":0,\"y\":0,\"width\":540,\"height\":540}');

--
-- Table structure for table `default_repeater_tooltips_camera_tooltips_camera_content`
--

CREATE TABLE `default_repeater_tooltips_camera_tooltips_camera_content` (
  `id` int(10) unsigned NOT NULL AUTO_INCREMENT,
  `entry_id` int(11) NOT NULL,
  `related_id` int(11) NOT NULL,
  `sort_order` int(11) DEFAULT NULL,
  PRIMARY KEY (`id`),
  UNIQUE KEY `e4a6222cdb5b34375400904f03d8e6a5` (`entry_id`,`related_id`)
) ENGINE=MyISAM AUTO_INCREMENT=97 DEFAULT CHARSET=utf8 COLLATE=utf8_unicode_ci;

--
-- Dumping data for table `default_repeater_tooltips_camera_tooltips_camera_content`
--

INSERT INTO `default_repeater_tooltips_camera_tooltips_camera_content` VALUES (95,8,95,2),(6,3,6,0),(7,3,7,1),(8,4,8,0),(9,4,9,1),(10,5,10,0),(11,5,11,1),(12,6,12,0),(13,6,13,1),(14,6,14,2),(15,7,15,0),(16,7,16,1),(17,8,17,0),(18,8,18,1),(19,9,19,0),(20,9,20,1),(21,10,21,0),(22,10,22,1),(23,11,23,0),(24,11,24,1),(25,12,25,0),(26,12,26,1),(27,12,27,2),(28,13,28,0),(29,13,29,1),(30,13,30,2),(31,14,31,0),(32,14,32,1),(33,15,33,0),(34,15,34,1),(35,16,35,0),(36,16,36,1),(37,17,37,0),(38,17,38,1),(39,18,39,0),(40,18,40,1),(41,18,41,2),(42,19,42,0),(43,19,43,1),(44,20,44,0),(45,20,45,1),(46,20,46,2),(47,21,47,0),(48,21,48,1),(49,22,49,0),(50,22,50,1),(51,22,51,2),(52,23,52,0),(53,23,53,1),(54,24,54,0),(55,24,55,1),(56,25,56,0),(57,25,57,1),(58,26,58,0),(59,26,59,1),(60,5,60,2),(61,6,61,3),(62,3,62,2),(63,3,63,3),(64,4,64,2),(65,7,65,2),(66,9,66,2),(67,9,67,3),(68,9,68,4),(69,10,69,2),(70,10,70,3),(71,11,71,2),(72,11,72,3),(73,11,73,4),(74,12,74,3),(75,17,75,2),(76,18,76,3),(77,18,77,4),(78,13,78,3),(79,14,79,2),(80,15,80,2),(81,15,81,3),(82,16,82,2),(83,16,83,3),(84,19,84,2),(85,19,85,3),(86,20,86,3),(87,25,87,2),(88,26,88,2),(89,21,89,2),(90,23,90,2),(91,23,91,3),(92,24,92,2),(93,24,93,3),(94,24,94,4);

--
-- Table structure for table `default_repeater_tooltips_camera_translations`
--

CREATE TABLE `default_repeater_tooltips_camera_translations` (
  `id` int(10) unsigned NOT NULL AUTO_INCREMENT,
  `entry_id` int(11) NOT NULL,
  `created_at` datetime NOT NULL,
  `created_by_id` int(11) DEFAULT NULL,
  `updated_at` datetime DEFAULT NULL,
  `updated_by_id` int(11) DEFAULT NULL,
  `locale` varchar(255) COLLATE utf8_unicode_ci NOT NULL,
  PRIMARY KEY (`id`),
  KEY `repeater_tooltips_camera_translations_locale_index` (`locale`)
) ENGINE=MyISAM AUTO_INCREMENT=33 DEFAULT CHARSET=utf8 COLLATE=utf8_unicode_ci;

--
-- Dumping data for table `default_repeater_tooltips_camera_translations`
--

INSERT INTO `default_repeater_tooltips_camera_translations` VALUES (1,1,'2018-10-10 19:02:03',NULL,'2018-10-10 19:02:03',1,'en'),(2,2,'2018-10-10 19:02:03',NULL,'2018-10-10 19:02:03',1,'en'),(3,3,'2018-10-22 20:53:05',NULL,'2018-10-22 20:53:05',1,'en'),(4,4,'2018-10-22 20:53:05',NULL,'2018-10-22 20:53:05',1,'en'),(5,5,'2018-10-22 22:56:37',NULL,'2018-10-22 22:56:37',1,'en'),(6,6,'2018-10-22 22:56:37',NULL,'2018-10-22 22:56:37',1,'en'),(7,7,'2018-10-23 02:40:25',NULL,'2018-10-23 02:40:25',1,'en'),(8,8,'2018-10-23 02:40:25',NULL,'2018-10-23 02:40:25',1,'en'),(9,9,'2018-10-23 14:53:44',NULL,'2018-10-23 14:53:44',1,'en'),(10,10,'2018-10-23 14:53:44',NULL,'2018-10-23 14:53:44',1,'en'),(11,11,'2018-10-23 20:54:32',NULL,'2018-10-23 20:54:32',1,'en'),(12,12,'2018-10-23 20:54:32',NULL,'2018-10-23 20:54:32',1,'en'),(13,13,'2018-10-24 15:42:55',NULL,'2018-10-24 15:42:55',1,'en'),(14,14,'2018-10-24 15:42:55',NULL,'2018-10-24 15:42:55',1,'en'),(15,15,'2018-10-24 17:53:45',NULL,'2018-10-24 17:53:45',1,'en'),(16,16,'2018-10-24 17:53:45',NULL,'2018-10-24 17:53:45',1,'en'),(17,17,'2018-10-24 20:56:17',NULL,'2018-10-24 20:56:17',1,'en'),(18,18,'2018-10-24 20:56:17',NULL,'2018-10-24 20:56:17',1,'en'),(19,19,'2018-10-25 13:03:59',NULL,'2018-10-25 13:03:59',1,'en'),(20,20,'2018-10-25 13:03:59',NULL,'2018-10-25 13:03:59',1,'en'),(21,21,'2018-10-25 15:53:25',NULL,'2018-10-25 15:53:25',1,'en'),(22,22,'2018-10-25 15:53:25',NULL,'2018-10-25 15:53:25',1,'en'),(23,23,'2018-10-26 13:43:31',NULL,'2018-10-26 13:43:31',1,'en'),(24,24,'2018-10-26 13:43:32',NULL,'2018-10-26 13:43:32',1,'en'),(25,25,'2018-10-26 17:14:41',NULL,'2018-10-26 17:14:41',1,'en'),(26,26,'2018-10-26 17:14:41',NULL,'2018-10-26 17:14:41',1,'en'),(27,27,'2018-12-04 13:22:59',NULL,'2018-12-04 13:22:59',1,'en'),(28,28,'2018-12-04 13:22:59',NULL,'2018-12-04 13:22:59',1,'en'),(29,29,'2019-10-31 11:56:28',NULL,'2019-10-31 11:56:28',1,'en'),(30,30,'2019-10-31 11:56:28',NULL,'2019-10-31 11:56:28',1,'en'),(31,31,'2019-11-04 22:00:40',NULL,'2019-11-04 22:00:40',1,'en'),(32,32,'2019-11-04 22:00:40',NULL,'2019-11-04 22:00:40',1,'en');

--
-- Table structure for table `default_repeater_tooltips_content`
--

CREATE TABLE `default_repeater_tooltips_content` (
  `id` int(10) unsigned NOT NULL AUTO_INCREMENT,
  `sort_order` int(11) DEFAULT NULL,
  `created_at` datetime NOT NULL,
  `created_by_id` int(11) DEFAULT NULL,
  `updated_at` datetime DEFAULT NULL,
  `updated_by_id` int(11) DEFAULT NULL,
  `tooltips_top_position` double DEFAULT NULL,
  `tooltips_left_position` double DEFAULT NULL,
  PRIMARY KEY (`id`)
) ENGINE=MyISAM AUTO_INCREMENT=97 DEFAULT CHARSET=utf8 COLLATE=utf8_unicode_ci;

--
-- Dumping data for table `default_repeater_tooltips_content`
--

INSERT INTO `default_repeater_tooltips_content` VALUES (1,1,'2018-10-10 19:02:03',1,'2018-11-30 15:26:41',1,35.78,13.31),(2,2,'2018-10-10 19:02:03',1,'2018-11-30 15:26:41',1,54.82,66.38),(3,3,'2018-10-10 19:02:03',1,'2018-11-30 15:26:41',1,31.84,77.92),(4,4,'2018-10-10 19:02:03',1,'2018-11-30 15:26:41',1,38.78,21.31),(5,5,'2018-10-10 19:02:03',1,'2018-11-30 15:26:41',1,69.82,73.38),(6,6,'2018-10-22 20:53:05',1,'2019-01-12 21:14:56',1,51,81),(7,7,'2018-10-22 20:53:05',1,'2019-01-12 21:14:56',1,68,84),(8,8,'2018-10-22 20:53:05',1,'2019-01-12 21:14:56',1,50,30),(9,9,'2018-10-22 20:53:06',1,'2019-01-12 21:14:56',1,46,62),(10,10,'2018-10-22 22:56:37',1,'2019-07-19 13:46:05',1,48,79),(11,11,'2018-10-22 22:56:37',1,'2019-07-19 13:46:05',1,69,82),(12,12,'2018-10-22 22:56:37',1,'2019-07-19 13:46:05',1,44,4),(13,13,'2018-10-22 22:56:37',1,'2019-07-19 13:46:05',1,78,83),(14,14,'2018-10-22 22:56:37',1,'2019-07-19 13:46:05',1,43,75),(15,15,'2018-10-23 02:40:25',1,'2019-01-12 21:13:13',1,75,78),(16,16,'2018-10-23 02:40:25',1,'2019-01-12 21:13:13',1,62,79),(17,17,'2018-10-23 02:40:25',1,'2019-01-12 21:13:13',1,64,73),(18,18,'2018-10-23 02:40:25',1,'2019-01-12 21:13:13',1,37,73),(19,19,'2018-10-23 14:53:44',1,'2019-01-12 21:17:15',1,60,14),(20,20,'2018-10-23 14:53:44',1,'2019-01-12 21:17:15',1,72,27),(21,21,'2018-10-23 14:53:45',1,'2019-01-12 21:17:15',1,31,9),(22,22,'2018-10-23 14:53:45',1,'2019-01-12 21:17:15',1,64,69),(23,23,'2018-10-23 20:54:32',1,'2019-01-12 21:16:49',1,54,16),(24,24,'2018-10-23 20:54:32',1,'2019-01-12 21:16:49',1,57,27),(25,25,'2018-10-23 20:54:32',1,'2019-01-12 21:16:49',1,58,73),(26,26,'2018-10-23 20:54:32',1,'2019-01-12 21:16:49',1,39,84),(27,27,'2018-10-23 20:54:32',1,'2019-01-12 21:16:49',1,35,69),(28,28,'2018-10-24 15:42:55',1,'2019-01-12 21:15:17',1,57,20),(29,29,'2018-10-24 15:42:55',1,'2019-01-12 21:15:17',1,65,60),(30,30,'2018-10-24 15:42:55',1,'2019-01-12 21:15:17',1,50,67),(31,31,'2018-10-24 15:42:55',1,'2019-01-12 21:15:18',1,33,31),(32,32,'2018-10-24 15:42:55',1,'2019-01-12 21:15:18',1,33,49),(33,33,'2018-10-24 17:53:45',1,'2019-01-12 21:19:20',1,53,12),(34,34,'2018-10-24 17:53:45',1,'2019-01-12 21:19:20',1,53,55),(35,35,'2018-10-24 17:53:45',1,'2019-01-12 21:19:20',1,28,10),(36,36,'2018-10-24 17:53:45',1,'2019-01-12 21:19:20',1,27,54),(37,37,'2018-10-24 20:56:17',1,'2019-01-12 21:16:16',1,46,61),(38,38,'2018-10-24 20:56:17',1,'2019-01-12 21:16:16',1,56,80),(39,39,'2018-10-24 20:56:18',1,'2019-01-12 21:16:16',1,30,6),(40,40,'2018-10-24 20:56:18',1,'2019-01-12 21:16:16',1,35,70),(41,41,'2018-10-24 20:56:18',1,'2019-01-12 21:16:16',1,50,67),(42,42,'2018-10-25 13:03:59',1,'2019-01-12 21:15:56',1,54,15),(43,43,'2018-10-25 13:03:59',1,'2019-01-12 21:15:56',1,60,80),(44,44,'2018-10-25 13:03:59',1,'2019-01-12 21:15:57',1,29,70),(45,45,'2018-10-25 13:03:59',1,'2019-01-12 21:15:57',1,50,70),(46,46,'2018-10-25 13:03:59',1,'2019-01-12 21:15:57',1,68,83),(47,47,'2018-10-25 15:53:25',1,'2019-01-12 21:10:56',1,71,52),(48,48,'2018-10-25 15:53:25',1,'2019-01-12 21:10:56',1,77,76),(49,49,'2018-10-25 15:53:26',1,'2019-01-12 21:10:56',1,36,35),(50,50,'2018-10-25 15:53:26',1,'2019-01-12 21:10:56',1,55,83),(51,51,'2018-10-25 15:53:26',1,'2019-01-12 21:10:56',1,65,70),(52,52,'2018-10-26 13:43:32',1,'2019-01-12 21:12:41',1,65,57),(53,53,'2018-10-26 13:43:32',1,'2019-01-12 21:12:41',1,56,69),(54,54,'2018-10-26 13:43:32',1,'2019-01-12 21:12:42',1,38,6),(55,55,'2018-10-26 13:43:32',1,'2019-01-12 21:12:42',1,33,39),(56,56,'2018-10-26 17:14:41',1,'2019-01-12 21:18:42',1,61,14),(57,57,'2018-10-26 17:14:41',1,'2019-01-12 21:18:42',1,70,33),(58,58,'2018-10-26 17:14:41',1,'2019-01-12 21:18:42',1,41,3),(59,59,'2018-10-26 17:14:41',1,'2019-01-12 21:18:42',1,39,63),(60,60,'2018-11-13 19:04:56',1,'2019-07-19 13:46:05',1,64,62),(61,61,'2018-11-13 19:53:42',1,'2019-07-19 13:46:05',1,55,83),(62,62,'2018-11-13 20:11:18',1,'2019-01-12 21:14:56',1,66,57),(63,63,'2018-11-13 20:15:08',1,'2019-01-12 21:14:56',1,56,68),(64,64,'2018-11-13 20:22:03',1,'2019-01-12 21:14:56',1,30,75),(65,65,'2018-11-13 20:39:09',1,'2019-01-12 21:13:13',1,74,60),(66,66,'2018-11-16 15:58:32',1,'2019-01-12 21:17:15',1,60,57),(67,67,'2018-11-16 15:58:32',1,'2019-01-12 21:17:15',1,47,67),(68,68,'2018-11-16 16:02:20',1,'2019-01-12 21:17:15',1,65,73),(69,69,'2018-11-16 16:09:56',1,'2019-01-12 21:17:15',1,30,77),(70,70,'2018-11-16 16:14:30',1,'2019-01-12 21:17:15',1,29,58),(71,71,'2018-11-16 17:14:46',1,'2019-01-12 21:16:49',1,54,58),(72,72,'2018-11-16 17:14:46',1,'2019-01-12 21:16:49',1,57,80),(73,73,'2018-11-16 17:14:46',1,'2019-01-12 21:16:49',1,42,72),(74,74,'2018-11-16 17:24:13',1,'2019-01-12 21:16:49',1,32,3),(75,75,'2018-11-16 19:02:01',1,'2019-01-12 21:16:16',1,42,72),(76,76,'2018-11-16 19:16:16',1,'2019-01-12 21:16:16',1,41,89),(77,77,'2018-11-16 19:19:24',1,'2019-01-12 21:16:16',1,32,39),(78,78,'2018-11-16 19:41:13',1,'2019-01-12 21:15:17',1,65,75),(79,79,'2018-11-16 19:46:48',1,'2019-01-12 21:15:18',1,60,69),(80,80,'2018-11-16 19:56:55',1,'2019-01-12 21:19:20',1,27,74),(81,81,'2018-11-16 19:56:55',1,'2019-01-12 21:19:20',1,41,82),(82,82,'2018-11-16 20:01:55',1,'2019-01-12 21:19:20',1,72,63),(83,83,'2018-11-16 20:01:55',1,'2019-01-12 21:19:20',1,36,74),(84,84,'2018-11-16 20:13:54',1,'2019-01-12 21:15:56',1,54,61),(85,85,'2018-11-16 20:13:54',1,'2019-01-12 21:15:56',1,44,73),(86,86,'2018-11-16 20:21:50',1,'2019-01-12 21:15:57',1,28,28),(87,87,'2018-11-16 20:30:36',1,'2019-01-12 21:18:42',1,81,20),(88,88,'2018-11-16 20:35:36',1,'2019-01-12 21:18:42',1,62,73),(89,89,'2018-11-16 20:46:36',1,'2019-01-12 21:10:56',1,65,65),(90,90,'2018-11-16 20:56:08',1,'2019-01-12 21:12:41',1,69,78),(91,91,'2018-11-16 20:56:08',1,'2019-01-12 21:12:41',1,47,27),(92,92,'2018-11-16 21:01:39',1,'2019-01-12 21:12:42',1,33,66),(93,93,'2018-11-16 21:01:39',1,'2019-01-12 21:12:42',1,65,76),(94,94,'2018-11-16 21:01:39',1,'2019-01-12 21:12:42',1,49,53),(95,95,'2018-12-04 03:00:47',1,'2019-01-12 21:13:13',1,77,78),(96,96,'2019-01-08 16:13:52',1,'2019-01-08 16:13:52',1,10,12);

--
-- Table structure for table `default_repeater_tooltips_content_translations`
--

CREATE TABLE `default_repeater_tooltips_content_translations` (
  `id` int(10) unsigned NOT NULL AUTO_INCREMENT,
  `entry_id` int(11) NOT NULL,
  `created_at` datetime NOT NULL,
  `created_by_id` int(11) DEFAULT NULL,
  `updated_at` datetime DEFAULT NULL,
  `updated_by_id` int(11) DEFAULT NULL,
  `locale` varchar(255) COLLATE utf8_unicode_ci NOT NULL,
  `tooltips_title` varchar(50) COLLATE utf8_unicode_ci DEFAULT NULL,
  `tooltips_short_description` varchar(255) COLLATE utf8_unicode_ci DEFAULT NULL,
  PRIMARY KEY (`id`),
  KEY `repeater_tooltips_content_translations_locale_index` (`locale`)
) ENGINE=MyISAM AUTO_INCREMENT=193 DEFAULT CHARSET=utf8 COLLATE=utf8_unicode_ci;

--
-- Dumping data for table `default_repeater_tooltips_content_translations`
--

INSERT INTO `default_repeater_tooltips_content_translations` VALUES (1,1,'2018-10-10 19:02:03',NULL,'2018-10-10 19:02:03',1,'en','Retina Display','4-inch (diagonal) widescreen Fingerprint-resistant Multi-Touch display. 1136-by-640-pixel resolution at 326 ppi. 800:1 contrast ratio (typical).'),(2,1,'2018-10-10 19:02:03',NULL,'2018-10-10 19:02:03',1,'id',NULL,NULL),(3,2,'2018-10-10 19:02:03',NULL,'2018-10-10 19:02:03',1,'en','Retina Display','4-inch (diagonal) widescreen Fingerprint-resistant Multi-Touch display. 1136-by-640-pixel resolution at 326 ppi. 800:1 contrast ratio (typical).'),(4,2,'2018-10-10 19:02:03',NULL,'2018-10-10 19:02:03',1,'id',NULL,NULL),(5,3,'2018-10-10 19:02:03',NULL,'2018-10-10 19:02:03',1,'en','Retina Display','4-inch (diagonal) widescreen Fingerprint-resistant Multi-Touch display. 1136-by-640-pixel resolution at 326 ppi. 800:1 contrast ratio (typical).'),(6,3,'2018-10-10 19:02:03',NULL,'2018-10-10 19:02:03',1,'id',NULL,NULL),(7,4,'2018-10-10 19:02:03',NULL,'2018-10-10 19:02:03',1,'en','Retina Display','4-inch (diagonal) widescreen Fingerprint-resistant Multi-Touch display. 1136-by-640-pixel resolution at 326 ppi. 800:1 contrast ratio (typical).'),(8,4,'2018-10-10 19:02:03',NULL,'2018-10-10 19:02:03',1,'id',NULL,NULL),(9,5,'2018-10-10 19:02:03',NULL,'2018-10-10 19:02:03',1,'en','Retina Display','4-inch (diagonal) widescreen Fingerprint-resistant Multi-Touch display. 1136-by-640-pixel resolution at 326 ppi. 800:1 contrast ratio (typical).'),(10,5,'2018-10-10 19:02:03',NULL,'2018-10-10 19:02:03',1,'id',NULL,NULL),(11,6,'2018-10-22 20:53:05',NULL,'2018-12-07 17:28:12',1,'en','Wi-fi/FN ','To activate Wi-fi or can be replaced with other option'),(12,6,'2018-10-22 20:53:05',NULL,'2018-12-07 17:28:12',1,'id','Wi-fi/FN ','Mengaktifkan Wi-fi atau dapat diganti sesuai pilihan'),(13,7,'2018-10-22 20:53:05',NULL,'2018-12-07 17:28:12',1,'en','Dial','To changes Shutter speed in manual mode, or exposure compensation in P, A, S mode'),(14,7,'2018-10-22 20:53:05',NULL,'2018-12-07 17:28:12',1,'id','Dial','Mengubah Shutter speed pada mode manual, atau exposure compensation pada mode P, A, S'),(15,8,'2018-10-22 20:53:06',NULL,'2018-11-13 20:20:06',1,'en','Display Back','LCD Display Back'),(16,8,'2018-10-22 20:53:06',NULL,'2018-12-07 17:28:12',1,'id','Display Back','LCD Display Back'),(17,9,'2018-10-22 20:53:06',NULL,'2018-12-07 17:28:12',1,'en','Playback','To view photo results or access the playback menu'),(18,9,'2018-10-22 20:53:06',NULL,'2018-12-07 17:28:12',1,'id','Playback','Untuk Melihat hasil foto atau masuk menu playback'),(19,10,'2018-10-22 22:56:37',NULL,'2018-12-07 17:16:07',1,'en','Wi-fi/FN ','To activate Wi-fi or can be replaced with other option'),(20,10,'2018-10-22 22:56:37',NULL,'2018-12-07 17:16:07',1,'id','Wi-fi/FN ','Mengaktifkan Wi-fi atau dapat diganti sesuai pilihan'),(21,11,'2018-10-22 22:56:37',NULL,'2018-12-07 17:16:07',1,'en','Dial','To changes Shutter speed in manual mode, or exposure compensation in P, A, S mode'),(22,11,'2018-10-22 22:56:37',NULL,'2018-12-07 17:16:07',1,'id','Dial','Mengubah Shutter speed pada mode manual, atau exposure compensation pada mode P, A, S'),(23,12,'2018-10-22 22:56:37',NULL,'2018-12-07 17:16:07',1,'en','Built in Flash ','To pop up a built in flash'),(24,12,'2018-10-22 22:56:37',NULL,'2018-12-07 17:16:07',1,'id','Built in Flash ','Untuk memunculkan built in flash'),(25,13,'2018-10-22 22:56:37',NULL,'2018-12-07 17:16:07',1,'en','Quick Menu','To acess the quick menu, there are several settings that can be changed'),(26,13,'2018-10-22 22:56:37',NULL,'2018-12-07 17:16:07',1,'id','Quick Menu','Untuk masuk ke menu cepat, terdapat beberapa setting yang dapat diubah'),(27,14,'2018-10-22 22:56:37',NULL,'2018-12-07 17:16:07',1,'en','Aperture Dial ','To change the aperture'),(28,14,'2018-10-22 22:56:37',NULL,'2018-12-07 17:16:07',1,'id','Aperture Dial ','Untuk mengubah aperture'),(29,15,'2018-10-23 02:40:25',NULL,'2018-12-07 17:35:32',1,'en','Dial','To changes Shutter speed in manual mode, or exposure compensation in P, A, S mode'),(30,15,'2018-10-23 02:40:25',NULL,'2018-12-07 17:35:32',1,'id','Dial','Mengubah Shutter speed pada mode manual, atau exposure compensation pada mode P, A, S'),(31,16,'2018-10-23 02:40:25',NULL,'2018-12-07 17:35:32',1,'en','Wi-fi/FN ','To activate Wi-fi or can be replaced with other option'),(32,16,'2018-10-23 02:40:25',NULL,'2018-12-07 17:35:32',1,'id','Wi-fi/FN ','Mengaktifkan Wi-fi atau dapat diganti sesuai pilihan'),(33,17,'2018-10-23 02:40:25',NULL,'2018-12-07 17:35:32',1,'en','Menu','To access the menu'),(34,17,'2018-10-23 02:40:25',NULL,'2018-12-07 17:35:32',1,'id','Menu','Untuk masuk kedalam menu'),(35,18,'2018-10-23 02:40:25',NULL,'2018-12-07 17:35:32',1,'en','Aperture Dial ','To change the aperture'),(36,18,'2018-10-23 02:40:25',NULL,'2018-12-07 17:35:32',1,'id','Aperture Dial ','Untuk mengubah aperture'),(37,19,'2018-10-23 14:53:44',NULL,'2018-12-07 15:20:56',1,'en','ISO Dial ','To change ISO'),(38,19,'2018-10-23 14:53:44',NULL,'2018-12-07 15:20:56',1,'id','ISO Dial ','Untuk mengubah ISO'),(39,20,'2018-10-23 14:53:44',NULL,'2018-12-07 15:20:56',1,'en','Diopter','Settings for minus or plus eyes'),(40,20,'2018-10-23 14:53:44',NULL,'2018-12-07 15:20:56',1,'id','Diopter','Mengatur settingan untuk mata minus atau plus'),(41,21,'2018-10-23 14:53:45',NULL,'2018-12-07 15:20:56',1,'en','Drive Dial','To change drive type (Single, Continues Low, Continues High, Advance Filter, Panorama)'),(42,21,'2018-10-23 14:53:45',NULL,'2018-12-07 15:20:56',1,'id','Drive Dial','Untuk mengubah jenis drive (Single, Continues Low, Continues High, Advance Filter, Panorama)'),(43,22,'2018-10-23 14:53:45',NULL,'2018-12-07 15:23:31',1,'en','Menu and Navigasi','To access menu and to navigate, the navigation key functions can be selected in accordance with the options.'),(44,22,'2018-10-23 14:53:45',NULL,'2018-12-07 15:20:56',1,'id','Menu dan Navigasi ','untuk mengakses menu dan melakukan navigasi, fungsi tombol navigasi dapat dipilih sesuai pilihan.'),(45,23,'2018-10-23 20:54:32',NULL,'2018-12-07 15:38:45',1,'en','ISO Dial ','To change ISO'),(46,23,'2018-10-23 20:54:32',NULL,'2018-12-07 15:38:45',1,'id','ISO Dial ','Untuk mengubah ISO'),(47,24,'2018-10-23 20:54:32',NULL,'2018-12-07 15:38:45',1,'en','Diopter','Settings for minus or plus eyes'),(48,24,'2018-10-23 20:54:32',NULL,'2018-12-07 15:38:45',1,'id','Diopter','Mengatur settingan untuk mata minus atau plus'),(49,25,'2018-10-23 20:54:32',NULL,'2018-12-07 15:38:46',1,'en','Joypad','To choose menu and focus'),(50,25,'2018-10-23 20:54:32',NULL,'2018-12-07 15:38:46',1,'id','Joypad','Untuk memilih menu dan memilih focus'),(51,26,'2018-10-23 20:54:32',NULL,'2018-12-07 15:38:46',1,'en','Auto Focus Lock','To lock auto focus'),(52,26,'2018-10-23 20:54:32',NULL,'2018-12-07 15:38:46',1,'id','Auto Focus Lock','Untuk mengunci auto focus'),(53,27,'2018-10-23 20:54:32',NULL,'2018-12-07 15:38:46',1,'en','Shutter Speed ','To change the shutter speed'),(54,27,'2018-10-23 20:54:32',NULL,'2018-12-07 15:38:46',1,'id','Shutter Speed ','Untuk mengubah shutter speed'),(55,28,'2018-10-24 15:42:55',NULL,'2018-12-07 17:05:23',1,'en','Fn Dial','Key functions can be selected in accordance with the options.'),(56,28,'2018-10-24 15:42:55',NULL,'2018-12-07 17:05:23',1,'id','Fn Dial','Fungsi dial dapat ditentukan sesuai pilihan'),(57,29,'2018-10-24 15:42:55',NULL,'2018-12-07 17:05:23',1,'en','Shooting Mode Dial ','To choose the mode (Manual, Aperture Priority, Shutter Speed Priority, Program, SR+, Advance Filter, etc)'),(58,29,'2018-10-24 15:42:55',NULL,'2018-12-07 17:05:23',1,'id','Shooting Mode Dial ','Untuk memilih mode yang ingin digunakan (Manual, Aperture Priority, Shutter Speed Priority, Program, SR+, Advance Filter, dll)'),(59,30,'2018-10-24 15:42:55',NULL,'2018-12-07 17:08:12',1,'en','Shutter','To capture'),(60,30,'2018-10-24 15:42:55',NULL,'2018-12-07 17:05:23',1,'id','Shutter','Untuk mengambil gambar'),(61,31,'2018-10-24 15:42:55',NULL,'2018-12-07 17:08:12',1,'en','Diopter','Settings for minus or plus eyes'),(62,31,'2018-10-24 15:42:55',NULL,'2018-12-07 17:08:12',1,'id','Diopter','Mengatur settingan untuk mata minus atau plus'),(63,32,'2018-10-24 15:42:55',NULL,'2018-12-07 17:08:12',1,'en','View Mode','To change the display output.  Electronic View finder only, LCD only, or EVF + LCD'),(64,32,'2018-10-24 15:42:55',NULL,'2018-12-07 17:08:12',1,'id','View Mode','Untuk mengubah dimana output tampilan. Electroniv View finder only, LCD only, atau EVF + LCD'),(65,33,'2018-10-24 17:53:45',NULL,'2018-12-07 14:55:41',1,'en','ISO Dial ','To change ISO'),(66,33,'2018-10-24 17:53:45',NULL,'2018-12-07 14:45:13',1,'id','ISO Dial ','Untuk mengubah ISO'),(67,34,'2018-10-24 17:53:45',NULL,'2018-12-07 14:45:13',1,'en','Shutter Speed Dial ','To change the Shutter Speed limit'),(68,34,'2018-10-24 17:53:45',NULL,'2018-12-07 14:45:13',1,'id','Shutter Speed Dial ','Untuk mengubah batasan Shutter Speed'),(69,35,'2018-10-24 17:53:45',NULL,'2018-12-07 14:45:13',1,'en','Drive Dial','To change drive type (Single, Continues Low, Continues High, Advance Filter, Panorama)'),(70,35,'2018-10-24 17:53:45',NULL,'2018-12-07 14:45:13',1,'id','Drive Dial','Untuk mengubah jenis drive (Single, Continues Low, Continues High, Advance Filter, Panorama)'),(71,36,'2018-10-24 17:53:45',NULL,'2018-12-07 14:45:13',1,'en','Photometry','To change metering. (Spot, center, average)'),(72,36,'2018-10-24 17:53:45',NULL,'2018-12-07 14:45:13',1,'id','Photometry','Untuk mengubah metering. (Spot, center, average)'),(73,37,'2018-10-24 20:56:17',NULL,'2018-12-07 15:58:10',1,'en','Shutter Speed Dial','To change the Shutter Speed limit'),(74,37,'2018-10-24 20:56:17',NULL,'2018-12-07 15:58:11',1,'id','Shutter Speed Dial','Untuk mengubah settingan batasan shutter speed'),(75,38,'2018-10-24 20:56:17',NULL,'2018-12-07 15:58:11',1,'en','Exposure Dial ','To set exposure compensation'),(76,38,'2018-10-24 20:56:17',NULL,'2018-12-07 15:58:11',1,'id','Exposure Dial ','Untuk mengatur exposure compensation'),(77,39,'2018-10-24 20:56:18',NULL,'2018-12-07 15:58:11',1,'en','Diopter','Settings for minus or plus eyes'),(78,39,'2018-10-24 20:56:18',NULL,'2018-12-07 15:58:11',1,'id','Diopter','Mengatur settingan untuk mata minus atau plus'),(79,40,'2018-10-24 20:56:18',NULL,'2018-12-07 16:00:17',1,'en','Shutter Speed ','To change the shutter speed'),(80,40,'2018-10-24 20:56:18',NULL,'2018-12-07 15:58:11',1,'id','Shutter Speed ','Untuk mengubah shutter speed'),(81,41,'2018-10-24 20:56:18',NULL,'2018-12-07 15:58:11',1,'en','Joypad','To choose menu and focus'),(82,41,'2018-10-24 20:56:18',NULL,'2018-12-07 15:58:11',1,'id','Joypad','Untuk memilih menu dan memilih focus'),(83,42,'2018-10-25 13:03:59',NULL,'2018-12-07 16:36:38',1,'en','Drive Dial','To change drive type (Single, Continues Low, Continues High, Advance Filter, Panorama)'),(84,42,'2018-10-25 13:03:59',NULL,'2018-12-07 16:36:38',1,'id','Drive Dial','Untuk mengubah jenis drive (Single, Continues Low, Continues High, Advance Filter, Panorama'),(85,43,'2018-10-25 13:03:59',NULL,'2018-12-07 16:36:38',1,'en','Exposure Dial ','To set exposure compensation'),(86,43,'2018-10-25 13:03:59',NULL,'2018-12-07 16:36:38',1,'id','Exposure Dial ','Untuk mengatur exposure compensation'),(87,44,'2018-10-25 13:03:59',NULL,'2018-12-07 16:36:38',1,'en','Shutter Speed Dial','To change the shutter speed limit setting'),(88,44,'2018-10-25 13:03:59',NULL,'2018-12-07 16:36:38',1,'id','Shutter Speed Dial','Untuk mengubah settingan batasan shutter speed'),(89,45,'2018-10-25 13:03:59',NULL,'2018-12-07 16:36:38',1,'en','Quick menu','To access the quick menu, there are several settings that can be changed'),(90,45,'2018-10-25 13:03:59',NULL,'2018-12-07 16:36:38',1,'id','Quick menu','Untuk masuk ke menu cepat, terdapat beberapa setting yang dapat diubah'),(91,46,'2018-10-25 13:03:59',NULL,'2018-12-07 16:36:38',1,'en','Menu And Navigasi','To access menu and to navigate, the navigation key functions can be selected in accordance with the options.'),(92,46,'2018-10-25 13:03:59',NULL,'2018-12-07 16:36:38',1,'id','Menu dan Navigasi','Untuk mengakses menu dan melakukan navigasi, fungsi tombol navigasi dapat dipilih sesuai pilihan.'),(93,47,'2018-10-25 15:53:25',NULL,'2018-12-07 18:07:00',1,'en','Shooting Mode Dial ','To select the mode (Manual, Aperture Priority, Shutter Speed Priority, Program, SR +, Advance Filter, etc.)'),(94,47,'2018-10-25 15:53:25',NULL,'2018-12-07 18:07:00',1,'id','Shooting Mode Dial ','Untuk memilih mode yang ingin digunakan (Manual, Aperture Priority, Shutter Speed Priority, Program, SR+, Advance Filter, dll)'),(95,48,'2018-10-25 15:53:25',NULL,'2018-12-07 18:07:00',1,'en','Function Dial ','To change the shutter speed in manual mode, change exposure compensation in the a, s, p modes'),(96,48,'2018-10-25 15:53:25',NULL,'2018-12-07 18:07:00',1,'id','Function Dial ','Mengubah shutter speed pada mode manual, mengubah exposure compensation pada mode a, s, p'),(97,49,'2018-10-25 15:53:26',NULL,'2018-12-07 18:07:01',1,'en','Drive/Delete','Change Drive mode or delete images'),(98,49,'2018-10-25 15:53:26',NULL,'2018-12-07 18:07:01',1,'id','Drive/Delete','Mengubah Drive mode atau mengapus gambar'),(99,50,'2018-10-25 15:53:26',NULL,'2018-12-07 18:07:01',1,'en','Quick menu','To access the quick menu, there are several settings that can be changed'),(100,50,'2018-10-25 15:53:26',NULL,'2018-12-07 18:07:01',1,'id','Quick menu','Untuk masuk ke menu cepat, terdapat beberapa setting yang dapat diubah'),(101,51,'2018-10-25 15:53:26',NULL,'2018-12-07 18:07:01',1,'en','Joypad','To choose a menu and to choose focus'),(102,51,'2018-10-25 15:53:26',NULL,'2018-12-07 18:07:01',1,'id','Joypad','Untuk memilih menu dan memilih focus'),(103,52,'2018-10-26 13:43:32',NULL,'2018-12-07 18:00:22',1,'en','Shutter Speed Dial ','To change the shutter speed'),(104,52,'2018-10-26 13:43:32',NULL,'2018-12-07 18:00:22',1,'id','Shutter Speed Dial ','Untuk mengubah shutter speed'),(105,53,'2018-10-26 13:43:32',NULL,'2018-12-07 18:00:22',1,'en','Shutter','To capture'),(106,53,'2018-10-26 13:43:32',NULL,'2018-12-07 18:00:22',1,'id','Shutter','Untuk mengambil gambar'),(107,54,'2018-10-26 13:43:32',NULL,'2018-12-07 18:00:22',1,'en','Diopter','Settings for minus or plus eyes'),(108,54,'2018-10-26 13:43:32',NULL,'2018-12-07 18:00:22',1,'id','Diopter','Mengatur settingan untuk mata minus atau plus'),(109,55,'2018-10-26 13:43:32',NULL,'2018-12-07 18:00:22',1,'en','View Mode','To change the display output.  Electronic View finder only, LCD only, or EVF + LCD'),(110,55,'2018-10-26 13:43:32',NULL,'2018-12-07 18:00:22',1,'id','View Mode','Untuk mengubah dimana output tampilan. Electroniv View finder only, LCD only, atau EVF + LCD'),(111,56,'2018-10-26 17:14:41',NULL,'2018-12-07 15:46:37',1,'en','Exposure Dial ','To set exposure compensation'),(112,56,'2018-10-26 17:14:41',NULL,'2018-12-07 15:46:37',1,'id','Exposure Dial ','Untuk mengatur exposure compensation'),(113,57,'2018-10-26 17:14:41',NULL,'2018-12-07 15:46:37',1,'en','Shutter Speed Dial ','To change the Shutter Speed limit'),(114,57,'2018-10-26 17:14:41',NULL,'2018-12-07 15:46:37',1,'id','Shutter Speed Dial ','Untuk mengubah settingan batasan shutter speed'),(115,58,'2018-10-26 17:14:41',NULL,'2018-12-07 15:46:38',1,'en','Diopter','Settings for minus or plus eyes'),(116,58,'2018-10-26 17:14:41',NULL,'2018-12-07 15:46:38',1,'id','Diopter','Mengatur settingan untuk mata minus atau plus'),(117,59,'2018-10-26 17:14:41',NULL,'2018-12-07 15:46:38',1,'en','Shutter Speed','To change the shutter speed'),(118,59,'2018-10-26 17:14:41',NULL,'2018-12-07 15:46:38',1,'id','Shutter Speed','Untuk mengubah shutter speed'),(119,60,'2018-11-13 19:04:56',NULL,'2018-12-07 17:16:07',1,'en','Shooting Mode Dial','To select the mode (Manual, Aperture Priority, Shutter Speed Priority, Program, SR +, Advance Filter, etc.)'),(120,60,'2018-11-13 19:04:56',NULL,'2018-12-07 17:16:07',1,'id','Shooting Mode Dial','Untuk memilih mode yang ingin digunakan (Manual, Aperture Priority, Shutter Speed Priority, Program, SR+, Advance Filter, dll)'),(121,61,'2018-11-13 19:53:42',NULL,'2018-12-07 17:16:07',1,'en','Record','To record video'),(122,61,'2018-11-13 19:53:42',NULL,'2018-12-07 17:16:07',1,'id','Record','Untuk merekam video'),(123,62,'2018-11-13 20:11:18',NULL,'2018-12-07 17:28:12',1,'en','Shooting Mode Dial','To select the mode (Manual, Aperture Priority, Shutter Speed Priority, Program, SR +, Advance Filter, etc.)'),(124,62,'2018-11-13 20:11:18',NULL,'2018-12-07 17:28:12',1,'id','Shooting Mode Dial','Untuk memilih mode yang ingin digunakan (Manual, Aperture Priority, Shutter Speed Priority, Program, SR+, Advance Filter, dll)'),(125,63,'2018-11-13 20:15:08',NULL,'2018-12-07 17:28:12',1,'en','On / Off','Shutter Button'),(126,63,'2018-11-13 20:15:08',NULL,'2018-12-07 17:28:12',1,'id','On / Off','Tombol Shutter'),(127,64,'2018-11-13 20:22:03',NULL,'2018-12-07 17:28:12',1,'en','Aperture Dial ','To change the aperture'),(128,64,'2018-11-13 20:22:03',NULL,'2018-12-07 17:28:12',1,'id','Aperture Dial ','Untuk mengubah aperture'),(129,65,'2018-11-13 20:39:09',NULL,'2018-12-07 17:35:32',1,'en','Shooting Mode Dial','To select the mode (Manual, Aperture Priority, Shutter Speed Priority, Program, SR +, Advance Filter, etc.)'),(130,65,'2018-11-13 20:39:09',NULL,'2018-12-07 17:35:32',1,'id','Shooting Mode Dial','Untuk memilih mode yang ingin digunakan (Manual, Aperture Priority, Shutter Speed Priority, Program, SR+, Advance Filter, dll)'),(131,66,'2018-11-16 15:58:32',NULL,'2018-12-07 15:20:56',1,'en','Shutter Speed Dial','To change the Shutter Speed limit'),(132,66,'2018-11-16 15:58:32',NULL,'2018-12-07 15:20:56',1,'id','Shutter Speed Dial','Untuk mengubah settingan batasan shutter speed'),(133,67,'2018-11-16 15:58:32',NULL,'2018-12-07 15:20:56',1,'en','Shutter','To capture'),(134,67,'2018-11-16 15:58:32',NULL,'2018-12-07 15:20:56',1,'id','Shutter','Untuk mengambil gambar'),(135,68,'2018-11-16 16:02:20',NULL,'2018-12-07 15:20:56',1,'en','Exposure Compensation ','To set exposure compensation'),(136,68,'2018-11-16 16:02:20',NULL,'2018-12-07 15:20:56',1,'id','Exposure Dial ','Untuk mengatur exposure compensation'),(137,69,'2018-11-16 16:09:56',NULL,'2018-12-07 15:22:29',1,'en','Exposure Dial ','To set exposure compensation'),(138,69,'2018-11-16 16:09:56',NULL,'2018-12-07 15:20:56',1,'id','Exposure Dial ','Untuk mengatur exposure compensation'),(139,70,'2018-11-16 16:14:30',NULL,'2018-12-07 15:20:56',1,'en','Photometry','To change metering. (Spot, center, average)'),(140,70,'2018-11-16 16:14:30',NULL,'2018-12-07 15:20:56',1,'id','Photometry','Untuk mengubah metering. (Spot, center, average)'),(141,71,'2018-11-16 17:14:46',NULL,'2018-12-07 15:38:45',1,'en','Shutter Speed Dial ','To change the Shutter Speed limit'),(142,71,'2018-11-16 17:14:46',NULL,'2018-12-07 15:38:45',1,'id','Shutter Speed Dial ','Untuk mengubah settingan batasan shutter speed'),(143,72,'2018-11-16 17:14:46',NULL,'2018-12-07 15:38:45',1,'en','Exposure Dial ','To set exposure compensation'),(144,72,'2018-11-16 17:14:46',NULL,'2018-12-07 15:38:45',1,'id','Exposure Dial ','Untuk mengatur exposure compensation'),(145,73,'2018-11-16 17:14:46',NULL,'2018-12-07 15:38:45',1,'en','Shutter','To capture'),(146,73,'2018-11-16 17:14:46',NULL,'2018-12-07 15:38:45',1,'id','Shutter','Untuk mengambil gambar'),(147,74,'2018-11-16 17:24:14',NULL,'2018-12-07 15:38:46',1,'en','Drive Dial','To change drive type (Single, Continues Low, Continues High, Advance Filter, Panorama)'),(148,74,'2018-11-16 17:24:14',NULL,'2018-12-07 15:38:46',1,'id','Drive Dial','Untuk mengubah jenis drive (Single, Continues Low, Continues High, Advance Filter, Panorama)'),(149,75,'2018-11-16 19:02:01',NULL,'2018-12-07 15:58:11',1,'en','Shutter','To capture'),(150,75,'2018-11-16 19:02:01',NULL,'2018-12-07 15:58:11',1,'id','Shutter','Untuk mengambil gambar'),(151,76,'2018-11-16 19:16:16',NULL,'2018-12-07 15:58:11',1,'en','Auto focus lock','To lock auto focus'),(152,76,'2018-11-16 19:16:16',NULL,'2018-12-07 15:58:11',1,'id','Auto focus lock','Untuk mengunci auto focus'),(153,77,'2018-11-16 19:19:24',NULL,'2018-12-07 15:58:11',1,'en','View Mode','To change the display output. Electronic View finder only, LCD only, or EVF + LCD'),(154,77,'2018-11-16 19:19:24',NULL,'2018-12-07 15:58:11',1,'id','View Mode','Untuk mengubah dimana output tampilan. Electroniv View finder only, LCD only, atau EVF + LCD'),(155,78,'2018-11-16 19:41:13',NULL,'2018-12-07 17:08:12',1,'en','Shutter Speed Dial','To change the shutter speed limit setting'),(156,78,'2018-11-16 19:41:13',NULL,'2018-12-07 17:08:12',1,'id','Shutter Speed Dial','Untuk mengubah settingan shutter speed'),(157,79,'2018-11-16 19:46:48',NULL,'2018-12-07 17:08:12',1,'en','Menu and Navigasi','To access menu and to navigate'),(158,79,'2018-11-16 19:46:48',NULL,'2018-12-07 17:08:12',1,'id','Menu dan Navigasi','Untuk mengakses menu dan melakukan navigasi'),(159,80,'2018-11-16 19:56:55',NULL,'2018-12-07 14:45:13',1,'en','Shutter','To capture'),(160,80,'2018-11-16 19:56:55',NULL,'2018-12-07 14:45:13',1,'id','Shutter','Untuk mengambil gambar'),(161,81,'2018-11-16 19:56:55',NULL,'2018-12-07 14:45:13',1,'en','Exposure Compensation','To set exposure compensation'),(162,81,'2018-11-16 19:56:55',NULL,'2018-12-07 14:45:13',1,'id','Exposure Compensation','Untuk mensetting exposure compensation'),(163,82,'2018-11-16 20:01:55',NULL,'2018-12-20 18:53:50',1,'en','Menu and Navigasi','to access menu and to navigate, the navigation key functions can be selected in accordance with the options.'),(164,82,'2018-11-16 20:01:55',NULL,'2018-12-07 14:57:43',1,'id','Menu dan Navigasi','Untuk mengakses menu dan melakukan navigasi'),(165,83,'2018-11-16 20:01:55',NULL,'2018-12-07 14:45:13',1,'en','Shutter Speed ','To change the shutter speed'),(166,83,'2018-11-16 20:01:55',NULL,'2018-12-07 14:45:13',1,'id','Shutter Speed ','Untuk mengubah shutter speed'),(167,84,'2018-11-16 20:13:54',NULL,'2018-12-07 16:36:38',1,'en','Shutter Speed Dial','To change the shutter speed limit setting'),(168,84,'2018-11-16 20:13:54',NULL,'2018-12-07 16:36:38',1,'id','Shutter Speed Dial','Untuk mengubah settingan batasan shutter speed'),(169,85,'2018-11-16 20:13:54',NULL,'2018-12-07 16:36:38',1,'en','Shutter','To capture'),(170,85,'2018-11-16 20:13:54',NULL,'2018-12-07 16:36:38',1,'id','Shutter','Untuk mengambil gambar'),(171,86,'2018-11-16 20:21:50',NULL,'2018-12-07 16:38:50',1,'en','Diopter','Settings for minus or plus eyes'),(172,86,'2018-11-16 20:21:50',NULL,'2018-12-07 16:38:50',1,'id','Diopter','Mengatur settingan untuk mata minus atau plus'),(173,87,'2018-11-16 20:30:36',NULL,'2018-12-07 15:46:37',1,'en','Shutter','To capture'),(174,87,'2018-11-16 20:30:36',NULL,'2018-12-07 15:46:37',1,'id','Shutter','Untuk mengambil gambar'),(175,88,'2018-11-16 20:35:36',NULL,'2018-12-07 15:46:38',1,'en','Quick menu','To access the quick menu, there are several settings that can be changed'),(176,88,'2018-11-16 20:35:36',NULL,'2018-12-07 15:46:38',1,'id','Quick menu','Untuk masuk ke menu cepat, terdapat beberapa setting yang dapat diubah'),(177,89,'2018-11-16 20:46:36',NULL,'2018-12-07 18:07:00',1,'en','Shutter','To capture'),(178,89,'2018-11-16 20:46:36',NULL,'2018-12-07 18:07:00',1,'id','Shutter','Untuk mengambil gambar'),(179,90,'2018-11-16 20:56:08',NULL,'2018-12-07 18:00:22',1,'en','Exposure Dial','Set exposure compensation'),(180,90,'2018-11-16 20:56:08',NULL,'2018-12-07 18:00:22',1,'id','Exposure Dial','Mengatur exposure compensation'),(181,91,'2018-11-16 20:56:08',NULL,'2018-12-07 18:00:22',1,'en','Aperture Ring','To change the aperture'),(182,91,'2018-11-16 20:56:08',NULL,'2018-12-07 18:00:22',1,'id','Aperture Ring','Untuk mengubah aperture'),(183,92,'2018-11-16 21:01:39',NULL,'2018-12-07 18:00:22',1,'en','Shutter Speed Dial','To change the shutter speed'),(184,92,'2018-11-16 21:01:39',NULL,'2018-12-07 18:00:22',1,'id','Shutter Speed Dial','Untuk mengubah settingan batasan shutter speed'),(185,93,'2018-11-16 21:01:39',NULL,'2018-12-07 18:00:22',1,'en','Menu and Navigasi','To access menu and to navigate, key functions can be selected in accordance with the options.'),(186,93,'2018-11-16 21:01:39',NULL,'2018-12-07 18:00:22',1,'id','Menu dan Navigasi','Untuk mengakses menu dan melakukan navigasi, fungsi tombol navigasi dapat dipilih sesuai pilihan.'),(187,94,'2018-11-16 21:01:39',NULL,'2018-12-07 18:00:22',1,'en','Joypad','To choose menu and focus'),(188,94,'2018-11-16 21:01:39',NULL,'2018-12-07 18:00:22',1,'id','Joypad','Untuk memilih menu dan memilih focus'),(189,95,'2018-12-04 03:00:47',NULL,'2018-12-07 17:35:32',1,'en','Quick menu','To acess the quick menu, there are several settings that can be changed'),(190,95,'2018-12-04 03:00:47',NULL,'2018-12-07 17:35:32',1,'id','Quick menu','Untuk masuk ke menu cepat, terdapat beberapa setting yang dapat diubah'),(191,96,'2019-01-08 16:13:52',NULL,'2019-01-08 16:13:52',1,'en','lorem ipsum','lorem ipsum'),(192,96,'2019-01-08 16:13:52',NULL,'2019-01-08 16:13:52',1,'id',NULL,NULL);

--
-- Table structure for table `default_repeater_x_photographer_gallery`
--

CREATE TABLE `default_repeater_x_photographer_gallery` (
  `id` int(10) unsigned NOT NULL AUTO_INCREMENT,
  `sort_order` int(11) DEFAULT NULL,
  `created_at` datetime NOT NULL,
  `created_by_id` int(11) DEFAULT NULL,
  `updated_at` datetime DEFAULT NULL,
  `updated_by_id` int(11) DEFAULT NULL,
  `photographer_gallery_id` int(11) NOT NULL,
  `photographer_gallery_data` text COLLATE utf8_unicode_ci,
  PRIMARY KEY (`id`)
) ENGINE=MyISAM AUTO_INCREMENT=7 DEFAULT CHARSET=utf8 COLLATE=utf8_unicode_ci;

--
-- Dumping data for table `default_repeater_x_photographer_gallery`
--

INSERT INTO `default_repeater_x_photographer_gallery` VALUES (1,1,'2018-11-02 16:11:56',1,'2019-01-11 14:32:57',1,963,'{\"x\":0,\"y\":0,\"width\":280,\"height\":212}'),(2,2,'2018-11-02 16:11:56',1,'2019-01-11 14:32:57',1,964,'{\"x\":0,\"y\":0,\"width\":280,\"height\":212}'),(3,3,'2018-11-23 22:27:26',1,'2019-01-11 14:33:22',1,969,'{\"x\":0,\"y\":0,\"width\":280,\"height\":212}'),(4,4,'2018-11-23 22:27:26',1,'2019-01-11 14:33:22',1,970,'{\"x\":0,\"y\":41,\"width\":794,\"height\":599}'),(5,5,'2018-11-23 22:31:01',1,'2019-01-11 14:33:35',1,974,'{\"x\":0,\"y\":0,\"width\":280,\"height\":212}'),(6,6,'2018-11-23 22:31:01',1,'2019-01-11 14:33:35',1,975,'{\"x\":0,\"y\":0,\"width\":280,\"height\":212}');

--
-- Table structure for table `default_repeater_x_photographer_gallery_translations`
--

CREATE TABLE `default_repeater_x_photographer_gallery_translations` (
  `id` int(10) unsigned NOT NULL AUTO_INCREMENT,
  `entry_id` int(11) NOT NULL,
  `created_at` datetime NOT NULL,
  `created_by_id` int(11) DEFAULT NULL,
  `updated_at` datetime DEFAULT NULL,
  `updated_by_id` int(11) DEFAULT NULL,
  `locale` varchar(255) COLLATE utf8_unicode_ci NOT NULL,
  PRIMARY KEY (`id`),
  KEY `repeater_x_photographer_gallery_translations_locale_index` (`locale`)
) ENGINE=MyISAM AUTO_INCREMENT=7 DEFAULT CHARSET=utf8 COLLATE=utf8_unicode_ci;

--
-- Dumping data for table `default_repeater_x_photographer_gallery_translations`
--

INSERT INTO `default_repeater_x_photographer_gallery_translations` VALUES (1,1,'2018-11-02 16:11:56',NULL,'2018-11-02 16:11:56',1,'en'),(2,2,'2018-11-02 16:11:56',NULL,'2018-11-02 16:11:56',1,'en'),(3,3,'2018-11-23 22:27:26',NULL,'2018-11-23 22:27:26',1,'en'),(4,4,'2018-11-23 22:27:26',NULL,'2018-11-23 22:27:26',1,'en'),(5,5,'2018-11-23 22:31:01',NULL,'2018-11-23 22:31:01',1,'en'),(6,6,'2018-11-23 22:31:01',NULL,'2018-11-23 22:31:01',1,'en');

--
-- Table structure for table `default_service_support_banners`
--

CREATE TABLE `default_service_support_banners` (
  `id` int(10) unsigned NOT NULL AUTO_INCREMENT,
  `sort_order` int(11) DEFAULT NULL,
  `created_at` datetime NOT NULL,
  `created_by_id` int(11) DEFAULT NULL,
  `updated_at` datetime DEFAULT NULL,
  `updated_by_id` int(11) DEFAULT NULL,
  `image_id` int(11) NOT NULL,
  `image_data` text COLLATE utf8_unicode_ci,
  PRIMARY KEY (`id`)
) ENGINE=MyISAM AUTO_INCREMENT=2 DEFAULT CHARSET=utf8 COLLATE=utf8_unicode_ci;

--
-- Dumping data for table `default_service_support_banners`
--

INSERT INTO `default_service_support_banners` VALUES (1,1,'2018-11-01 17:20:17',1,'2018-12-13 16:27:31',1,1129,'{\"x\":0,\"y\":0,\"width\":1366,\"height\":258}');

--
-- Table structure for table `default_service_support_banners_translations`
--

CREATE TABLE `default_service_support_banners_translations` (
  `id` int(10) unsigned NOT NULL AUTO_INCREMENT,
  `entry_id` int(11) NOT NULL,
  `created_at` datetime NOT NULL,
  `created_by_id` int(11) DEFAULT NULL,
  `updated_at` datetime DEFAULT NULL,
  `updated_by_id` int(11) DEFAULT NULL,
  `locale` varchar(255) COLLATE utf8_unicode_ci NOT NULL,
  `title` varchar(100) COLLATE utf8_unicode_ci DEFAULT NULL,
  `short_description` varchar(255) COLLATE utf8_unicode_ci DEFAULT NULL,
  PRIMARY KEY (`id`),
  KEY `service_support_banners_translations_locale_index` (`locale`)
) ENGINE=MyISAM AUTO_INCREMENT=3 DEFAULT CHARSET=utf8 COLLATE=utf8_unicode_ci;

--
-- Dumping data for table `default_service_support_banners_translations`
--

INSERT INTO `default_service_support_banners_translations` VALUES (1,1,'2018-11-01 17:20:17',NULL,'2018-12-12 20:47:51',1,'en','Service Center','Find Fujifilm Authorized Service Center nearby your location'),(2,1,'2018-11-01 17:20:17',NULL,'2020-02-05 11:13:06',1,'id','Pusat Layanan','Temukan Service Resmi Fujifilm Terdekat');

--
-- Table structure for table `default_service_support_service_center`
--

CREATE TABLE `default_service_support_service_center` (
  `id` int(10) unsigned NOT NULL AUTO_INCREMENT,
  `sort_order` int(11) DEFAULT NULL,
  `created_at` datetime NOT NULL,
  `created_by_id` int(11) DEFAULT NULL,
  `updated_at` datetime DEFAULT NULL,
  `updated_by_id` int(11) DEFAULT NULL,
  `name` varchar(100) COLLATE utf8_unicode_ci NOT NULL,
  `slug` varchar(255) COLLATE utf8_unicode_ci NOT NULL,
  `address` varchar(255) COLLATE utf8_unicode_ci NOT NULL,
  `phone` varchar(50) COLLATE utf8_unicode_ci NOT NULL,
  `fax` varchar(50) COLLATE utf8_unicode_ci NOT NULL,
  `operational_hour` varchar(20) COLLATE utf8_unicode_ci NOT NULL,
  `is_enabled` tinyint(1) DEFAULT '0',
  PRIMARY KEY (`id`),
  UNIQUE KEY `1a5b1e4daae265b790965a275b53ae50` (`slug`)
) ENGINE=MyISAM AUTO_INCREMENT=8 DEFAULT CHARSET=utf8 COLLATE=utf8_unicode_ci;

--
-- Dumping data for table `default_service_support_service_center`
--

INSERT INTO `default_service_support_service_center` VALUES (4,2,'2018-11-23 22:52:05',1,'2020-12-04 20:29:09',1,'Surabaya','surabaya','Jl. Tegalsari No 2D RT004/RW01 (depan Boncafe) Kedungdoro, Tegalsari, Surabaya,  Jawa Timur 60261','031-5317004 <br> 031-5341827','-','Dealer/Service Point',1),(3,1,'2018-11-23 22:50:33',1,'2020-12-04 20:23:20',1,'Jakarta','jakarta','88@KASABLANKA BUILDING Tower A, 36th Floor      Jl. Casablanca Raya Kav. 88          Jakarta Selatan 12870','021-21282182','021-21282183','Dealer/Service Point',1),(5,3,'2018-11-23 22:52:58',1,'2020-12-04 20:29:33',1,'Yogyakarta','yogyakarta','YAP Square Blok A3 Jl. C Simanjuntak No. 2 Terban, Yogyakarta 55223','0274-550992','-','Dealer/Service Point',1),(6,4,'2018-11-23 22:53:46',1,'2020-07-17 09:42:28',1,'Bandung','bandung','Menara BRI Bandung lantai 11 Jl. Asia Afrika No. 57-59 Bandung 40111','022-4265011','-','09:00 – 17:30 WIB',0),(7,5,'2018-11-23 22:54:24',1,'2020-12-04 20:30:01',1,'Makassar','makassar','Jl. AP Pettari No. 18 Blok A4, Makasaar','0411-4091381','-','Dealer/Service Point',1);

--
-- Table structure for table `default_service_support_service_center_translations`
--

CREATE TABLE `default_service_support_service_center_translations` (
  `id` int(10) unsigned NOT NULL AUTO_INCREMENT,
  `entry_id` int(11) NOT NULL,
  `created_at` datetime NOT NULL,
  `created_by_id` int(11) DEFAULT NULL,
  `updated_at` datetime DEFAULT NULL,
  `updated_by_id` int(11) DEFAULT NULL,
  `locale` varchar(255) COLLATE utf8_unicode_ci NOT NULL,
  `operational_day` varchar(50) COLLATE utf8_unicode_ci DEFAULT NULL,
  PRIMARY KEY (`id`),
  KEY `service_support_service_center_translations_locale_index` (`locale`)
) ENGINE=MyISAM AUTO_INCREMENT=13 DEFAULT CHARSET=utf8 COLLATE=utf8_unicode_ci;

--
-- Dumping data for table `default_service_support_service_center_translations`
--

INSERT INTO `default_service_support_service_center_translations` VALUES (5,5,'2018-11-23 22:52:58',NULL,'2020-12-10 13:46:43',1,'en','Temporary Closed. Service Registration switched to'),(4,4,'2018-11-23 22:52:05',NULL,'2018-12-17 16:30:37',1,'en','Monday - Friday <br> *Except for holidays'),(3,3,'2018-11-23 22:50:33',NULL,'2020-12-10 13:45:36',1,'en','Temporary Closed. Service Registration switched to'),(6,6,'2018-11-23 22:53:46',NULL,'2018-12-17 16:37:30',1,'en','Monday - Friday <br> *Except for holidays'),(7,7,'2018-11-23 22:54:24',NULL,'2020-12-10 13:47:38',1,'en','Temporary Closed. Service Registration switched to'),(8,3,'2018-12-10 18:05:00',NULL,'2020-12-04 20:23:20',1,'id','Tutup sementara. After Sales dialihkan melalui'),(9,4,'2018-12-10 18:46:17',NULL,'2020-12-10 13:46:14',1,'id','Temporary Closed. Service Registration switched to'),(10,5,'2018-12-10 18:48:04',NULL,'2020-12-04 20:29:33',1,'id','Tutup sementara. After Sales dialihkan melalui'),(11,6,'2018-12-10 18:48:33',NULL,'2018-12-17 16:37:30',1,'id','Senin - Jumat <br> *Kecuali hari libur'),(12,7,'2018-12-10 18:48:54',NULL,'2020-12-04 20:30:01',1,'id','Tutup sementara. After Sales dialihkan melalui');

--
-- Table structure for table `default_sessions`
--

CREATE TABLE `default_sessions` (
  `id` varchar(255) COLLATE utf8_unicode_ci NOT NULL,
  `user_id` int(10) unsigned DEFAULT NULL,
  `ip_address` varchar(45) COLLATE utf8_unicode_ci DEFAULT NULL,
  `user_agent` text COLLATE utf8_unicode_ci,
  `payload` text COLLATE utf8_unicode_ci NOT NULL,
  `last_activity` int(11) NOT NULL,
  UNIQUE KEY `sessions_id_unique` (`id`)
) ENGINE=InnoDB DEFAULT CHARSET=utf8 COLLATE=utf8_unicode_ci;

--
-- Dumping data for table `default_sessions`
--


--
-- Table structure for table `default_so_bundling`
--

CREATE TABLE `default_so_bundling` (
  `id` int(10) unsigned NOT NULL AUTO_INCREMENT,
  `sort_order` int(11) DEFAULT NULL,
  `created_at` datetime NOT NULL,
  `created_by_id` int(11) DEFAULT NULL,
  `updated_at` datetime DEFAULT NULL,
  `updated_by_id` int(11) DEFAULT NULL,
  `name` varchar(255) COLLATE utf8_unicode_ci NOT NULL,
  `slug` varchar(255) COLLATE utf8_unicode_ci NOT NULL,
  `bundling_image_id` int(11) NOT NULL,
  `bundling_image_data` text COLLATE utf8_unicode_ci,
  `price` int(11) NOT NULL,
  `is_enabled` tinyint(1) DEFAULT '0',
  `special_offer_id` int(11) NOT NULL,
  `quantity` int(11) NOT NULL,
  PRIMARY KEY (`id`),
  UNIQUE KEY `c5ff2543b53f4cc0ad3819a36752467b` (`slug`)
) ENGINE=MyISAM AUTO_INCREMENT=15 DEFAULT CHARSET=utf8 COLLATE=utf8_unicode_ci;

--
-- Dumping data for table `default_so_bundling`
--

INSERT INTO `default_so_bundling` VALUES (1,1,'2018-10-16 20:09:02',1,'2018-11-23 21:47:50',1,'X-T20 + Leather case','x-t20-leather-case',82,'{\"x\":0,\"y\":0,\"width\":211,\"height\":149}',20000000,0,1,1),(2,2,'2018-11-09 13:48:29',1,'2018-11-23 21:47:48',1,'Bundling 2','bundling-2',82,'{\"x\":0,\"y\":0,\"width\":211,\"height\":149}',12000000,0,1,10),(3,3,'2018-11-19 19:06:10',1,'2018-11-26 11:00:28',1,'GFX50R BODY ONLY','gfx50r-body-only',938,'{\"x\":0,\"y\":0,\"width\":389,\"height\":275}',69999000,1,2,0),(4,4,'2018-11-21 12:50:46',1,'2018-11-26 10:09:41',1,'GFX50R + GF63MM F2.8 R WR','gfx50r-gf63mm-f2-8-r-wr',945,'{\"x\":0,\"y\":0,\"width\":389,\"height\":275}',79999000,1,2,0),(5,5,'2018-11-21 14:01:11',1,'2018-11-26 11:02:31',1,'GFX50R + GF45MM F2.8 R WR','gfx50r-gf45mm-f2-8-r-wr',946,'{\"x\":0,\"y\":0,\"width\":389,\"height\":275}',82999000,1,2,0),(6,6,'2018-11-21 14:08:07',1,'2018-11-26 10:54:44',1,'GFX50R + GF23MM F4 R LM WR','gfx50r-gf23mm-f4-r-lm-wr',947,'{\"x\":0,\"y\":0,\"width\":389,\"height\":275}',91999000,1,2,0),(7,7,'2018-11-21 14:10:40',1,'2018-11-26 17:24:14',1,'XF 8-16MM F2.8 R LM WR','xf-8-16mm-f2-8-r-lm-wr',948,'{\"x\":0,\"y\":0,\"width\":389,\"height\":275}',26999000,1,2,25),(8,8,'2018-11-21 14:19:19',1,'2018-11-26 10:45:56',1,'XF 200MM F2 OIS WR','xf-200mm-f2-ois-wr',949,'{\"x\":0,\"y\":0,\"width\":389,\"height\":275}',82999000,1,2,8),(9,9,'2019-11-14 14:57:06',1,'2019-11-20 14:10:42',1,'X-T20','xt20',82,'{\"x\":0,\"y\":0,\"width\":211,\"height\":149}',2000000,1,3,1),(10,10,'2019-11-21 10:15:46',1,'2019-11-24 13:19:47',1,'X-Pro3 Black Body Only','x-pro3-black-body-only',2021,'{\"x\":0,\"y\":0,\"width\":389,\"height\":275}',27999000,1,4,0),(11,11,'2019-11-21 10:18:57',1,'2019-11-25 23:11:41',1,'X-Pro3 Dura Black Body Only ','x-pro3-dura-black-body-only',2022,'{\"x\":0,\"y\":0,\"width\":389,\"height\":275}',30999000,1,4,8),(12,12,'2019-11-21 10:19:58',1,'2019-11-25 23:30:47',1,'X-Pro3 Dura Silver Body Only ','x-pro3-dura-silver-body-only',2023,'{\"x\":0,\"y\":0,\"width\":389,\"height\":275}',30999000,1,4,22),(13,13,'2020-02-20 18:31:49',1,'2020-02-24 14:44:05',1,'X100V Silver','x100v-silver',2056,'{\"x\":0,\"y\":0,\"width\":388,\"height\":275}',21999000,1,5,0),(14,14,'2020-09-23 11:09:33',1,'2020-09-25 11:04:04',1,'XF50mm F1.0 R WR','xf50mm-f1-0-r-wr',2073,'{\"x\":104,\"y\":0,\"width\":3254,\"height\":2308}',23499000,1,6,0);

--
-- Table structure for table `default_so_bundling_translations`
--

CREATE TABLE `default_so_bundling_translations` (
  `id` int(10) unsigned NOT NULL AUTO_INCREMENT,
  `entry_id` int(11) NOT NULL,
  `created_at` datetime NOT NULL,
  `created_by_id` int(11) DEFAULT NULL,
  `updated_at` datetime DEFAULT NULL,
  `updated_by_id` int(11) DEFAULT NULL,
  `locale` varchar(255) COLLATE utf8_unicode_ci NOT NULL,
  `bundling_info` text COLLATE utf8_unicode_ci,
  `bundling_form_information_1` text COLLATE utf8_unicode_ci,
  `bundling_form_information_2` text COLLATE utf8_unicode_ci,
  PRIMARY KEY (`id`),
  KEY `so_bundling_translations_locale_index` (`locale`)
) ENGINE=MyISAM AUTO_INCREMENT=29 DEFAULT CHARSET=utf8 COLLATE=utf8_unicode_ci;

--
-- Dumping data for table `default_so_bundling_translations`
--

INSERT INTO `default_so_bundling_translations` VALUES (1,1,'2018-10-16 20:09:02',NULL,'2018-11-08 17:52:22',1,'en','<ol>\r\n  <li>This is Photoshop\'s version  of Lorem Ipsum. Proin gravida nibh vel velit auctor aliquet.</li>\r\n  <li>\r\n     Aenean sollicitudin, lorem quis bibendum auctor, nisi elit consequat ipsum, nec sagittis sem nibh id elit. Duis sed odio\r\n  </li>\r\n  <li>sit amet nibh vulputate cursus a sit amet mauris. Morbi</li>\r\n  <li>accumsan ipsum velit. Nam nec tellus a odio tincidunt</li>\r\n  <li>auctor a ornare odio. Sed non  mauris vitae erat consequat auctor eu in elit.</li>\r\n</ol>','Sed non neque elit. Sed ut imperdiet nisi. Proin condimentum fermentum nunc. \r\nEtiam pharetra, erat sed fermentum feugiat, velit mauris egestas quam, ut aliquam massa nisl quis neque. Suspendisse in orci enim.','Etiam pharetra, erat sed fermentum feugiat, velit mauris egestas quam, ut aliquam massa nisl quis neque.'),(2,1,'2018-10-16 20:09:02',NULL,'2018-10-16 20:09:02',1,'id',NULL,NULL,NULL),(3,2,'2018-11-09 13:48:29',NULL,'2018-11-09 13:48:29',1,'en','<p>Bundling Info</p>','Bundling Form Info 1','Bundling Form Info 2'),(4,2,'2018-11-09 13:48:29',NULL,'2018-11-09 13:48:29',1,'id',NULL,NULL,NULL),(5,3,'2018-11-19 19:06:10',NULL,'2018-11-21 19:38:39',1,'en','<ol><li>2 pcs SD Card Toshiba Exceria Pro 32GB UHS-II</li><li>1 x Permanent License Capture One Pro Fujifilm</li></ol>','Please fill the form bellow with your valid information\r\n','Choose your dealer'),(6,3,'2018-11-19 19:06:10',NULL,'2019-01-11 11:31:05',1,'id','<ol><li>2 pcs SD Card Toshiba Exceria Pro 32GB UHS-II</li><li>1 x Permanent License Capture One Pro Fujifilm</li></ol>','Please fill the form bellow with your valid information','Choose your dealer'),(7,4,'2018-11-21 12:50:46',NULL,'2018-11-21 19:34:09',1,'en','<ol><li>2 pcs SD Card Toshiba Exceria Pro 32GB UHS-II</li><li>1 x Permanent License Capture One Pro Fujifilm</li></ol>','Please fill the form bellow with your valid information\r\n','Choose your dealer'),(8,4,'2018-11-21 12:50:46',NULL,'2019-01-11 11:31:39',1,'id','<ol><li>2 pcs SD Card Toshiba Exceria Pro 32GB UHS-II</li><li>1 x Permanent License Capture One Pro Fujifilm</li></ol>','Please fill the form bellow with your valid information\r\n','Choose your dealer'),(9,5,'2018-11-21 14:01:11',NULL,'2018-11-21 19:38:59',1,'en','<ol><li>2 pcs SD Card Toshiba Exceria Pro 32GB UHS-II</li><li>1 x Permanent License Capture One Pro Fujifilm</li></ol>','Please fill the form bellow with your valid information\r\n','Choose your dealer'),(10,5,'2018-11-21 14:01:11',NULL,'2019-01-11 11:32:12',1,'id','<ol><li>2 pcs SD Card Toshiba Exceria Pro 32GB UHS-II</li><li>1 x Permanent License Capture One Pro Fujifilm</li></ol>','Please fill the form bellow with your valid information\r\n','Choose your dealer'),(11,6,'2018-11-21 14:08:07',NULL,'2018-11-21 19:39:20',1,'en','<ol><li>&nbsp;2 pcs SD Card Toshiba Exceria Pro 32GB UHS-II</li><li>1 x Permanent License Capture One Pro Fujifilm&nbsp;</li></ol>','Please fill the form bellow with your valid information\r\n','Choose your dealer\r\n'),(12,6,'2018-11-21 14:08:07',NULL,'2019-01-11 11:32:50',1,'id','<ol><li>&nbsp;2 pcs SD Card Toshiba Exceria Pro 32GB UHS-II</li><li>1 x Permanent License Capture One Pro Fujifilm&nbsp;</li></ol>','Please fill the form bellow with your valid information\r\n','Choose your dealer\r\n'),(13,7,'2018-11-21 14:10:40',NULL,'2018-11-21 14:10:40',1,'en','<p>-</p>','Please fill the form bellow with your valid information\r\n','Choose your dealer\r\n'),(14,7,'2018-11-21 14:10:40',NULL,'2019-01-11 11:33:12',1,'id',NULL,'Please fill the form bellow with your valid information\r\n','Choose your dealer\r\n'),(15,8,'2018-11-21 14:19:19',NULL,'2018-11-21 19:39:53',1,'en','<ol><li>XF TC 1.4x F2 WR</li></ol>','Please fill the form bellow with your valid information\r\n','Choose your dealer\r\n'),(16,8,'2018-11-21 14:19:19',NULL,'2019-01-11 11:38:28',1,'id','<ol><li>XF TC 1.4x F2 WR</li></ol>','Please fill the form bellow with your valid information\r\n','Choose your dealer\r\n'),(17,9,'2019-11-14 14:57:06',NULL,'2019-11-14 16:17:53',1,'en','<p>Lorem ipsum dolor sit amet, consectetur adipiscing elit, sed do eiusmod tempor incididunt ut labore et dolore magna aliqua. Ut enim ad minim veniam, quis nostrud exercitation ullamco laboris nisi ut aliquip ex ea commodo consequat. Duis aute irure dolor in reprehenderit in voluptate velit esse cillum dolore eu fugiat nulla pariatur. Excepteur sint occaecat cupidatat non proident, sunt in culpa qui officia deserunt mollit anim id est laborum.</p>','Special Offer Preview\r\n',NULL),(18,9,'2019-11-14 14:57:06',NULL,'2019-11-14 14:57:06',1,'id',NULL,NULL,NULL),(19,10,'2019-11-21 10:15:46',NULL,'2019-11-21 10:15:46',1,'en','<p>The luxurious black body has been the traditional finish of the “X-Pro” series since 2011. Its sleek appearance is indicative of the camera’s potential. The combination of titanium and the painted finish will age beautifully to add to the camera’s appeal, highlighting its robust yet understated style.</p>','Fill the form we provide with your valid information.',NULL),(20,10,'2019-11-21 10:15:46',NULL,'2019-11-21 10:15:46',1,'id',NULL,NULL,NULL),(21,11,'2019-11-21 10:18:57',NULL,'2019-11-21 10:18:57',1,'en','<p>The DR Black colour is a combination of the bare titanium texture coupled with a dark finish that creates a unique look with a commanding aura. This gives the camera an elegance never before seen on a camera.</p>','Fill the form we provide with your valid information.',NULL),(22,11,'2019-11-21 10:18:57',NULL,'2019-11-21 10:18:57',1,'id',NULL,NULL,NULL),(23,12,'2019-11-21 10:19:58',NULL,'2019-11-21 10:19:58',1,'en','<p>DR Silver keeps the natural titanium color, showing the beautiful contrast of highlights and shadows in harmony with the camera’s elegant design. The application of Duratect&trade; preserves the finish forever.</p>','Fill the form we provide with your valid information.',NULL),(24,12,'2019-11-21 10:19:58',NULL,'2019-11-21 10:19:58',1,'id',NULL,NULL,NULL),(25,13,'2020-02-20 18:31:49',NULL,'2020-02-20 18:31:49',1,'en',NULL,NULL,NULL),(26,13,'2020-02-20 18:31:49',NULL,'2020-02-20 21:00:41',1,'id','<p>Inside the special packaging box:<br>- X100V<br>- Leather Case X100V Black<br>- Flash EF-X20<br>- Battery NP-W126S 2 pcs<br>- 2 Years Warranty Card</p>','X100V First 100th Edition',NULL),(27,14,'2020-09-23 11:09:33',NULL,'2020-09-23 11:09:33',1,'en',NULL,NULL,NULL),(28,14,'2020-09-23 11:09:33',NULL,'2020-09-24 13:40:11',1,'id','<p>Lens Fujinon XF50mmF1.0 R WR<br></p>','Pre-Order Fujinon XF50mmF1.0 R WR',NULL);

--
-- Table structure for table `default_so_order_data`
--

CREATE TABLE `default_so_order_data` (
  `id` int(10) unsigned NOT NULL AUTO_INCREMENT,
  `sort_order` int(11) DEFAULT NULL,
  `created_at` datetime NOT NULL,
  `created_by_id` int(11) DEFAULT NULL,
  `updated_at` datetime DEFAULT NULL,
  `updated_by_id` int(11) DEFAULT NULL,
  `full_name` varchar(100) COLLATE utf8_unicode_ci NOT NULL,
  `city_id` int(11) NOT NULL,
  `email` varchar(255) COLLATE utf8_unicode_ci NOT NULL,
  `phone_number` varchar(20) COLLATE utf8_unicode_ci NOT NULL,
  `address` varchar(255) COLLATE utf8_unicode_ci NOT NULL,
  `id_type` varchar(255) COLLATE utf8_unicode_ci NOT NULL,
  `id_number` varchar(20) COLLATE utf8_unicode_ci NOT NULL,
  `dealer_id` int(11) NOT NULL,
  `special_offer_id` int(11) NOT NULL,
  `bundling_id` int(11) NOT NULL,
  `voucher_code` varchar(6) COLLATE utf8_unicode_ci NOT NULL,
  `paid_status` varchar(255) COLLATE utf8_unicode_ci NOT NULL DEFAULT 'c',
  `identity_image_data` text COLLATE utf8_unicode_ci,
  `voucher_image_data` text COLLATE utf8_unicode_ci,
  `payment_image_data` text COLLATE utf8_unicode_ci,
  `identity_image_id` int(11) NOT NULL,
  `voucher_image_id` int(11) NOT NULL,
  `payment_image_id` int(11) NOT NULL,
  PRIMARY KEY (`id`),
  UNIQUE KEY `877a9ba7a98f75b90a9d49f53f15a858` (`voucher_code`)
) ENGINE=MyISAM AUTO_INCREMENT=544 DEFAULT CHARSET=utf8 COLLATE=utf8_unicode_ci;

--
-- Dumping data for table `default_so_order_data`
--

INSERT INTO `default_so_order_data` VALUES (158,4,'2018-11-26 10:06:36',NULL,'2018-11-26 10:06:36',NULL,'Davy Linggar',7,'davylinggar@yahoo.com','0811892526','Jakarta','ktp','3174010807740004',91,2,5,'0HKVAV','c',NULL,NULL,NULL,0,0,0),(157,3,'2018-11-26 10:05:29',NULL,'2018-11-26 10:05:29',NULL,'Ganesh',7,'ganesh.aryadipta@gmail.com','081212231996','Jakarta','ktp','3175010807740004',91,2,6,'WFHPN3','c',NULL,NULL,NULL,0,0,0),(156,2,'2018-11-26 10:04:59',NULL,'2018-11-26 10:04:59',NULL,'Rifai Lubis',13,'rifailubis1309@gmail.com','082272690822','Medan','ktp','1218022807980007',107,2,7,'JRN12U','c',NULL,NULL,NULL,0,0,0),(155,1,'2018-11-26 10:04:09',NULL,'2018-11-26 10:04:09',NULL,'Husni Heron',7,'husniheron@gmail.com','0817111027','Jakarta','ktp','3174052710640008',91,2,4,'47YGFU','c',NULL,NULL,NULL,0,0,0),(159,5,'2018-11-26 10:08:22',NULL,'2018-11-26 10:08:22',NULL,'Maspul Dendi Soemantri',7,'dendi.eragroup@gmail.com','0817827111','Jl Budi Mulia Pademangan Jakarta','ktp','31742051103820002',91,2,5,'XABIWF','c',NULL,NULL,NULL,0,0,0),(160,6,'2018-11-26 10:08:35',NULL,'2018-11-26 10:08:35',NULL,'Daniel Arai',20,'daniel.arai@gmail.com','08121700737','Jl Pemuda 136 RT/RW 02/02 Ardirejo Situbondo','ktp','3512081002820002',112,2,5,'3CIS2S','c',NULL,NULL,NULL,0,0,0),(161,7,'2018-11-26 10:08:36',NULL,'2018-11-26 10:08:36',NULL,'Rusli',20,'rusli.rda@gmail.com','08315886665','villa bukit mas blok N/10','ktp','3578212003660003',112,2,7,'MSPIFT','c',NULL,NULL,NULL,0,0,0),(162,8,'2018-11-26 10:09:41',NULL,'2018-11-26 10:09:41',NULL,'Harli Yanto',7,'andrewtaswin@gmail.com','0811890023','Garden Marble 1 No 50, Penjaringan','ktp','3173061409650008',91,2,4,'TR2HBX','c',NULL,NULL,NULL,0,0,0),(163,9,'2018-11-26 10:11:49',NULL,'2018-11-26 10:11:49',NULL,'KIKI FIRMAN M.TAUFIK',7,'KIKIFIRMANMTAUFIK@GMAIL.COM','082214052394','JL. RAJAWALI BARAT GG IBU KAREES I NO. 301/187B MALEBER, ANDIR, BANDUNG','ktp','3273051109940001',62,2,5,'0W2VL0','c',NULL,NULL,NULL,0,0,0),(164,10,'2018-11-26 10:13:01',NULL,'2018-11-26 10:13:01',NULL,'Rifai Lubis',13,'rifailubis1309@gmail.com','082272690822','Medan','ktp','1218022807980007',107,2,7,'XQ0ML6','c',NULL,NULL,NULL,0,0,0),(165,11,'2018-11-26 10:13:40',NULL,'2018-11-26 10:13:40',NULL,'Novitasari',20,'nouphie1978@yahoo.com','08179311188','Manyar Kartika VI no 4','ktp','3578096211780001',72,2,6,'KAQWV6','c',NULL,NULL,NULL,0,0,0),(166,12,'2018-11-26 10:14:27',NULL,'2018-11-26 10:14:27',NULL,'Antony',3,'sotobanjir@gmail.com','08562228899','Jl Sultan Tirtayasa. No56','ktp','327290606860003',3,2,3,'WE40H5','c',NULL,NULL,NULL,0,0,0),(167,13,'2018-11-26 10:15:18',NULL,'2018-11-26 10:15:18',NULL,'Rasyid Ganie',7,'mrasyidg@indosat.net.id','0816943031','Jl. bangka XI No.18 Kemang Jakarta Selatan','ktp','31740321016110006',105,2,7,'KD1ADM','c',NULL,NULL,NULL,0,0,0),(168,14,'2018-11-26 10:16:16',NULL,'2018-11-26 10:16:16',NULL,'MARIO IWAN',7,'IAMMARIO@GMAIL.COM','08118406772','SENOPATI SUITE TOWER 2 UNIT 17 B, JL. SENOPATI R 008/ 002 SENAYAN KEBAYORAN BARU, JAKARTA SELATAN','ktp','3175041612800014',62,2,7,'TO162H','c',NULL,NULL,NULL,0,0,0),(169,15,'2018-11-26 10:17:00',NULL,'2018-11-26 10:17:00',NULL,'Djony Tannady',20,'djony_t@ndonet.id','08123115878','villa bukit mas monaco 1 Blok TB21','ktp','3578212502690002',112,2,7,'18QZSV','c',NULL,NULL,NULL,0,0,0),(170,16,'2018-11-26 10:17:22',NULL,'2018-11-26 10:17:22',NULL,'Roesmawati',7,'Roesmawatihadi@gmail.com','08161846033','Taman S Parman, Blok E No 15,, Jl. Letjen S Parman , Jakarta Barat . , (Masuk Komplek Sebelum Hotel FM1 - S Parman), Tomang Grogol Petamburan Kota Jakarta Barat DKI Jakarta, 11440. Tomang - Grogol Petamburan - Kota Jakarta Barat - DKI Jakarta','ktp','3171016109580004',66,2,7,'26UKEZ','c',NULL,NULL,NULL,0,0,0),(171,17,'2018-11-26 10:19:15',NULL,'2018-11-26 10:19:15',NULL,'FERRICK SON',13,'FERRICKS9320@GMAIL.COM','08116060818','Medan','ktp','1275022002930003',107,2,7,'B63LXG','c',NULL,NULL,NULL,0,0,0),(172,18,'2018-11-26 10:19:41',NULL,'2018-11-26 10:19:41',NULL,'Teguh Iwan',20,'teguh.iwan@gmail.com','08113045500','Jalan Palem Semeni barat i/8 Semeni benowo surabaya','ktp','3172022002780014',112,2,6,'JOXU6C','c',NULL,NULL,NULL,0,0,0),(173,19,'2018-11-26 10:19:49',NULL,'2018-11-26 10:19:49',NULL,'Arya Pradipta Hartono',7,'ganesh.aryadipta@gmail.com','081212231996','Jl. Elang Thainesia III D2/20 Desa Cipinang Melayu Kecamatan Makasar','ktp','3175010807740004',91,2,6,'2Z32PK','c',NULL,NULL,NULL,0,0,0),(174,20,'2018-11-26 10:20:24',NULL,'2018-11-26 10:20:24',NULL,'WIDYA TRIYANTI',7,'MARCELLA.M78@YAHOO.COM','085882508680','JL. SUTERA SITARA PELANGI III NO.7 ALAM SUTERA, SERPONG, TANGERANG','ktp','3274054111940005',62,2,5,'QH66YF','c',NULL,NULL,NULL,0,0,0),(175,21,'2018-11-26 10:22:10',NULL,'2018-11-26 10:22:10',NULL,'ISMONO JOSSIANTO',20,'jossi@me.com','08113607070','blimbing indah megah 3 malang','ktp','2573011603640005',112,2,5,'D5H6JE','c',NULL,NULL,NULL,0,0,0),(176,22,'2018-11-26 10:23:12',NULL,'2018-11-26 10:23:12',NULL,'Davy Linggar Teguh P',7,'davylinggar@yahoo.com','0811892526','Jl Deplu I no.27 001/003 Desa Bintaro Kecamatan Pesanggraha','ktp','3174010807740004',91,2,5,'NXY162','c',NULL,NULL,NULL,0,0,0),(177,23,'2018-11-26 10:24:56',NULL,'2018-11-26 10:24:56',NULL,'Firmansyah',20,'firmancliquers467@gmail.com','085732443614','jalan raya suko anyar kruwul rt 05 rw 01 lamongan','ktp','3171030106840004',112,2,5,'Z7M5AI','c',NULL,NULL,NULL,0,0,0),(178,24,'2018-11-26 10:25:34',NULL,'2018-11-26 10:25:34',NULL,'Ambrosius Arya Maheka',8,'aryamaheka@gmail.com','085729997997','griya perwita yogyakarta','ktp','3471111110800001',37,2,3,'XTCZJ6','c',NULL,NULL,NULL,0,0,0),(179,25,'2018-11-26 10:26:19',NULL,'2018-11-26 10:26:19',NULL,'Maspul Dendi Soemantri',7,'dendi.eragroup@gmail.com','0817827111','Jl. Budi Mulia 006/005 Desa Pademangan Barat Kecamatan Pademangan','ktp','31742051103820002',91,2,5,'4MVB07','c',NULL,NULL,NULL,0,0,0),(180,26,'2018-11-26 10:30:42',NULL,'2018-11-26 10:30:42',NULL,'emmanuel kristian',7,'emmanuel.kristian@yahoo.com','08118457669','Jl. Sunter Paradise 21 B/42 Tahap 2, Blok B No. 42, Sunter, Jakarta Utara, Indonesia','ktp','3172022512790023',98,2,7,'OYDRV0','c',NULL,NULL,NULL,0,0,0),(181,27,'2018-11-26 10:36:51',NULL,'2018-11-26 10:36:51',NULL,'Johannes R Wibowo',7,'johanrwibowo@yahoo.com','08129161624','Jl. Sawo No. 32, Gondangdia, Menteng, Jakpus','ktp','3171060912670004',86,2,7,'P8GERT','c',NULL,NULL,NULL,0,0,0),(182,28,'2018-11-26 10:40:24',NULL,'2018-11-26 10:40:24',NULL,'RADIANTO BAGUS PRABOWO',7,'RADIANTOBAGUSP@GMAIL.COM','087786300081','JL.TANAH SEREAL 18 NO.18 RT. 01 RW. 09, KEL. TANAH SEREAL, TAMBORA, JAKARTA BARAT','ktp','3173042801000003',62,2,3,'YHXPLL','c',NULL,NULL,NULL,0,0,0),(183,29,'2018-11-26 10:44:59',NULL,'2018-11-26 10:44:59',NULL,'Steven Obed Ongkowijaya',7,'steven.obed18@gmail.com','081236759573','Denpasar Residance, Ubud Tower No 27BM','ktp','5171043004930001',90,2,8,'F01RAD','c',NULL,NULL,NULL,0,0,0),(184,30,'2018-11-26 10:45:14',NULL,'2018-11-26 10:45:14',NULL,'Bangun Yoga Raharja',1,'fduakomalapan@gmail.com','+628123948631','Perum Puri Chandra Asri Block C No. 53','ktp','5104010312680004',76,2,5,'0E0DJV','c',NULL,NULL,NULL,0,0,0),(185,31,'2018-11-26 10:45:56',NULL,'2018-11-26 10:45:56',NULL,'Kombes Pol Susanto',7,'fujishopid@gmail.com','08111111193','Kapolresta pekanbaru','ktp','5193985772818101',90,2,8,'D6L978','c',NULL,NULL,NULL,0,0,0),(186,32,'2018-11-26 10:46:39',NULL,'2018-11-26 10:46:39',NULL,'Bangun Yoga Raharja',1,'fduakomalapan@gmail.com','+628123948631','Perum Puri Chandra Asri Block C No. 53','ktp','5104010312680004',76,2,5,'XJK0WO','c',NULL,NULL,NULL,0,0,0),(187,33,'2018-11-26 10:47:02',NULL,'2018-11-26 10:47:02',NULL,'PRASTIKA WATI',20,'wati.prastika@gmail.com','+6282233011143','Banjaragung RT 002 RW 001, Balongpanggang, Gresik','ktp','3525024908930001',15,2,5,'W3GU8Y','c',NULL,NULL,NULL,0,0,0),(188,34,'2018-11-26 10:47:18',NULL,'2018-11-26 10:47:18',NULL,'Nurulita A.R',7,'nulinula2@gmail.com','081511666162','Jl Bangka XI No 83B','ktp','517198281793',90,2,3,'M7PB7C','c',NULL,NULL,NULL,0,0,0),(189,35,'2018-11-26 10:47:41',NULL,'2018-11-26 10:47:41',NULL,'Grace natalia ',3,'gisna@live.com','08121445566','Jalan rumah sakit 118','ktp','3273194407880006',3,2,5,'D2J3VK','c',NULL,NULL,NULL,0,0,0),(190,36,'2018-11-26 10:50:21',NULL,'2018-11-26 10:50:21',NULL,'mutiara yasmin iskandar',7,'nicnavmom@gmail.com','0811157772','jl hidup baru no 4','ktp','3172011412900001',86,2,7,'BBJVI5','c',NULL,NULL,NULL,0,0,0),(191,37,'2018-11-26 10:53:43',NULL,'2018-11-26 10:53:43',NULL,'Willy Hendrawan',7,'willy.hendrawan89@gmail.com','081806069074','Meruya Ilir no. 19','ktp','3173082108890010',85,2,5,'DYUPF3','c',NULL,NULL,NULL,0,0,0),(192,38,'2018-11-26 10:54:44',NULL,'2018-11-26 10:54:44',NULL,'Jerry Budiman',20,'maxjerrybudiman@gmail.com','0811236659','Dharma Husada Indah Tengah Blok c-68','ktp','3578262602910002',112,2,6,'UL8UT2','c',NULL,NULL,NULL,0,0,0),(193,39,'2018-11-26 10:55:40',NULL,'2018-11-26 10:55:40',NULL,'Yusuf Tomi Anika',7,'Adijunaidi113@gmail.com','081574354131','Jl Antariksa Cipedak Jagakarsa','ktp','3174090906830001',91,2,3,'F4OIX1','c',NULL,NULL,NULL,0,0,0),(194,40,'2018-11-26 10:56:00',NULL,'2018-11-26 10:56:00',NULL,'Herman',7,'hermanmorrison@yahoo.com','081936786888','JL. Kutilang No.17 Rt 001/ Rw 112, Cakranegara Barat, Cakranegara, Mataram - Lombok','ktp','5271031808820005',86,2,5,'U2ECIQ','c',NULL,NULL,NULL,0,0,0),(195,41,'2018-11-26 11:02:31',NULL,'2018-11-26 11:02:31',NULL,'NATHAN SANTOSO',20,'nathan.anugerah@gmail.com','0818575556','jl.raya darmo 54-56 blok B surabaya','ktp','3578100804780004',112,2,5,'K4I7QJ','c',NULL,NULL,NULL,0,0,0),(196,42,'2018-11-26 11:07:41',NULL,'2018-11-26 11:07:41',NULL,'Dino Bramanto',7,'dinobramanto@gmail.com','0811828286','Taman Senayan Blok HH. 3/7','ktp','3674032803660002',85,2,7,'XLQX4I','c',NULL,NULL,NULL,0,0,0),(197,43,'2018-11-26 11:09:03',NULL,'2018-11-26 11:09:03',NULL,'I Komang Andika  Darmawan. P',1,'komangandika75@gmail.com','+628123665777','Jl. Legian No. 388 Kuta','ktp','5103011809750007',76,2,7,'SM68HC','c',NULL,NULL,NULL,0,0,0),(198,44,'2018-11-26 11:12:48',NULL,'2018-11-26 11:12:48',NULL,'alicia',7,'djajadialicia@gmail.com','08129880470','PULOMAS VI C NO 3.','ktp','3175024703870005',63,2,7,'UFOD4S','c',NULL,NULL,NULL,0,0,0),(199,45,'2018-11-26 11:13:43',NULL,'2018-11-26 11:13:43',NULL,'Rasyid Ganie',7,'mrasyidg@indosat.net.id','0816943031','Jl. Bangka XI No.18 Kemang Jakarta selatan','ktp','31740321016110006',105,2,7,'RCY05R','c',NULL,NULL,NULL,0,0,0),(200,46,'2018-11-26 11:14:15',NULL,'2018-11-26 11:14:15',NULL,'Anang Joni Prioko ',7,'ajp.prioko.ajp@gmail.com','0811163142','perum graha mutiara e21 rt06/03 rawa lumbu','ktp','3275050706630010',87,2,7,'BLIOOI','c',NULL,NULL,NULL,0,0,0),(201,47,'2018-11-26 11:16:39',NULL,'2018-11-26 11:16:39',NULL,'Hengkie Kastono',7,'hkastono@gmail.com','0811852158','Jl. kemang utara IX','ktp','3174035102970004',86,2,7,'L6DUGR','c',NULL,NULL,NULL,0,0,0),(202,48,'2018-11-26 11:28:37',NULL,'2018-11-26 11:28:37',NULL,'Sidik Permanasari, SE',7,'sidik@enerren.com','08111041001','BSD City Sektor XII-2 blok H.1 no.20','ktp','3273122302710007',87,2,7,'06AP7E','c',NULL,NULL,NULL,0,0,0),(203,49,'2018-11-26 11:31:06',NULL,'2018-11-26 11:31:06',NULL,'FITRIA WAHYUNI',20,'vicfitmanik@gmail.com','085235446703','KEMLATEN 6/11 SURABAYA','ktp','3578014109780010',15,2,7,'8WW986','c',NULL,NULL,NULL,0,0,0),(204,50,'2018-11-26 12:07:05',NULL,'2018-11-26 12:07:05',NULL,'Andriyanto T',7,'tjipto3@yahoo.com','08121255678','Komplek P&K no. 44, Cilandak','ktp','3174063005730014',87,2,7,'WDHKTP','c',NULL,NULL,NULL,0,0,0),(205,51,'2018-11-26 12:32:48',NULL,'2018-11-26 12:32:48',NULL,'I Gede Mangku Antero',7,'gdmantero.a3com@gmail.com','081932323288','Jln. Janur Kuning V, WK2/8 - Kelapa Gading Timur','ktp','3172062409870002',91,2,7,'QJNWPA','c',NULL,NULL,NULL,0,0,0),(206,52,'2018-11-26 13:09:18',NULL,'2018-11-26 13:09:18',NULL,'Wien Arifandy',7,'wienarifandy@gmail.com','082276767687','Jl.Piano Blok C No.23 Cipondoh Tangerang','ktp','3671050202800019',105,2,7,'943OJW','c',NULL,NULL,NULL,0,0,0),(207,53,'2018-11-26 17:24:14',NULL,'2018-11-26 17:24:14',NULL,'Bona Cornelius Saragi',7,'bona2606@gmail.com','0811103053','Jln. Lembah Aren IX, Blok. K 19 / 2 - Pondok Kelapa','ktp','3175072606690018',91,2,7,'AV4DPX','c',NULL,NULL,NULL,0,0,0),(208,54,'2019-11-14 14:59:28',1,'2019-11-14 16:18:59',1,'microad',3,'microad@gmail.com','08636388643','bandung lah','ktp','3455799966331336',8,3,9,'202O6C','v',NULL,NULL,NULL,0,0,0),(209,55,'2019-11-20 14:10:42',1,'2019-11-20 14:10:42',1,'fitria',3,'fitrianurul@microad.co.id','0864648389','Bandung','ktp','21766483947799',1,3,9,'241FGC','c',NULL,NULL,NULL,0,0,0),(213,56,'2019-11-23 18:11:04',NULL,'2019-11-23 18:11:04',NULL,'Niko Santoso',8,'santosoniko@gmail.com','087733329933','Jl. Kahuripan no 11 rt 031 rw 008, Balowerti, Kota, Kediri, Jawa timur','ktp','3571021703910002',37,4,11,'LK1Y90','c',NULL,NULL,NULL,0,0,0),(214,57,'2019-11-23 18:11:20',NULL,'2019-11-23 18:11:20',NULL,'Rheza C Cahyadi',3,'caniggiareza@gmail.com','085780469000','Jl. Braga No.91, Braga, Kec. Sumur Bandung, Kota Bandung, Jawa Barat 40111','ktp','3273051804950004',118,4,10,'KC0RU3','c',NULL,NULL,NULL,0,0,0),(215,58,'2019-11-23 18:11:27',NULL,'2019-11-23 18:11:27',NULL,'Yusuf arya soewarno',18,'ygphotostudio@gmail.com','082199723456','Genesis komputer , diana supermarket lantai 2. Jalan budi utomo no 8a timika papua 99910','ktp','91090103128280009',35,4,10,'IX1IY5','c',NULL,NULL,NULL,0,0,0),(216,59,'2019-11-23 18:11:29',NULL,'2019-11-23 18:11:29',NULL,'Chalidian Putra Pamungkas',30,'chalidianputra@gmail.com','085755502700','Perumahan Griyashanta Blok B112, Kelurahan mojolangu, Kecamatan lowokwaru, Kota Malang','ktp','3573051704930001',90,4,10,'Y95D5I','c',NULL,NULL,NULL,0,0,0),(217,60,'2019-11-23 18:11:35',NULL,'2019-11-23 18:11:35',NULL,'Yusuf arya soewarno',18,'ygphotostudio@gmail.com','082199723456','Genesis komputer , diana supermarket lantai 2. Jalan budi utomo no 8a timika papua 99910','ktp','91090103128280009',35,4,10,'HCUMH2','c',NULL,NULL,NULL,0,0,0),(218,61,'2019-11-23 18:11:47',NULL,'2019-11-23 18:11:47',NULL,'Kiki F Taufik',3,'kimifirmantaufiq@gmail.com','0811922677','Pajajaran Bdg','ktp','3273051109940001',118,4,10,'FKLZE6','c',NULL,NULL,NULL,0,0,0),(219,62,'2019-11-23 18:11:49',NULL,'2019-11-23 18:11:49',NULL,'Jumeri tandijono',31,'mer.tandijono@gmail.com','085320465151','Jl.ismailiyah no.59c, kota matsumi, medan','ktp','1271106105720002',120,4,11,'OTEUC8','c',NULL,NULL,NULL,0,0,0),(220,63,'2019-11-23 18:12:25',NULL,'2019-11-23 18:12:25',NULL,'handojo widjojo',8,'handojowidjojo@gmail.com','08122968880','petir cipondoh tangerang','ktp','3371020706540002',37,4,12,'UBDET0','c',NULL,NULL,NULL,0,0,0),(221,64,'2019-11-23 18:12:35',NULL,'2019-11-23 18:12:35',NULL,'mathias tjin',30,'mathias.momento@gmail.com','081372456228','batam','ktp','2171100412779005',90,4,10,'KFGKF7','c',NULL,NULL,NULL,0,0,0),(222,65,'2019-11-23 18:12:36',NULL,'2019-11-23 18:12:36',NULL,'Bimbo Adhi Nugroho',18,'Bimboadhinugroho@gmail.com','0811277637','Perum Graha Wahid Cluster Florida B.17, Semarang','ktp','3318101208750017',35,4,11,'IFFBJ0','c',NULL,NULL,NULL,0,0,0),(223,66,'2019-11-23 18:12:37',NULL,'2019-11-23 18:12:37',NULL,'I Putu Wirya Adilaksana, S.Sn',1,'tuniklaksamana@gmail.com','081285322997','Link. Padangtegal Kelod Ubud','ktp','5104050705860001',77,4,11,'N396CP','c',NULL,NULL,NULL,0,0,0),(224,67,'2019-11-23 18:12:38',NULL,'2019-11-23 18:12:38',NULL,'andrianus',7,'mynameandrianus@gmail.com','08121351887','Jl.pulomas VI C NO.3','ktp','3172061802870003',63,4,12,'R988O9','c',NULL,NULL,NULL,0,0,0),(225,68,'2019-11-23 18:12:41',NULL,'2019-11-23 18:12:41',NULL,'Adi',30,'Adiwarna.co@gmail.com','081282339391','Kebo iwa selatan ','ktp','3173041109820002',90,4,10,'SPWF9Z','c',NULL,NULL,NULL,0,0,0),(226,69,'2019-11-23 18:12:45',NULL,'2019-11-23 18:12:45',NULL,'kristian andriasta purnma',8,'krispurnm@gmail.com','08818620566','jl Garuda No 7A Gejayan RT008/RW031 Condongcatur, Depok Sleman','ktp','3404072303890002',38,4,12,'LAG318','c',NULL,NULL,NULL,0,0,0),(227,70,'2019-11-23 18:13:15',NULL,'2019-11-23 18:13:15',NULL,'ayuk',30,'aayukhandayani@gmail.com','0859139040774','pademangan,jakarta utara','ktp','6171016109420003',62,4,11,'K2BE7H','c',NULL,NULL,NULL,0,0,0),(228,71,'2019-11-23 18:13:18',NULL,'2019-11-23 18:13:18',NULL,'Indrawati Kabul',30,'axeplanet@gmail.com','+62 817-0024-863','Jakarta Barat Puri Botanical','ktp','3173075305710003',66,4,10,'2NG3PU','c',NULL,NULL,NULL,0,0,0),(229,72,'2019-11-23 18:13:19',NULL,'2019-11-23 18:13:19',NULL,'Iskandar Limasi',11,'cvmegadigital@gmail.com','0818575898','Makassar','ktp','7371041011610001',146,4,10,'UHELDO','c',NULL,NULL,NULL,0,0,0),(230,73,'2019-11-23 18:13:38',NULL,'2019-11-23 18:13:38',NULL,'Anthony junior',3,'sotobanjir@gmail.com','08562228899','Bahureksa no 25 bandung','ktp','3273290606860003',3,4,10,'R0Q3JB','c',NULL,NULL,NULL,0,0,0),(231,74,'2019-11-23 18:13:42',NULL,'2019-11-23 18:13:42',NULL,'Dr anandia yuska',30,'anandia_yuska@yahoo.com','0811613210','Cluster water spring','ktp','3216060207690022',90,4,11,'199KER','c',NULL,NULL,NULL,0,0,0),(232,75,'2019-11-23 18:13:45',NULL,'2019-11-23 18:13:45',NULL,'agus mei indrayana ',1,'indraroww@gmail.com','087761641393','jl Teukumar no 273B denpasar barat','ktp','51710303050910006',116,4,10,'H12KIW','c',NULL,NULL,NULL,0,0,0),(233,76,'2019-11-23 18:13:51',NULL,'2019-11-23 18:13:51',NULL,'devry ekaputra',30,'devrye@yahoo.com','0811232122','batununggal mulya 13 no 48','ktp','3273211608820002',90,4,10,'49V8G7','c',NULL,NULL,NULL,0,0,0),(234,77,'2019-11-23 18:13:58',NULL,'2019-11-23 18:13:58',NULL,'Grace natalia susanto',3,'gisna@live.com','08121445566','Home Address','ktp','3273194407880006',3,4,10,'QIXMHW','c',NULL,NULL,NULL,0,0,0),(235,78,'2019-11-23 18:14:15',NULL,'2019-11-23 18:14:15',NULL,'wanti',7,'wantikiss91@gmail.com','082213142263','Jakarta','ktp','3326095210910002',46,4,12,'XT20T9','c',NULL,NULL,NULL,0,0,0),(236,79,'2019-11-23 18:14:31',NULL,'2019-11-23 18:14:31',NULL,'Rian ',3,'rianwt93.as@gmail.com','082189301991','Braga 91 Bdg','ktp','3172051110931001',118,4,11,'4AKNMI','c',NULL,NULL,NULL,0,0,0),(237,80,'2019-11-23 18:14:33',NULL,'2019-11-23 18:14:33',NULL,'Anis Lusangti ',30,'lusangtianis@gmail.com','081385421099','Jalan ampera tujuh budi mulya gang IV rt.12 rw,07 ','ktp','3312036108990005',62,4,10,'OWO8MS','c',NULL,NULL,NULL,0,0,0),(238,81,'2019-11-23 18:14:43',NULL,'2019-11-23 18:14:43',NULL,'Edi Candra',1,'edicandra198218@gmail.com','087867270734','Jln Husni Thamrin No 63 LK','ktp','1275022912820004',76,4,10,'18QVRK','c',NULL,NULL,NULL,0,0,0),(239,82,'2019-11-23 18:14:45',NULL,'2019-11-23 18:14:45',NULL,'Afrizal Zulkanair',8,'Zulkarnain.coffee@gmail.com','081225540027','jl sukoharjo gg blimbing rt7 rw 31 sleman','ktp','3404070301950004',37,4,11,'8JCWU2','c',NULL,NULL,NULL,0,0,0),(240,83,'2019-11-23 18:14:49',NULL,'2019-11-23 18:14:49',NULL,'I Wayan Gede Utama Manik Meranggi',1,'bosgiga@gmail.com','08123874091','Br. Buruan Blahbatuh','ktp','5104022210770001',77,4,11,'Y7H0ZE','c',NULL,NULL,NULL,0,0,0),(241,84,'2019-11-23 18:15:06',NULL,'2019-11-23 18:15:06',NULL,'Ashadi D Kabul',30,'Adkabul@gmail.com','+62 817-0024-862','Puri Botanical','ktp','3173070412770006',66,4,10,'WXAIME','c',NULL,NULL,NULL,0,0,0),(242,85,'2019-11-23 18:15:17',NULL,'2019-11-23 18:15:17',NULL,'tommy nurseta',30,'pixellatoz@gmail.com','081578001004','kpp pratama jakarta gambir dua','ktp','870715430307',90,4,10,'40UT10','c',NULL,NULL,NULL,0,0,0),(243,86,'2019-11-23 18:15:25',NULL,'2019-11-23 18:15:25',NULL,'Sunita Tan',30,'tan_sunita@yahoo.com','08111042796','taman palem,jakarta','ktp','6171016109450003',62,4,11,'I1WYXT','c',NULL,NULL,NULL,0,0,0),(244,87,'2019-11-23 18:15:31',NULL,'2019-11-23 18:15:31',NULL,'Nizar zulmi',3,'zay.nizarzulmi@gmail.com','081322060605','Jalan sekepanjang 2 no 25','ktp','3273141711880001',3,4,10,'L4W0AQ','c',NULL,NULL,NULL,0,0,0),(245,88,'2019-11-23 18:15:32',NULL,'2019-11-23 18:15:32',NULL,'Devi Safitri',7,'devisafitri.sa@gmail.com','088878036959','Jakarta','ktp','3174034912990004',46,4,10,'RKUMTZ','c',NULL,NULL,NULL,0,0,0),(246,89,'2019-11-23 18:15:42',NULL,'2019-11-23 18:15:42',NULL,'Harsha Aulia',3,'aulia.harsha@gmail.com','082113270901','-','ktp','3276043005840002',3,4,10,'NCE5SF','c',NULL,NULL,NULL,0,0,0),(247,90,'2019-11-23 18:15:45',NULL,'2019-11-23 18:15:45',NULL,'Henry Sugiarto Trisno',20,'mickeydelsy@gmail.com','08123311388','Riverside hilltop B3/3-5','ktp','3507241909540003',73,4,12,'2X470K','c',NULL,NULL,NULL,0,0,0),(248,91,'2019-11-23 18:15:52',NULL,'2019-11-23 18:15:52',NULL,'Irfan Kustandy',7,'irfan.kustandy@gmail.com','08112030185','Jakarta','ktp','3273040809880003',46,4,11,'OCK5GV','c',NULL,NULL,NULL,0,0,0),(249,92,'2019-11-23 18:16:33',NULL,'2019-11-23 18:16:33',NULL,'Ken m sukotjo',31,'ken.sukotjo@gmail.com','0811954965','Jl. Aruna II no.21 Sutera Renata Aruna Alam Sutera  Tangerang 15143','ktp','3175071603580004',120,4,12,'A6U94Y','c',NULL,NULL,NULL,0,0,0),(250,93,'2019-11-23 18:16:49',NULL,'2019-11-23 18:16:49',NULL,'Reza Refianto',30,'reza.refianto@gmail.com','+62 855-7817-976','Jl. Tebet Barat ','ktp','3171011709760001',66,4,11,'QYMPOQ','c',NULL,NULL,NULL,0,0,0),(251,94,'2019-11-23 18:17:03',NULL,'2019-11-23 18:17:03',NULL,'Andri Albert Hakim SE',1,'andriahakim@gmail.com','08116060818','Jl. H Adam Malik Komp Menara Mas No 88-N','ktp','1271021702660002',76,4,10,'6D4JY6','c',NULL,NULL,NULL,0,0,0),(252,95,'2019-11-23 18:17:40',NULL,'2019-11-23 18:17:40',NULL,'Fitriani megariani',3,'megaallicia@gmail.com','089606144908','Jl.binong kulon IV no.123','ktp','3273124902970001',3,4,10,'XPZY1G','c',NULL,NULL,NULL,0,0,0),(253,96,'2019-11-23 18:17:53',NULL,'2019-11-23 18:17:53',NULL,'Depi Nurpikasari',7,'depi.nurpikasari@gmail.com','081297469090','Jakarta','ktp','3208165011870001',46,4,11,'MM1ASD','c',NULL,NULL,NULL,0,0,0),(254,97,'2019-11-23 18:17:54',NULL,'2019-11-23 18:17:54',NULL,'ratna sary',30,'ratnasary218@gmail.com','087881314435','sunter jakarta utara','ktp','61720032003',62,4,12,'6NOD4W','c',NULL,NULL,NULL,0,0,0),(255,98,'2019-11-23 18:18:30',NULL,'2019-11-23 18:18:30',NULL,'Agus susanto',30,'agususanto2014@gmail.com','081280427388','Emerald view c09 bintaro jaya pondok aren tang sel','ktp','3674030707700008',90,4,11,'5EVQLV','c',NULL,NULL,NULL,0,0,0),(256,99,'2019-11-23 18:18:34',NULL,'2019-11-23 18:18:34',NULL,'dr anandia yuska',30,'anandia_yuska@yahoo.com','0811613210','bekasi','ktp','321606020769022',90,4,11,'URZSGM','c',NULL,NULL,NULL,0,0,0),(257,100,'2019-11-23 18:18:54',NULL,'2019-11-23 18:18:54',NULL,'Sudiardjo Jus Sudijanto Kosasih',30,'sudiardjokosasih@yahoo.com','+62 812-8221-388','Green Garden Blok Y3','ktp','3173080410550003',66,4,10,'EJS602','c',NULL,NULL,NULL,0,0,0),(258,101,'2019-11-23 18:19:00',NULL,'2019-11-23 18:19:00',NULL,'Windi',31,'windy.iphone@yahoo.com','081282877811','Cluster Shinano blok a17 nomor 80, jakarta garden city, cakung timur, jakarta timur','ktp','3275025609920012',120,4,12,'RHSVV1','c',NULL,NULL,NULL,0,0,0),(259,102,'2019-11-23 18:20:04',NULL,'2019-11-23 18:20:04',NULL,'Rudi Hartanto',30,'rhartanto50@gmail.com','081322582078','Jl. Kuricang 2 No. 34, Bintaro Sektor 3A','ktp','2313431109830212',96,4,10,'I9DNKJ','c',NULL,NULL,NULL,0,0,0),(260,103,'2019-11-23 18:20:51',NULL,'2019-11-23 18:20:51',NULL,'hansen',30,'hansen2705@gmail.com','0811710156','jl merpati no 10a ','ktp','1671062705900003',90,4,10,'KOVLKF','c',NULL,NULL,NULL,0,0,0),(261,104,'2019-11-23 18:22:00',NULL,'2019-11-23 18:22:00',NULL,'sony wicaksono',8,'snnwck@gmail.com','0895323305809','jl kaliurang km 6,5 kentungan depok sleman yogyakarta','ktp','3404071711920003',37,4,11,'BUWKZU','c',NULL,NULL,NULL,0,0,0),(262,105,'2019-11-23 18:22:05',NULL,'2019-11-23 18:22:05',NULL,'Aaron Marcel',30,'aaronphotostory@gmail.com','081293333091','Jl Praja VI 88','ktp','3171070111910002',90,4,11,'JFROOL','c',NULL,NULL,NULL,0,0,0),(263,106,'2019-11-23 18:22:41',NULL,'2019-11-23 18:22:41',NULL,'samuel ongkowijaya',30,'samuelong@fujishopid.com','08113865685','bsd serpong','ktp','5171040502880010',90,4,10,'FQOALX','c',NULL,NULL,NULL,0,0,0),(264,107,'2019-11-23 18:23:19',NULL,'2019-11-23 18:23:19',NULL,'Dani Setiawan',30,'info@megakamera.com','+62 85591356727','Matraman Raya','ktp','1809032806990001',66,4,10,'P1SP6G','c',NULL,NULL,NULL,0,0,0),(265,108,'2019-11-23 18:23:22',NULL,'2019-11-23 18:23:22',NULL,'Normansyah Duliar',30,'normie610@gmail.com','8121333555','PT Inalum (Persero), The Energy Building, Lantai 16, SCBD Lot 11A, Jl. Jend. Sudirman Kav. 52-53, Jakarta 12190','ktp','3174020610780003',123,4,12,'XCDZD6','c',NULL,NULL,NULL,0,0,0),(266,109,'2019-11-23 18:23:37',NULL,'2019-11-23 18:23:37',NULL,'diego fahmi al ghofar',8,'fahmidiego84@gmail.com','081513898214','jember, curahnongko, tempurejo','ktp','3509180812970001',37,4,12,'RVR0MT','c',NULL,NULL,NULL,0,0,0),(267,110,'2019-11-23 18:24:13',NULL,'2019-11-23 18:24:13',NULL,'Tiara Permata Sari',7,'tiaraaapermata@gmail.com','089636558263','Jakarta','ktp','3175066102980003',46,4,11,'V99KDN','c',NULL,NULL,NULL,0,0,0),(268,111,'2019-11-23 18:24:17',NULL,'2019-11-23 18:24:17',NULL,'rini',30,'fujishopid@gmail.com','08984555555','jl jayakarta 1 no 10 x denpasar','ktp','5171025201850001',90,4,12,'2U04RE','c',NULL,NULL,NULL,0,0,0),(269,112,'2019-11-23 18:25:34',NULL,'2019-11-23 18:25:34',NULL,'irni kherawati',7,'ilnie-nchie@yahoo.com','082112977393','Jakarta','ktp','0953044208890186',46,4,10,'U0V6WC','c',NULL,NULL,NULL,0,0,0),(270,113,'2019-11-23 18:26:00',NULL,'2019-11-23 18:26:00',NULL,'andy irawan',30,'sales.serpong@fujishopid.com','081805328022','surabaya','ktp','3578051411780001',90,4,11,'OZW6V9','c',NULL,NULL,NULL,0,0,0),(271,114,'2019-11-23 18:26:57',NULL,'2019-11-23 18:26:57',NULL,'Novi Kresna S',30,'noviesurosaputro@gmail.com','08111497947','Jl hang lekiu IV no 10A','ktp','3174052811700005',90,4,11,'1TS218','c',NULL,NULL,NULL,0,0,0),(272,115,'2019-11-23 18:27:34',NULL,'2019-11-23 18:27:34',NULL,'Yuli Setiawati',7,'yulisetiawati0707@icloud.com','085695946073','Jakarta','ktp','0950074707880222',46,4,10,'461GH5','c',NULL,NULL,NULL,0,0,0),(273,116,'2019-11-23 18:27:49',NULL,'2019-11-23 18:27:49',NULL,'Harsha aulia',3,'zay_agtb@yahoo.com','082113270901','Jl sekepanjang 3 no 8','ktp','3276043005840002',3,4,12,'OHD9MO','c',NULL,NULL,NULL,0,0,0),(274,117,'2019-11-23 18:28:02',NULL,'2019-11-23 18:28:02',NULL,'mulyana',30,'terserahgroup@gmail.com','08118789914','medison park','ktp','3173026208800008',90,4,10,'1RAQKU','c',NULL,NULL,NULL,0,0,0),(275,118,'2019-11-23 18:28:44',NULL,'2019-11-23 18:28:44',NULL,'Daniel setiawan',3,'sotobanjir@gmail.com','081312112770','-','ktp','321702101057002',3,4,11,'F8HT35','c',NULL,NULL,NULL,0,0,0),(276,119,'2019-11-23 18:28:51',NULL,'2019-11-23 18:28:51',NULL,'Ahmad Ridho',7,'achmadridho654@gmail.com','081290262578','Jakarta','ktp','3174082509990002',46,4,12,'07NM7P','c',NULL,NULL,NULL,0,0,0),(277,120,'2019-11-23 18:28:57',NULL,'2019-11-23 18:28:57',NULL,'Anthony',3,'sotobanjir@gmail.com','081562228899','Bahureksa ','ktp','372146580009',3,4,12,'JZ5Y32','c',NULL,NULL,NULL,0,0,0),(278,121,'2019-11-23 18:30:48',NULL,'2019-11-23 18:30:48',NULL,'Ade Wahyu',7,'adewahyunithia@gmail.com','08990969397','Jakarta','ktp','3674044703920009',46,4,11,'JS7SVK','c',NULL,NULL,NULL,0,0,0),(279,122,'2019-11-23 18:30:54',NULL,'2019-11-23 18:30:54',NULL,'Felicia Salim',30,'felicia020608@gmail.com','081282381988','Jl. Wijaya Timur Raya No. 33A, Jakarta Selatan','ktp','3172322103770045',98,4,12,'NUN2K0','c',NULL,NULL,NULL,0,0,0),(280,123,'2019-11-23 18:31:04',NULL,'2019-11-23 18:31:04',NULL,'Phili',3,'pagussoegito@yahoo.com','0811275401','-','ktp','3374071410750002',3,4,12,'ZROB61','c',NULL,NULL,NULL,0,0,0),(281,124,'2019-11-23 18:31:06',NULL,'2019-11-23 18:31:06',NULL,'hadi surya',30,'sales@stuffholicid.com','081933002231','pik jakarta utara','ktp','31720121038200008',90,4,11,'Q0NTFY','c',NULL,NULL,NULL,0,0,0),(282,125,'2019-11-23 18:32:55',NULL,'2019-11-23 18:32:55',NULL,'cyndi widari',7,'cyndioktavia436@gmail.com','081807035940','Jakarta','ktp','3175086610960004',46,4,11,'DT86II','c',NULL,NULL,NULL,0,0,0),(283,126,'2019-11-23 18:33:11',NULL,'2019-11-23 18:33:11',NULL,'andik ongkowijaya',30,'bigcameraid@gmail.com','081999158831','denpasar','ktp','5171042004620001',90,4,10,'34NVCD','c',NULL,NULL,NULL,0,0,0),(284,127,'2019-11-23 18:33:41',NULL,'2019-11-23 18:33:41',NULL,'Denny',1,'denny.pcmaxc4@gmail.com','089622777777','Jl.dewi sri 168a-b legian kita bali','ktp','5103051011810007',116,4,10,'K7EPX5','c',NULL,NULL,NULL,0,0,0),(285,128,'2019-11-23 18:34:01',NULL,'2019-11-23 18:34:01',NULL,'suli wiranta',3,'nicholas.awi@gmail.com','08977771668','-','ktp','3374011011780002',3,4,12,'GBLKRZ','c',NULL,NULL,NULL,0,0,0),(286,129,'2019-11-23 18:34:54',NULL,'2019-11-23 18:34:54',NULL,'Sholahuddin',7,'sholahuddinyahya1705@gmail.com','08158920458','Jakarta','ktp','0953031705730229',46,4,10,'DCB3C0','c',NULL,NULL,NULL,0,0,0),(287,130,'2019-11-23 18:35:22',NULL,'2019-11-23 18:35:22',NULL,'Lim Ji Chao',3,'timurjaya.bdg@gmail.com','0811205273','Jln. Arjuna no.7 kel.ciroyom kec.andir , bandung','ktp','3273050608610002',3,4,12,'ETWBEY','c',NULL,NULL,NULL,0,0,0),(288,131,'2019-11-23 18:36:43',NULL,'2019-11-23 18:36:43',NULL,'Fahroni Arifin',30,'faharifin@gmail.com','+62816782244','Jl KH Ahmad Dahlan no 2A 5 Kukusan Beji Depok ','ktp','3276062204810007',62,4,11,'8PXGUT','c',NULL,NULL,NULL,0,0,0),(289,132,'2019-11-23 18:38:43',NULL,'2019-11-23 18:38:43',NULL,'Fahroni Arifin',30,'faharifin.social@gmail.com','81280218128','Jl KH A Dahlan 2A5 Kukusan Beji Depok','ktp','3276062204810007',62,4,12,'O20JJS','c',NULL,NULL,NULL,0,0,0),(290,133,'2019-11-23 18:41:18',NULL,'2019-11-23 18:41:18',NULL,'William januar wiryadi',3,'Gisnagrace@gmail.com','087722445566','Jalan rumah sakit 118','ktp','3273292001890004',3,4,11,'Z040RD','c',NULL,NULL,NULL,0,0,0),(291,134,'2019-11-23 18:43:37',NULL,'2019-11-23 18:43:37',NULL,'Arief Setiawan Bidarto',30,'info@megakamera.com','081761133115','Jl. Veteran 110','ktp','3471131105840002',66,4,10,'364UZD','c',NULL,NULL,NULL,0,0,0),(292,135,'2019-11-23 18:43:51',NULL,'2019-11-23 18:43:51',NULL,'Ranni',7,'ranieranche@icloud.com',' 081293506040','Jakarta','ktp','0953034806857020',46,4,10,'ATQ07R','c',NULL,NULL,NULL,0,0,0),(293,136,'2019-11-23 18:46:05',NULL,'2019-11-23 18:46:05',NULL,'LUH PUTU EGA SURATNINGTYAS',1,'egasuratningtyas30@gmail.com','0895334546352','Fujishopid Bali. Jalan Dewi Sri no.168 A-B, Kuta, Badung, Bali. Kodepos 80361','ktp','5105037004990002',116,4,10,'EDIW2W','c',NULL,NULL,NULL,0,0,0),(294,137,'2019-11-23 18:46:11',NULL,'2019-11-23 18:46:11',NULL,'Tio Tien Sun',29,'tiotiensun@gmail.com','081280782302','Jl. katamaran Indah 2 no.15, Pantai Indah Kapuk','ktp','3172011610820006',250,4,11,'8VY5HK','c',NULL,NULL,NULL,0,0,0),(295,138,'2019-11-23 18:54:32',NULL,'2019-11-23 18:54:32',NULL,'Ni Wayan Septi Ardikawati',1,'aurelchelsya@gmail.com','08179727207','Griya anyar residence blok 3/1 tabanan','ktp','5103055409870003',116,4,10,'KABJST','c',NULL,NULL,NULL,0,0,0),(296,139,'2019-11-23 18:58:05',NULL,'2019-11-23 18:58:05',NULL,'Antonius Nyomadi',13,'anthonyyyleee88@gmail.com','082274294557','Jl Veteran no 132 - Kota Brastagi','ktp','1206021003960002',253,4,11,'4O83US','c',NULL,NULL,NULL,0,0,0),(297,140,'2019-11-23 19:03:49',NULL,'2019-11-23 19:03:49',NULL,'William Hartanto',13,'williamhartanto75@gmail.com','0813-61592777','Jl.Pemuda No:15A','ktp','1271012306750003',189,4,10,'ZZS9OP','c',NULL,NULL,NULL,0,0,0),(298,141,'2019-11-23 19:06:30',NULL,'2019-11-23 19:06:30',NULL,'Ivanie Laurentcia',13,'ivaniesoh@gmail.com','0821-64279883','Jl.Danau Limboto No:9C','ktp','1271116011820007',189,4,12,'N36A7K','c',NULL,NULL,NULL,0,0,0),(299,142,'2019-11-23 19:07:56',NULL,'2019-11-23 19:07:56',NULL,'Lina Wati',13,'linawati1122334455@gmail.com','0821-64279883','Jl.Husni Thamrin No:78','ktp','1275026606420002',189,4,10,'EEKJ42','c',NULL,NULL,NULL,0,0,0),(300,143,'2019-11-23 19:08:33',NULL,'2019-11-23 19:08:33',NULL,'Hardy Uttamo Wirawan',30,'hardyuttamo.photo@gmail.com','3172060509920003','Jl. Kelapa Hybrida II RA 7 No. 3 002/015, Pegangsaan Dua Kelapa Gading Jakarta','ktp','3172060509920003',91,4,10,'N4V32U','c',NULL,NULL,NULL,0,0,0),(301,144,'2019-11-23 19:27:34',NULL,'2019-11-23 19:27:34',NULL,'Alicia djajadi',7,'djajadialicia@gmail.com','08129880470','Pulomas VI C no 3','ktp','3175024703870005',63,4,12,'LKXV3A','c',NULL,NULL,NULL,0,0,0),(302,145,'2019-11-23 19:29:09',NULL,'2019-11-23 19:29:09',NULL,'Andhika djajadi',7,'andhika3491@yahoo.com','081283850369','Pulomas V5 no 9','ktp','3175020304910002',63,4,11,'7BL9OO','c',NULL,NULL,NULL,0,0,0),(303,146,'2019-11-23 19:30:01',NULL,'2019-11-23 19:30:01',NULL,'Kathleen Sugondo',20,'kathleen12sugondo@gmail.com','08175107888','pakuwon city san antonio N7/36','ktp','3578126103520003',112,4,11,'ZOVYN6','c',NULL,NULL,NULL,0,0,0),(304,147,'2019-11-23 19:30:14',NULL,'2019-11-23 19:30:14',NULL,'Andree Semikar Wijaya',9,'digitalxd1@gmail.com','085711111144','08117237171','ktp','1871072902800004',54,4,10,'IAKQT2','c',NULL,NULL,NULL,0,0,0),(305,148,'2019-11-23 19:33:18',NULL,'2019-11-23 19:33:18',NULL,'Evan',20,'bach.gunawan@gmail.com','082131760909','jl raya kalitengah no 56 pandaan, 67156','ktp','3507091012460002',112,4,11,'U71QGE','c',NULL,NULL,NULL,0,0,0),(306,149,'2019-11-23 19:38:19',NULL,'2019-11-23 19:38:19',NULL,'Siek Lin',20,'ong.siek.lin@gmail.com','081232284666','Dian istana c1 no 50','ktp','3578126103520003',112,4,10,'VKSC0D','c',NULL,NULL,NULL,0,0,0),(307,150,'2019-11-23 20:54:42',NULL,'2019-11-23 20:54:42',NULL,'Masda',11,'cvmegadigital@gmail.com','0818575898','Jln. gunung Latimojong No.23 C-D','ktp','3327070505930026',146,4,11,'C6QS99','c',NULL,NULL,NULL,0,0,0),(308,151,'2019-11-23 22:13:29',NULL,'2019-11-23 22:13:29',NULL,'RISKA NORMA YUNITA',30,'zkayunita85@gmail.com','081284223335','JL. ANYELIR TIMUR 1 NO.5','ktp','3275055508850005',85,4,11,'XYP057','c',NULL,NULL,NULL,0,0,0),(309,152,'2019-11-23 22:14:40',NULL,'2019-11-23 22:14:40',NULL,'HENRY TEJASUKMANA',30,'henry_tejasukmana@yahoo.co.id','08112000782','JL. TIRTA KENCANA TIMUR NO.97','ktp','3273041205840001',85,4,11,'E242SJ','c',NULL,NULL,NULL,0,0,0),(310,153,'2019-11-23 22:24:00',NULL,'2019-11-23 22:24:00',NULL,'SERLLY PETRICIA',30,'leeabrahambennett@gmail.com','082113108760','JL. GARUDA RAYA NO.2','ktp','3275056810930022',85,4,10,'ONXDSK','c',NULL,NULL,NULL,0,0,0),(311,154,'2019-11-23 22:28:29',NULL,'2019-11-23 22:28:29',NULL,'JOLIANA ANDRES',30,'vannescristian4869@gmail.com','081282027428','JL. KAJI NO.48','ktp','3171015106610001',85,4,10,'K86OBT','c',NULL,NULL,NULL,0,0,0),(312,155,'2019-11-23 22:32:54',NULL,'2019-11-23 22:32:54',NULL,'CANDRA NUSWANTARI',30,'candranuswantari@yahoo.co.id','08119893832','CLUSTER NAVARRA MODERNLAND','ktp','3671056305750006',85,4,12,'TL4S5J','c',NULL,NULL,NULL,0,0,0),(313,156,'2019-11-23 22:54:05',NULL,'2019-11-23 22:54:05',NULL,'Refa adiredja',3,'r.adiredja@gmail.com','081221113377','-','ktp','3273132512880001',3,4,11,'CTSFWN','c',NULL,NULL,NULL,0,0,0),(314,157,'2019-11-24 05:28:30',NULL,'2019-11-24 05:28:30',NULL,'Untoro Wisnu Gardewo',29,'egardfresh@gmail.com','08161436713','Jl. Anggrek no.16','ktp','3174101305840006',102,4,11,'35O37Y','c',NULL,NULL,NULL,0,0,0),(315,158,'2019-11-24 09:34:26',NULL,'2019-11-24 09:34:26',NULL,'suli wiranta',3,'nicholas.awi@gmail.com','08977771668','-','ktp','3374011011780002',3,4,11,'WEE9UY','c',NULL,NULL,NULL,0,0,0),(316,159,'2019-11-24 10:15:32',NULL,'2019-11-24 10:15:32',NULL,'Untoro Wisnu Gardewo',30,'egardfresh@gmail.com','08161436713','Jl. Anggrek no.16','ktp','3174101305840006',85,4,11,'PJY71W','c',NULL,NULL,NULL,0,0,0),(317,160,'2019-11-24 10:18:27',NULL,'2019-11-24 10:18:27',NULL,'Untoro Wisnu Gardewo',30,'egardfresh@gmail.com','08161436713','Jl. Anggrek no.16','ktp','3174101305840006',85,4,11,'UE83LX','c',NULL,NULL,NULL,0,0,0),(318,161,'2019-11-24 10:20:28',NULL,'2019-11-24 10:20:28',NULL,'Agung Wiweko',30,'Agungwiweko@gmail.com','081383424540','Jl. Papandayan Blok J no:183. Cinere Estate','ktp','6471043003630001',85,4,12,'FVKJ8C','c',NULL,NULL,NULL,0,0,0),(319,162,'2019-11-24 10:25:07',NULL,'2019-11-24 10:25:07',NULL,'Ardhy Gumilar',30,'ardhy.gumilar@gmail.com','081802068045','Mutiara Sentul Cluster The Nature Blok EC No. 2','ktp','3271050507830013',85,4,10,'OO0NJ6','c',NULL,NULL,NULL,0,0,0),(320,163,'2019-11-24 10:33:35',NULL,'2019-11-24 10:33:35',NULL,'Kania Bagus ',7,'kaniahutama@yahoo.fr','087867888889','Jakarta ','ktp','327086208710007',46,4,11,'8WXD94','c',NULL,NULL,NULL,0,0,0),(321,164,'2019-11-24 10:43:39',NULL,'2019-11-24 10:43:39',NULL,'Bimo Prabowo ',7,'bimo1505@gmail.com','081293624236','Pejaten Barat, Pasar Minggu, Jakarta Selatan 12510','ktp','3174041505970003',46,4,11,'PESQUG','c',NULL,NULL,NULL,0,0,0),(322,165,'2019-11-24 10:44:27',NULL,'2019-11-24 10:44:27',NULL,'ingrid djunaidy',30,'idjunaidy@gmail.com','085240480001',' jl. Sudirman no.33 manado 95125','ktp','7171056101860001',90,4,11,'X6F1WQ','c',NULL,NULL,NULL,0,0,0),(323,166,'2019-11-24 11:00:40',NULL,'2019-11-24 11:00:40',NULL,'Muhammad Nizar',3,'sotobanjir@gmail.com','081562228899','Jl. Bahureksa No 19, Bdg','ktp','372145600011',3,4,10,'OGOPNP','c',NULL,NULL,NULL,0,0,0),(324,167,'2019-11-24 11:03:27',NULL,'2019-11-24 11:03:27',NULL,'TIMMY BUDIARDJO',30,'teracota9999@yahoo.com','0818822207','PETOJO SABANGAN I/61','ktp','3171010803710004',85,4,12,'4Q0G9T','c',NULL,NULL,NULL,0,0,0),(325,168,'2019-11-24 11:13:08',NULL,'2019-11-24 11:13:08',NULL,'TIMMY BUDIARDJO',30,'teracota999@yahoo.com','0818822207','JL. PETOJO SABANGAN I/61 RT 002/RW005 PETOJO SELATAN - GAMBIR','ktp','3171010803710004',85,4,12,'MPV6F7','c',NULL,NULL,NULL,0,0,0),(326,169,'2019-11-24 11:49:53',NULL,'2019-11-24 11:49:53',NULL,'ingrid djunaidy',30,'idjunaidy@gmail.com','085240480001',' jl. Sudirman no.33 manado 95125','ktp','7171056101860001',90,4,11,'RRVNXO','c',NULL,NULL,NULL,0,0,0),(327,170,'2019-11-24 11:51:38',NULL,'2019-11-24 11:51:38',NULL,'ingrid djunaidy',30,'idjunaidy@gmail.com','085240480001',' jl. Sudirman no.33 manado 95125','ktp','7171056101860001',90,4,11,'2Y5VUU','c',NULL,NULL,NULL,0,0,0),(328,171,'2019-11-24 11:53:49',NULL,'2019-11-24 11:53:49',NULL,'Kanya Kamili Priyanti',30,'knybuy@gmail.com','082111175978','Jl. Cibitung I no. 34','ktp','3174074504950004',90,4,10,'EFK0K3','c',NULL,NULL,NULL,0,0,0),(329,172,'2019-11-24 11:55:46',NULL,'2019-11-24 11:55:46',NULL,'Kanya Kamili Priyanti',30,'knybuy@gmail.com','082111175978','Jl. Cibitung I no. 34','ktp','3174074504950004',90,4,10,'30H7GO','c',NULL,NULL,NULL,0,0,0),(330,173,'2019-11-24 12:25:28',NULL,'2019-11-24 12:25:28',NULL,'Danyel Suryana',30,'danyel.suryana@gmail.com','081380786896','Jl. Haji Saalan No. 75 RT/RW : 04/03, Kelurahan Koang Jaya, Kecamatan Karawaci','ktp','3671072012820002',85,4,10,'H1L3WT','c',NULL,NULL,NULL,0,0,0),(331,174,'2019-11-24 12:27:16',NULL,'2019-11-24 12:27:16',NULL,'Danyel Suryana',30,'danyel.suryana@gmail.com','081380786896','Jl. Haji Saalan No. 75 RT/RW : 04/03, Kelurahan Koang Jaya, Kecamatan Karawaci','ktp','3671072012820002',85,4,10,'CQSE3M','c',NULL,NULL,NULL,0,0,0),(332,175,'2019-11-24 12:27:55',NULL,'2019-11-24 12:27:55',NULL,'Brafely sahelangi',30,'brafely@yahoo.com','085256611111','Bintaro','ktp','7171040812670001',90,4,11,'3QZ86S','c',NULL,NULL,NULL,0,0,0),(333,176,'2019-11-24 12:28:40',NULL,'2019-11-24 12:28:40',NULL,'Brafely sahelangi',30,'brafely@yahoo.com','085256611111','Bintaro','ktp','7171040812670001',90,4,11,'TTAY2O','c',NULL,NULL,NULL,0,0,0),(334,177,'2019-11-24 12:29:00',NULL,'2019-11-24 12:29:00',NULL,'Danyel Suryana',30,'danyel.suryana@gmail.com','081380786896','Jl. Haji Saalan No. 75 RT/RW : 04/03, Kelurahan Koang Jaya, Kecamatan Karawaci','ktp','3671072012820002',85,4,10,'I96Q89','c',NULL,NULL,NULL,0,0,0),(335,178,'2019-11-24 12:30:13',NULL,'2019-11-24 12:30:13',NULL,'Brafely sahelangi',30,'brafely@yahoo.com','085256611111','Bintaro','ktp','7171040812670001',90,4,11,'896SM5','c',NULL,NULL,NULL,0,0,0),(336,179,'2019-11-24 12:33:28',NULL,'2019-11-24 12:33:28',NULL,'Brafely Sahelangi',30,'brafely@yahoo.com','085256611111','Hotel Aviary, Bintaro Sektor 9 Tangerang Selatan','ktp','7171040812670001',90,4,11,'LBJUDM','c',NULL,NULL,NULL,0,0,0),(337,180,'2019-11-24 12:36:59',NULL,'2019-11-24 12:36:59',NULL,'Brafely Sahelangi',30,'brafely@yahoo.com','085256611111','Hotel Aviary, Bintaro Sektor 9 Tangerang Selatan','ktp','7171040812670001',90,4,11,'YNCKSV','c',NULL,NULL,NULL,0,0,0),(338,181,'2019-11-24 13:03:56',NULL,'2019-11-24 13:03:56',NULL,'yudhistira rachmatigusti',7,'yudisain81@gmail.com','087883854711','jalan kemuning 4 A no.21 rt 13/06 pejaten timur ','ktp','3174042910840006',63,4,11,'JVRP9G','c',NULL,NULL,NULL,0,0,0),(339,182,'2019-11-24 13:14:57',NULL,'2019-11-24 13:14:57',NULL,'Yudhistira rachmatigusti',7,'yudisain81@gmail.com','087883854711','Jl. Kemuning 4A no21 pasar minggu','ktp','3174042910840006',63,4,11,'M2HBH0','c',NULL,NULL,NULL,0,0,0),(340,183,'2019-11-24 13:15:56',NULL,'2019-11-24 13:15:56',NULL,'Danyel Suryana',30,'danyel.suryana@gmail.com','081380786896','Jl. Haji Saalan No. 75 RT/RW : 04/03, Kelurahan Koang Jaya, Kecamatan Karawaci','ktp','3671072012820002',85,4,10,'LGOE5B','c',NULL,NULL,NULL,0,0,0),(341,184,'2019-11-24 13:19:47',NULL,'2019-11-24 13:19:47',NULL,'Danyel Suryana',30,'danyel.suryana@gmail.com','081380786896','Jl. Haji Saalan No. 75 RT/RW : 04/03, Kelurahan Koang Jaya, Kecamatan Karawaci','ktp','3671072012820002',85,4,10,'RYSMN8','c',NULL,NULL,NULL,0,0,0),(342,185,'2019-11-24 13:30:05',NULL,'2019-11-24 13:30:05',NULL,'Yudhistira rachmatigusti',7,'yudisain81@gmail.com','087883854711','Jl. Kemuning 4A no21 pasar minggu','ktp','3174042910840006',63,4,11,'HPQSW8','c',NULL,NULL,NULL,0,0,0),(343,186,'2019-11-24 13:31:06',NULL,'2019-11-24 13:31:06',NULL,'Yudhistira rachmatigusti',7,'yudisain81@gmail.com','087883854711','Jl. Kemuning 4A no21 pasar minggu','ktp','3174042910840006',63,4,11,'PUUJIO','c',NULL,NULL,NULL,0,0,0),(344,187,'2019-11-24 13:39:04',NULL,'2019-11-24 13:39:04',NULL,'ANISA DINDA FEBRILIYANTI',30,'putrasumendang94@gmail.com','085795771492','JL. RAYA KARANG PAKUAN - CIPAKU','ktp','3211036002990002',85,4,12,'6NMUS2','c',NULL,NULL,NULL,0,0,0),(345,188,'2019-11-24 14:25:17',NULL,'2019-11-24 14:25:17',NULL,'hendy tjahadi',30,'hendytjahadi@yahoo.com','08128153766','Stc senayan lantai LG no 30-30A','ktp','3173022310800006',90,4,12,'IUZNXF','c',NULL,NULL,NULL,0,0,0),(346,189,'2019-11-24 14:46:10',NULL,'2019-11-24 14:46:10',NULL,'Roy Jusup Mulyono',3,'roymulyono@muliaprintinggroup.com','081805825855','Malabar 10, Semarang','ktp','3374090609790003',3,4,12,'HLABBL','c',NULL,NULL,NULL,0,0,0),(347,190,'2019-11-24 14:57:14',NULL,'2019-11-24 14:57:14',NULL,'Kifli Thalib',11,'kiflythalib@gmail.com','081241212964','Makassar','ktp','7371141306830012',79,4,11,'QTZDKD','c',NULL,NULL,NULL,0,0,0),(348,191,'2019-11-24 15:35:13',NULL,'2019-11-24 15:35:13',NULL,'Kifli Thalib',11,'kiflythalib@gmail.com','+62 81241212964','Makassar','ktp','7371141306830012',79,4,11,'S0RLTI','c',NULL,NULL,NULL,0,0,0),(349,192,'2019-11-24 15:58:42',NULL,'2019-11-24 15:58:42',NULL,'Kifli Thalib',11,'kiflythalib@gmail.com','+62 81241212964','Makassar','ktp','7371141306830012',79,4,11,'9GGH2E','c',NULL,NULL,NULL,0,0,0),(350,193,'2019-11-24 16:06:08',NULL,'2019-11-24 16:06:08',NULL,'roy jusup mulyono',3,'roymulyono@muliaprintinggroup.com','081805825855','Jalan malabar 10. Semarang','ktp','3374090609790003',3,4,12,'BKQOSB','c',NULL,NULL,NULL,0,0,0),(351,194,'2019-11-24 16:09:23',NULL,'2019-11-24 16:09:23',NULL,'roy jusup mulyono',3,'roymulyono@muliaprintinggroup.com','081805825855','Jalan malabar 10. Semarang','ktp','3374090609790003',3,4,12,'KDHH2E','c',NULL,NULL,NULL,0,0,0),(352,195,'2019-11-24 16:10:15',NULL,'2019-11-24 16:10:15',NULL,'roy jusup mulyono',3,'roymulyono@muliaprintinggroup.com','081805825855','Jalan malabar 10. Semarang','ktp','3374090609790003',3,4,12,'MZZR0S','c',NULL,NULL,NULL,0,0,0),(353,196,'2019-11-24 16:11:15',NULL,'2019-11-24 16:11:15',NULL,'roy jusup mulyono',3,'roymulyono@muliaprintinggroup.com','081805825855','Jalan malabar 10. Semarang','ktp','3374090609790003',3,4,12,'5YLJ7B','c',NULL,NULL,NULL,0,0,0),(354,197,'2019-11-24 16:13:39',NULL,'2019-11-24 16:13:39',NULL,'Anthony junior',3,'Sotobanjir@gmail.com','08562228899','Jalan rumah sakit 118','ktp','3273290606860003',3,4,12,'KHR155','c',NULL,NULL,NULL,0,0,0),(355,198,'2019-11-24 16:34:05',NULL,'2019-11-24 16:34:05',NULL,'fatimah',13,'fatimahharahap719@gmail.com','081927580125','jl air bersih lk vi no 2','ktp','1271014103000008',107,4,12,'9AAYFV','c',NULL,NULL,NULL,0,0,0),(356,199,'2019-11-24 16:38:17',NULL,'2019-11-24 16:38:17',NULL,'FATIMAH',13,'fatimahharahap719@gmail.com','081927580125','jl air bersih lk vi no 2','ktp','1271014103000008',107,4,12,'LG4J3T','c',NULL,NULL,NULL,0,0,0),(357,200,'2019-11-24 16:43:08',NULL,'2019-11-24 16:43:08',NULL,'fatimah',13,'fatimahharahap719@gmail.com','081927580125','jl air bersih lk vi no 2','ktp','1271014103000008',107,4,12,'C5DGIA','c',NULL,NULL,NULL,0,0,0),(358,201,'2019-11-24 16:56:38',NULL,'2019-11-24 16:56:38',NULL,'Kifli Thalib',11,'kiflythalib@gmail.com','081241212964','Makassar','ktp','7371141306830012',79,4,11,'W55VJA','c',NULL,NULL,NULL,0,0,0),(359,202,'2019-11-24 17:07:37',NULL,'2019-11-24 17:07:37',NULL,'Dannie Masli',13,'dannie.masli@yahoo.com','08116338900','Komp Cemara Hijay bliok N no.12','ktp','1271010811840002',253,4,12,'F54AR3','c',NULL,NULL,NULL,0,0,0),(360,203,'2019-11-24 17:09:17',NULL,'2019-11-24 17:09:17',NULL,'MISFAULIA ELIZA',13,'arsyilanathania2390@gmail.com','082163382820','JL AR HAKIM','ktp','1271106404880002',107,4,11,'0WRXVC','c',NULL,NULL,NULL,0,0,0),(361,204,'2019-11-24 17:58:35',1,'2019-11-24 17:58:35',1,'Anggiawan Pratama',30,'anggiawanpratama@yahoo.com','085730741773','YKP Pandugo I/PH-5, Penjaringan Sari, Rungkut','ktp','123456789',69,4,12,'K8MM2X','c',NULL,NULL,NULL,0,0,0),(362,205,'2019-11-24 18:06:26',NULL,'2019-11-24 18:06:26',NULL,'Mutiara Gansa',30,'mgansa8@gmail.com','089501517734','Jl hang lekir 11 no 2','ktp','3171000371838001',90,4,12,'6URBK6','c',NULL,NULL,NULL,0,0,0),(363,206,'2019-11-24 18:14:47',NULL,'2019-11-24 18:14:47',NULL,'Harianto',20,'jkclouds71@gmail.com','08170186999','Jl Kapasan 128 Surabaya','ktp','3172011708790022',112,4,11,'RWSD41','c',NULL,NULL,NULL,0,0,0),(364,207,'2019-11-24 18:27:45',NULL,'2019-11-24 18:27:45',NULL,'Bambang Witjaksono',30,'witjaksono.sungkono@gmail.com','08121000988','Jl Majalah B3/5 Komp. PWI, Cipinang Muara Jatinegara','ktp','3171060809600005',91,4,11,'HL7RLL','c',NULL,NULL,NULL,0,0,0),(365,208,'2019-11-24 18:28:55',NULL,'2019-11-24 18:28:55',NULL,'Nanik Susianti',20,'iamling3012@gmail.com','081717897893','Nirwana Eksekutif EE 112 Surabaya','ktp','3507095002520003',112,4,11,'Y6WZSZ','c',NULL,NULL,NULL,0,0,0),(366,209,'2019-11-24 19:18:10',NULL,'2019-11-24 19:18:10',NULL,'Yani Anggraini',30,'salsap214@gmail.com','085716355494','Dusun Cinenggang Desa Cileles, Jatinangor, Sumedang, Jawa Barat','ktp','3211155309730006',91,4,11,'0L3Y99','c',NULL,NULL,NULL,0,0,0),(367,210,'2019-11-24 19:37:39',NULL,'2019-11-24 19:37:39',NULL,'Septi Duwi Cahyani',30,'Septiduwicahyani7@gmail.com','081298817829','Jalan Jambudipa Wetan Cilebut Timur Sukaraja Bogor Jawa Barat','ktp','3201044409980001',91,4,11,'OFL014','c',NULL,NULL,NULL,0,0,0),(368,211,'2019-11-24 20:00:00',NULL,'2019-11-24 20:00:00',NULL,'Elina Rahayu',3,'elinarahayu24@gmail.com','085641203525','Kradenan RT 002 RW 003, Pugeran, Karangdowo, Klaten, Jawa Tengah','ktp','3310136412990001',3,4,11,'TSTEIB','c',NULL,NULL,NULL,0,0,0),(369,212,'2019-11-25 09:48:00',NULL,'2019-11-25 09:48:00',NULL,'Jennie Lou',7,'jenniemeiling@gmail.com','082273691385','JL.JEND AHMAD YANI NO 281','ktp','1275026911949999',63,4,11,'CWK5DO','c',NULL,NULL,NULL,0,0,0),(370,213,'2019-11-25 09:54:37',NULL,'2019-11-25 09:54:37',NULL,'Dimas Triandhanu Utomo',30,'samsinarphoto@gmail.com','08197936078','Jalan Cempaka Putih Tengah 33 No. 38','ktp','1871100310870004',90,4,11,'D5B6WJ','c',NULL,NULL,NULL,0,0,0),(371,214,'2019-11-25 10:44:12',NULL,'2019-11-25 10:44:12',NULL,'IDA SUSANTY',30,'mickie_lim@yahoo.com','082299679595','JALAN JATI BLOK III','ktp','3171015804630002',85,4,11,'12CIQW','c',NULL,NULL,NULL,0,0,0),(372,215,'2019-11-25 10:57:25',NULL,'2019-11-25 10:57:25',NULL,'NISWATUL M',30,'aniezz72@gmail.com','082111999354','PURI BINTARO HIJAU E/29','ktp','3674036311720002',85,4,12,'DIQP29','c',NULL,NULL,NULL,0,0,0),(373,216,'2019-11-25 11:00:23',NULL,'2019-11-25 11:00:23',NULL,'ANISA DINDA FEBRILIYANTI',30,'putrasumendang94@gmail.com','085795771492','desa karangpakuan ','ktp','321103600299002',85,4,12,'0FQPWN','c',NULL,NULL,NULL,0,0,0),(374,217,'2019-11-25 11:13:27',NULL,'2019-11-25 11:13:27',NULL,'ANISA DINDA FEBRILIYANTI',30,'xiezzlim23@gmail.com','085795771492','KAYU PUTIH 5B NO 35 PULOGADUNG','ktp','321103600290002',85,4,12,'VBSVMD','c',NULL,NULL,NULL,0,0,0),(375,218,'2019-11-25 11:18:46',NULL,'2019-11-25 11:18:46',NULL,'Chandra kusdianto',30,'aldolie1207@gmail.com','081934354821','jln. budi mulia RT 13 RW 10 No 59','ktp','3172051207940999',62,4,12,'9MJMZH','c',NULL,NULL,NULL,0,0,0),(376,219,'2019-11-25 11:27:22',NULL,'2019-11-25 11:27:22',NULL,'Andi Praja Wira',30,'wira.praja@hotmail.com','08114109393','Jl. YRS III, Ozone Residence H/8, Peaanggarahan, Jak-Sel 12330','ktp','3174062901890004',85,4,11,'UBZF3Z','c',NULL,NULL,NULL,0,0,0),(377,220,'2019-11-25 12:15:53',NULL,'2019-11-25 12:15:53',NULL,'NATASHA JANICE',30,'natashajanice97@gmail.com','081290928399','JL. TANJUNG DUREN UTARA','ktp','3123026212970003',85,4,11,'XZ1FR3','c',NULL,NULL,NULL,0,0,0),(378,221,'2019-11-25 12:54:22',NULL,'2019-11-25 12:54:22',NULL,'Isabelle Chiloe Supandji',7,'f.supandji@gmail.com','08121818988','Jalan Madrasah no.4, rt.002 rw.002, Gandaria Selatan, Cilandak','ktp','3174065808010003',46,4,12,'4U0PQW','c',NULL,NULL,NULL,0,0,0),(379,222,'2019-11-25 13:46:54',NULL,'2019-11-25 13:46:54',NULL,'Erick James',1,'erick@suka.red','081237659007','Jl. Nautilus Gili Trawangan Lombok Utara','ktp','730316186323',76,4,11,'4RN13I','c',NULL,NULL,NULL,0,0,0),(380,223,'2019-11-25 13:51:25',NULL,'2019-11-25 13:51:25',NULL,'Henry Wibowo',30,'hzwibowo@hotmail.com','0817852074','Kompleks Taman Kedoya Baru Jl. Kedoya Agave VII Blok C1/10 , Jakarta Barat','ktp','3171070508740005',90,4,11,'EEJTSN','c',NULL,NULL,NULL,0,0,0),(381,224,'2019-11-25 15:22:56',NULL,'2019-11-25 15:22:56',NULL,'A A KRUSTIANTORO',30,'cruzt1965@me.com','08164800600','JL. GARUDA RAYA 8A INKOPOL','ktp','3173071506650006',85,4,12,'FZMGAT','c',NULL,NULL,NULL,0,0,0),(382,225,'2019-11-25 17:10:45',NULL,'2019-11-25 17:10:45',NULL,'Michelle Marcelyn Susanto',30,'Michellemarcelynsusanto@gmail.com','081283140998','Lingkungan 01 Ciriung No 99 003/003 Ciriung Cibinong Bogor Jawa Barat','ktp','3201016603980004',91,4,11,'6YSMXR','c',NULL,NULL,NULL,0,0,0),(383,226,'2019-11-25 17:19:07',NULL,'2019-11-25 17:19:07',NULL,'Haryono',30,'yonoh857@gmail.com','081289104919','Jln peninggaran timur 3 rt15/09','ktp','3174051001790016',62,4,11,'GPGMEZ','c',NULL,NULL,NULL,0,0,0),(384,227,'2019-11-25 18:20:55',NULL,'2019-11-25 18:20:55',NULL,'Kinnardy Alvianji',30,'kinnardy@gmail.com','+62 816-1932-769','Jl. Tanjung Duren Utara VIII ','ktp','3173021804680002',85,4,11,'R39FG8','c',NULL,NULL,NULL,0,0,0),(385,228,'2019-11-25 18:23:38',NULL,'2019-11-25 18:23:38',NULL,'Achmad Firdaus',30,'achmadfirdaus94284@gmail.com','+62 856-9789-1977','Graha Harapan B19 No. 17 Mustika Jaya, Bekasi','ktp','3275113112670010',85,4,11,'OMPQSV','c',NULL,NULL,NULL,0,0,0),(386,229,'2019-11-25 19:14:02',NULL,'2019-11-25 19:14:02',NULL,'Kania Bagus',7,'kaniahutama@yahoo.fr','087867888889','Villa Pondok Gede 2 No. 10 Rt. 003/002 Jatiwaringin Pondok Gede','ktp','3275086208710007',46,4,11,'HSZMAO','c',NULL,NULL,NULL,0,0,0),(387,230,'2019-11-25 20:27:40',NULL,'2019-11-25 20:27:40',NULL,'Anthony junior',3,'sotobanjir@gmail.com','08562228899','Jl tirtayasa no 56','ktp','12345678901',3,4,11,'FNFBR8','c',NULL,NULL,NULL,0,0,0),(388,231,'2019-11-25 23:11:41',NULL,'2019-11-25 23:11:41',NULL,'Fransiska thamrin',20,'Siskathamrin@yahoo.com','081252245022','Villa bukit regency 3 pe 3 no 12','ktp','3578316709800001',73,4,11,'LUT0BV','c',NULL,NULL,NULL,0,0,0),(389,232,'2019-11-25 23:13:09',NULL,'2019-11-25 23:13:09',NULL,'Rahmat handojo',20,'siskathamrin80@gmail.com','08123295050','Graha L 42','ktp','3578310102800001',73,4,12,'SMNE97','c',NULL,NULL,NULL,0,0,0),(390,233,'2019-11-25 23:30:47',NULL,'2019-11-25 23:30:47',NULL,'Arief Subroto',30,'ariefsubroto01@gmail.com','0818710420','Jakarta timur','ktp','6172000200318',62,4,12,'G3C9ZY','c',NULL,NULL,NULL,0,0,0),(391,234,'2020-02-20 18:45:05',1,'2020-02-20 18:45:05',1,'Salsabila',30,'salsabilaj14@gmail.com','081241306666','Jalan Bekasi Timur I','ktp','70001009098709870',69,5,13,'A3BIH9','c',NULL,NULL,NULL,0,0,0),(392,235,'2020-02-20 21:40:18',1,'2020-02-20 21:40:18',1,'Salsabila',30,'salsabilaj14@gmail.com','081241306666','Jalan Bekasi Timur I','ktp','9008900890088989',69,5,13,'SP45QK','c',NULL,NULL,NULL,0,0,0),(393,236,'2020-02-24 14:23:51',NULL,'2020-02-24 14:23:51',NULL,'Harris Kurniadi',3,'harris.kurniadi@gmail.com','081313138787','Jl Dayang Sumbi 8','ktp','3273020110870010',3,5,13,'5TBO07','c',NULL,NULL,NULL,0,0,0),(394,237,'2020-02-24 14:23:56',NULL,'2020-02-24 14:23:56',NULL,'Harris Kurniadi',3,'harris.kurniadi@gmail.com','081313138787','Jl Dayang Sumbi 8','ktp','3273020110870010',3,5,13,'GMLEZ8','c',NULL,NULL,NULL,0,0,0),(395,238,'2020-02-24 14:27:33',NULL,'2020-02-24 14:27:33',NULL,'Yonathan setiawan',30,'Joe@axioo.com','08119111369','Duta garden blok g6 no 33','ktp','3172012702930000',90,5,13,'3PFEER','c',NULL,NULL,NULL,0,0,0),(396,239,'2020-02-24 14:38:19',NULL,'2020-02-24 14:38:19',NULL,'He Jiali',30,'nicky9079@gmail.com','085795223443','Komp. Tohp Blok I/18 RT01 RW03 Kamal Muara Penjaringan','ktp','3173056707885001',91,5,13,'BM0NH5','c',NULL,NULL,NULL,0,0,0),(397,240,'2020-02-24 14:39:02',NULL,'2020-02-24 14:39:02',NULL,'He Jiali',30,'nicky9079@gmail.com','085795223443','Komp. Tohp Blok I/18 RT01 RW03 Kamal Muara Penjaringan','ktp','3173056707885001',91,5,13,'LHBH4K','c',NULL,NULL,NULL,0,0,0),(398,241,'2020-02-24 14:39:12',NULL,'2020-02-24 14:39:12',NULL,'He Jiali',30,'nicky9079@gmail.com','085795223443','Komp. Tohp Blok I/18 RT01 RW03 Kamal Muara Penjaringan','ktp','3173056707885001',91,5,13,'6N4T1I','c',NULL,NULL,NULL,0,0,0),(399,242,'2020-02-24 14:39:24',NULL,'2020-02-24 14:39:24',NULL,'William Suryawidi',30,'focalandshutter@gmail.com','087788227746','Karet belakang rt.011/007 kelurahan karet kuningan, kecamatan setia budi','ktp','3174020509890001',96,5,13,'C6CILV','c',NULL,NULL,NULL,0,0,0),(400,243,'2020-02-24 14:39:45',NULL,'2020-02-24 14:39:45',NULL,'KUMALA DEWI',30,'kumala.dewi2106@gmail.com','081298986712','SERDANG BARU RT.009 RW. 005 KEL. SERDANG KEC. KEMAYORAN','ktp','3171036106720006',85,5,13,'WBGEHZ','c',NULL,NULL,NULL,0,0,0),(401,244,'2020-02-24 14:39:48',NULL,'2020-02-24 14:39:48',NULL,'ARIEF SUBROTO',30,'ARIEFSUBROTO01@GMAIL.COM','0818710420','JAKARTA SELATAN','ktp','3174062705720008',62,5,13,'MY3MPF','c',NULL,NULL,NULL,0,0,0),(402,245,'2020-02-24 14:39:57',NULL,'2020-02-24 14:39:57',NULL,'Danny Wirjadi',7,'danny.wirjadi@gmail.com','081809778367','Jl Martimbang 3 no 1','ktp','3173031004870001',63,5,13,'55FJ4J','c',NULL,NULL,NULL,0,0,0),(403,246,'2020-02-24 14:40:02',NULL,'2020-02-24 14:40:02',NULL,'Nico Harold ',30,'nicodemusharold@gmail.com','081370009002','taman Palem Lestar D9/15, Cengkareng Jak-Bar','ktp','3374061206879999',90,5,13,'TKNZH2','c',NULL,NULL,NULL,0,0,0),(404,247,'2020-02-24 14:40:12',NULL,'2020-02-24 14:40:12',NULL,'Janice',20,'jkclouds71@gmail.com','081232284666','Dian istana c1 no 50','ktp','357820430400002',112,5,13,'71H9RG','c',NULL,NULL,NULL,0,0,0),(405,248,'2020-02-24 14:40:17',NULL,'2020-02-24 14:40:17',NULL,'Edo kurniawan suntoko',30,'edo@motoyuk.com','08129393779','Gading elok tmr VIII BR I/16, Kelapa Gading','ktp','317206090179',62,5,13,'YYL47B','c',NULL,NULL,NULL,0,0,0),(406,249,'2020-02-24 14:40:19',NULL,'2020-02-24 14:40:19',NULL,'Melando Anggryawan',30,'aldolie1207@gmail.com','081934354821','jln. budi mulia rt 13 rw 10 no 59 pademangan','ktp','3172051207941001',62,5,13,'GLKOFH','c',NULL,NULL,NULL,0,0,0),(407,250,'2020-02-24 14:40:19',NULL,'2020-02-24 14:40:19',NULL,'Firliyanti Firena Putri',3,'firliyanti21@gmail.com','087714759204','jalan paledang 153, rt 03 rw 02','ktp','3273056107000009',3,5,13,'P4UUQR','c',NULL,NULL,NULL,0,0,0),(408,251,'2020-02-24 14:40:23',NULL,'2020-02-24 14:40:23',NULL,'Lusi Eka Idha Mulyana',3,'ilusieka94@gmail.com','085861286274','Bojong Picung Rt. 01/12, Desa Pangguh, Kab. Bandung, Jawa Barat, Indonesia.','ktp','3204364805939999',3,5,13,'UUCRPG','c',NULL,NULL,NULL,0,0,0),(409,252,'2020-02-24 14:40:23',NULL,'2020-02-24 14:40:23',NULL,'Sudiardjo Kosasih',30,'sudiardjokosasih@yahoo.com','+62 812-8221-388','Green Garden','ktp','3173080410550003',66,5,13,'FOQPX1','c',NULL,NULL,NULL,0,0,0),(410,253,'2020-02-24 14:40:30',NULL,'2020-02-24 14:40:30',NULL,'Tommy Wijaya',30,'live.tommywijaya@live.com','085245455522','Jl KH Syahdan Gg Haji Senen No 10Z','ktp','6171011510910002',69,5,13,'KF487U','c',NULL,NULL,NULL,0,0,0),(411,254,'2020-02-24 14:40:31',NULL,'2020-02-24 14:40:31',NULL,'Christy Christabella Pratiwi',3,'christychristabellapratiwi@gmail.com','08112412525','jl K.H Ahmad Dahlan no 42','ktp','3273136601960002',3,5,13,'HRMX6O','c',NULL,NULL,NULL,0,0,0),(412,255,'2020-02-24 14:40:32',NULL,'2020-02-24 14:40:32',NULL,'HERMAN',3,'hermansyaefuloh16@gmail.com','085857981495','PADALARANG','ktp','3217081611920019',3,5,13,'P0SCVP','c',NULL,NULL,NULL,0,0,0),(413,256,'2020-02-24 14:40:36',NULL,'2020-02-24 14:40:36',NULL,'Yonathan setiawan',30,'Joe@axioo.com','08119111369','Duta garden blok g6 no 33','ktp','3172012702930000',90,5,13,'4GQHC4','c',NULL,NULL,NULL,0,0,0),(414,257,'2020-02-24 14:40:40',NULL,'2020-02-24 14:40:40',NULL,'Viki Yaputra',30,'viki.yaputra@gmail.com','08128051288','jalan Dwijaya Raya no 22a radio dalam','ktp','3174072511860007',91,5,13,'XGRW4G','c',NULL,NULL,NULL,0,0,0),(415,258,'2020-02-24 14:40:40',NULL,'2020-02-24 14:40:40',NULL,'Remiel Adriyanto S',30,'r3miel@gmail.com','08159988800','Puri Kencana Blok M-XI/18 RT 008/007, Kembangan selatan','ktp','3173081906710005',91,5,13,'RJ078H','c',NULL,NULL,NULL,0,0,0),(416,259,'2020-02-24 14:40:42',NULL,'2020-02-24 14:40:42',NULL,'Nadia Aliza Ratri',3,'firliyanti30@yahoo.com','087714759204','komp. griya bandung indah block c12 no 11','ktp','3204086106970001',3,5,13,'0UOAZH','c',NULL,NULL,NULL,0,0,0),(417,260,'2020-02-24 14:40:43',NULL,'2020-02-24 14:40:43',NULL,'Krustiantoro',30,'cruzt1965@me.com','08164800600','JL Garuda Raya 8A Inkopil RT05 RW05 Jaka Sampurna Bekasi Barat','ktp','3173071506650006',91,5,13,'3A0474','c',NULL,NULL,NULL,0,0,0),(418,261,'2020-02-24 14:40:44',NULL,'2020-02-24 14:40:44',NULL,'andreas',3,'gisna@ymail.com','081802056688','Jalan setrasari atas no. 9 Bandung','ktp','327314290570005',3,5,13,'JKQKJ9','c',NULL,NULL,NULL,0,0,0),(419,262,'2020-02-24 14:40:46',NULL,'2020-02-24 14:40:46',NULL,'Nendi suhaendra',3,'nendisuhaendra39@gmail.com','08562233539','Jl.laswi rt.04 rw.10 kel.cibangkong kec.batununggal','ktp','3273120305910001',3,5,13,'RI3MAG','c',NULL,NULL,NULL,0,0,0),(420,263,'2020-02-24 14:40:51',NULL,'2020-02-24 14:40:51',NULL,'Mustika Dewi',3,'Mustikaelfishy70@gmail.com','08963019729','Perm. Sanggar indah Banjaran','ktp','3204445707970001',3,5,13,'Y7I228','c',NULL,NULL,NULL,0,0,0),(421,264,'2020-02-24 14:40:53',NULL,'2020-02-24 14:40:53',NULL,'Silvi Rizky Fauziyyah',3,'Fauziyyahsilvir@gmail.com','085222943439','Perum sindangtamansari B3, Jatimulya, Sumedang Utara','ktp','3211185811950014',3,5,13,'T13DM3','c',NULL,NULL,NULL,0,0,0),(422,265,'2020-02-24 14:40:54',NULL,'2020-02-24 14:40:54',NULL,'Boby Santana',30,'bobby.santana@yahoo.co.id','081990808081','Pamoyanan Hijau Blok A No. 1 RT04 RW08 Pamoyanan Kota Bogor Selatan 16136','ktp','3271013011870005',91,5,13,'K1X938','c',NULL,NULL,NULL,0,0,0),(423,266,'2020-02-24 14:40:56',NULL,'2020-02-24 14:40:56',NULL,'denny kristianto',30,'krstntodenny@gmail.com','081808183680','jl. pademangan 3 gg 4 no 21','ktp','3172051812950002',62,5,13,'XTH4WP','c',NULL,NULL,NULL,0,0,0),(424,267,'2020-02-24 14:40:58',NULL,'2020-02-24 14:40:58',NULL,'Handiono Utami ',20,'handionohutani@yahoo.com','081332888222','Dharmahusada Indah Barat 2 A/81  Gubeng  Surabaya','ktp','3578060206810001',112,5,13,'ATLMNV','c',NULL,NULL,NULL,0,0,0),(425,268,'2020-02-24 14:40:58',NULL,'2020-02-24 14:40:58',NULL,'ILHAM MEFIAN',30,'ilham.mefian@gmail.com','081287387960','JL.PISANG AMBON 2 NO.6','ktp','3175070905890010',85,5,13,'RNP1XV','c',NULL,NULL,NULL,0,0,0),(426,269,'2020-02-24 14:40:59',NULL,'2020-02-24 14:40:59',NULL,'Drg. Stefanus Adrian',20,'drg.st_adrian@yahoo.com','08128167761','Lima Roti Premium. Jl. Setia Budhi No.10, Ambon 97127','ktp','8171020707820016',112,5,13,'Q3S0RS','c',NULL,NULL,NULL,0,0,0),(427,270,'2020-02-24 14:41:01',NULL,'2020-02-24 14:41:01',NULL,'ANTONIUS IWAN DJAYA',20,'wati.prastika@gmail.com','082233011143','JL. RAYA KUTA NO 65 BADUNG','ktp','5103011605580001',15,5,13,'ZPX0M9','c',NULL,NULL,NULL,0,0,0),(428,271,'2020-02-24 14:41:01',NULL,'2020-02-24 14:41:01',NULL,'risma efriani',3,'rismaefriani1991@gmail.com','085658667703','jl.binong jati no.4 ','ktp','3204086910010003',3,5,13,'CKVWHC','c',NULL,NULL,NULL,0,0,0),(429,272,'2020-02-24 14:41:03',NULL,'2020-02-24 14:41:03',NULL,'Anthony junior',3,'sotobanjir@gmail.com','08562228899','Jl rumah sakit no 118','ktp','3273290606860003',3,5,13,'M81W1B','c',NULL,NULL,NULL,0,0,0),(430,273,'2020-02-24 14:41:05',NULL,'2020-02-24 14:41:05',NULL,'Ester',30,'esterseptiani7@gmail.com','082125003370','jl Datuk Laksamana No 8A RT03 RW03 Kode Pos 28821','ktp','1471034709959997',91,5,13,'0OC3LF','c',NULL,NULL,NULL,0,0,0),(431,274,'2020-02-24 14:41:05',NULL,'2020-02-24 14:41:05',NULL,'stevhy rosamunda',11,'stevhyrosamunda@gmail.com','085372252555','jln kajaolalido no 3c','ktp','7371024509900002',79,5,13,'NH5HAD','c',NULL,NULL,NULL,0,0,0),(432,275,'2020-02-24 14:41:06',NULL,'2020-02-24 14:41:06',NULL,'Ananda rachman pardese',30,'ananda.rachman.pardede@gmail.com','08119857290','Buaran','ktp','3275081302850020',66,5,13,'Z9JJM0','c',NULL,NULL,NULL,0,0,0),(433,276,'2020-02-24 14:41:07',NULL,'2020-02-24 14:41:07',NULL,'diego fahmi al ghofar',8,'fahmidiego84@gmail.com','081513898214','jl. affandi no. 35 caturtunggal, depok , sleman, yogyakarta','ktp','3509180812970001',37,5,13,'L9M5YC','c',NULL,NULL,NULL,0,0,0),(434,277,'2020-02-24 14:41:10',NULL,'2020-02-24 14:41:10',NULL,'Sem Lemuel Pribadi',30,'sempribadi@gmail.com','08129999142','JL. Manggar III Blok AH 2/17 RT05 RW07 Pondok Kelapa Duren Sawit','ktp','3175072410670011',91,5,13,'89HMVT','c',NULL,NULL,NULL,0,0,0),(435,278,'2020-02-24 14:41:13',NULL,'2020-02-24 14:41:13',NULL,'ELZA PUTRI APRILIA',3,'elzaputriapriliaa27@gmail.com','087821584066','gg.kenanga 2, rt 002/ rw 022, sukapura, kiaracondong, Bandung','ktp','3273164104970002',3,5,13,'MF2H9P','c',NULL,NULL,NULL,0,0,0),(436,279,'2020-02-24 14:41:14',NULL,'2020-02-24 14:41:14',NULL,'Andreas Bobby Ciputra',20,'bobciputra@gmail.com','081217006500','Villa Bukit Regency II PD 3/07','ktp','3578312609650002',112,5,13,'DXFUEJ','c',NULL,NULL,NULL,0,0,0),(437,280,'2020-02-24 14:41:17',NULL,'2020-02-24 14:41:17',NULL,'Chandra ady pranata',30,'chandraadypranata@gmail.com','08118110023','Banjar wijaya blok a20 rw 11 poris plaward indah cipondoh','ktp','3617051711690003',91,5,13,'I1HVJJ','c',NULL,NULL,NULL,0,0,0),(438,281,'2020-02-24 14:41:18',NULL,'2020-02-24 14:41:18',NULL,'Tjutjut Bramantoro',30,'tjutjut@cbn.net.id','081585885888','Jl Jupiter I B No1 Rt 05/013 Pisangan Ciputat Timur Tang-Sel','ktp','3674051403560003',123,5,13,'HNH5GF','c',NULL,NULL,NULL,0,0,0),(439,282,'2020-02-24 14:41:24',NULL,'2020-02-24 14:41:24',NULL,'Chandra ady pranata',30,'chandraadypranata@gmail.com','08118110023','Banjar wijaya blok a20 rw 11 poris plaward indah cipondoh','ktp','3617051711690003',91,5,13,'2LF608','c',NULL,NULL,NULL,0,0,0),(440,283,'2020-02-24 14:41:24',NULL,'2020-02-24 14:41:24',NULL,'Gunawan Setiawan',30,'fujishopid@gmail.com','08121107138','Jl. Pajajaran No. 15A Bogor 16142','ktp','3172012702930000.',90,5,13,'TPQ0R8','c',NULL,NULL,NULL,0,0,0),(441,284,'2020-02-24 14:41:25',NULL,'2020-02-24 14:41:25',NULL,'wisnu budhi surya',3,'lazarussp666@gmail.com','08562288482','Bandung','ktp','3211112206770006',3,5,13,'GNW92K','c',NULL,NULL,NULL,0,0,0),(442,285,'2020-02-24 14:41:25',NULL,'2020-02-24 14:41:25',NULL,'vangiga meranggi',1,'bosgiga@gmail.com','08123874091','blabhatu','ktp','5104022210770001',76,5,13,'ZL20OQ','c',NULL,NULL,NULL,0,0,0),(443,286,'2020-02-24 14:41:27',NULL,'2020-02-24 14:41:27',NULL,'Ashadi Donan Kabul',30,'adkabul@gmail.com','08170024862','Jakarta','ktp','3173070412770006',66,5,13,'NKT42B','c',NULL,NULL,NULL,0,0,0),(444,287,'2020-02-24 14:41:30',NULL,'2020-02-24 14:41:30',NULL,'LUH PUTU EGA SURATNINGTYAS',1,'egasuratningtyas30@gmail.com','0895334546352','Perumahan Dewi Sartika no.9, Jalan Dewi Sartika, Semarapura, Klungkung, Bali','ktp','5105037004990002',116,5,13,'K3FN14','c',NULL,NULL,NULL,0,0,0),(445,288,'2020-02-24 14:41:30',NULL,'2020-02-24 14:41:30',NULL,'Gabriella Ratna Putri',30,'gabynaputri@gmail.com','089694234254','jl.ratasena no 54','ktp','3275035609940011',123,5,13,'JBAH1T','c',NULL,NULL,NULL,0,0,0),(446,289,'2020-02-24 14:41:39',NULL,'2020-02-24 14:41:39',NULL,'FANY NURDIANTO',3,'fanynurdianto70@gmail.com','089697746523','Jl. Cigugur Tengah Rt/Rw 006/008 Kel Cigugur tengah Kec Cimahi Tengah','ktp','3204101302920001',3,5,13,'8XAEGH','c',NULL,NULL,NULL,0,0,0),(447,290,'2020-02-24 14:41:42',NULL,'2020-02-24 14:41:42',NULL,'Jane Karen Koswara',3,'gisnagrace@gmail.com','082282281881','Jalan setrasari atas no. 9 Bandung','ktp','3273074801880002',3,5,13,'6YEXZU','c',NULL,NULL,NULL,0,0,0),(448,291,'2020-02-24 14:41:44',NULL,'2020-02-24 14:41:44',NULL,'selwyn ali sjahbana',20,'selwyn.ali@gmail.com','08121700918','raya bukit kencana sari G8','ktp','3578210502760001',112,5,13,'ETIUWD','c',NULL,NULL,NULL,0,0,0),(449,292,'2020-02-24 14:41:45',NULL,'2020-02-24 14:41:45',NULL,'Stefanus Julianto',20,'stefanus.julianto@gmail.com','08170201102','San Antoni N8-16A. Perum Pakuwon City (belakang ITS). Surabaya 60112','ktp','3578031407750001',113,5,13,'PACUSU','c',NULL,NULL,NULL,0,0,0),(450,293,'2020-02-24 14:41:45',NULL,'2020-02-24 14:41:45',NULL,'Rieke Savitri Agustin',3,'kekesavitri12@gmail.com','081220601413','Jl. Cikutra No. 202','ktp','3273145208910001',3,5,13,'FLE6IE','c',NULL,NULL,NULL,0,0,0),(451,294,'2020-02-24 14:41:48',NULL,'2020-02-24 14:41:48',NULL,'TONY HARTOYO',20,'tony_soputra@yahoo.com','0817303000','PERUM GALAXY BUMI PERMAI D3 NO.6, ARAYA TAHAP 1','ktp','3578070704930002',112,5,13,'EFFQUP','c',NULL,NULL,NULL,0,0,0),(452,295,'2020-02-24 14:41:48',NULL,'2020-02-24 14:41:48',NULL,'William Tan',30,'williamtanmail@yahoo.com','08118301360','Tmn Palem Lestari Blk D 6/21','ktp','3173011008920003',123,5,13,'A2RNJN','c',NULL,NULL,NULL,0,0,0),(453,296,'2020-02-24 14:41:52',NULL,'2020-02-24 14:41:52',NULL,'Yudi prasetyo',30,'yudiprasetyo0582@gmail.com','081904183034','Jl budi mulia Rt 12 Rw 07 Pademangan barat jakarta utara','ktp','3312031305980003',62,5,13,'35N0OB','c',NULL,NULL,NULL,0,0,0),(454,297,'2020-02-24 14:41:52',NULL,'2020-02-24 14:41:52',NULL,'Fitriani megariani',3,'megaallicia@gmail.com','089606144907','Jl.binong kulon no123/126G','ktp','3273124902970001',3,5,13,'MWSOI7','c',NULL,NULL,NULL,0,0,0),(455,298,'2020-02-24 14:41:55',NULL,'2020-02-24 14:41:55',NULL,'Deddy Sulaiman',30,'sulaiman.deddy@gmail.com','081511024818','Jl.Bima No 10 RT 11 RW 09 Kemanggisan Palmerah Jakarta Barat','ktp','3172010402870004',91,5,13,'WII9Q9','c',NULL,NULL,NULL,0,0,0),(456,299,'2020-02-24 14:41:56',NULL,'2020-02-24 14:41:56',NULL,'ENDAH SULISTYO UTAMI',30,'endahsulistyo291@gmail.com','081298986712','DUTA BINTARO BLOK F24 NO. 3A RT.005 RW. 010','ktp','3174056911911001',85,5,13,'V8LZ06','c',NULL,NULL,NULL,0,0,0),(457,300,'2020-02-24 14:41:56',NULL,'2020-02-24 14:41:56',NULL,'mahendra pramudita',20,'Mahe.job.88@gmail.com','085853289800','rungkut asri tengah 2/27','ktp','3578032602880002',112,5,13,'V16G2U','c',NULL,NULL,NULL,0,0,0),(458,301,'2020-02-24 14:41:57',NULL,'2020-02-24 14:41:57',NULL,'SONY SUPONO',20,'hoggiprahtama@gmail.com','08971520488','A Yani','ktp','3519110412840003',15,5,13,'VRRE8Y','c',NULL,NULL,NULL,0,0,0),(459,302,'2020-02-24 14:41:59',NULL,'2020-02-24 14:41:59',NULL,'wilsen',30,'Wilsenway@hotmail.com','087880202002',' taman surya 3 blok j1 no 19','ktp','3173062717910008',90,5,13,'I24LYY','c',NULL,NULL,NULL,0,0,0),(460,303,'2020-02-24 14:42:01',NULL,'2020-02-24 14:42:01',NULL,'Riska Nursari',3,'riska.nursari21@gmail.com','085624543483','Jalan baladewa gg2 no 128a Bandung','ktp','3273066105910004',3,5,13,'EDSV3I','c',NULL,NULL,NULL,0,0,0),(461,304,'2020-02-24 14:42:02',NULL,'2020-02-24 14:42:02',NULL,'JOHAN PRIHADI LENGGONO',18,'johanprihadilenggono@gmail.com','08122820876','Jln.Krakatau Raya No.7 Semarang','ktp','3374030907860001',252,5,13,'Y8JY85','c',NULL,NULL,NULL,0,0,0),(462,305,'2020-02-24 14:42:06',NULL,'2020-02-24 14:42:06',NULL,'Fakhmi Yogi',30,'fakhmiyogii@gmail.com','081294239163','Anggrek Loka Blok H No.5 Sekt.II. I BSD - Tangsel','ktp','3674012409919998',90,5,13,'FC96T8','c',NULL,NULL,NULL,0,0,0),(463,306,'2020-02-24 14:42:08',NULL,'2020-02-24 14:42:08',NULL,'HOGGI PRAHTAMA',20,'dedy.setyawan1412@gmail.com','082245270157','PERUM. BPH BLOK L-13/27 GRESIK','ktp','3525040707950001',15,5,13,'Z5GW6C','c',NULL,NULL,NULL,0,0,0),(464,307,'2020-02-24 14:42:09',NULL,'2020-02-24 14:42:09',NULL,'Anis lusangti',30,'lusangtianis@gmail.con','081385421099','Jalan ampera tujuh budi mulya gang IV rt. 07 rw. 12 , pademangan,  jakarta utara ','ktp','3312036108990001',62,5,13,'1C7Q2H','c',NULL,NULL,NULL,0,0,0),(465,308,'2020-02-24 14:42:10',NULL,'2020-02-24 14:42:10',NULL,'Ati Rizki',3,'instaxshopfinance@gmail.com','089618187730','jl.cibaduyut lama','ktp','3273176510940002',3,5,13,'Y8EXOS','c',NULL,NULL,NULL,0,0,0),(466,309,'2020-02-24 14:42:10',NULL,'2020-02-24 14:42:10',NULL,'Johanes Michael Santosa ',20,'johannesmichaelben@gmail.com','0811330220','Graha family utara II/Kav D-25','ktp','3578211803930002',112,5,13,'GGMNMF','c',NULL,NULL,NULL,0,0,0),(467,310,'2020-02-24 14:42:13',NULL,'2020-02-24 14:42:13',NULL,'ARIEF ARIANDI',30,'ARIEFARIANDI20@GMAIL.COM','089623284659','KALIBARU','ktp','3172040812940003',62,5,13,'SJX5BC','c',NULL,NULL,NULL,0,0,0),(468,311,'2020-02-24 14:42:15',NULL,'2020-02-24 14:42:15',NULL,'Sugeng Cahyono',3,'elzaaputriaaprilia01@gmail.com','087821584066','Jl. Mars Utara VI No.12 rt 004/ rw 002','ktp','327323130690002',3,5,13,'8E99RW','c',NULL,NULL,NULL,0,0,0),(469,312,'2020-02-24 14:42:16',NULL,'2020-02-24 14:42:16',NULL,'stefanus julianto',20,'stefanus.julianto@Gmail.com','08170201102','perum pakuwon city , san antonio N8-16A','ktp','3578031407750001',112,5,13,'VFGE7D','c',NULL,NULL,NULL,0,0,0),(470,313,'2020-02-24 14:42:16',NULL,'2020-02-24 14:42:16',NULL,'Anthony',3,'ping_junior@gmail.com','08562228899','A','ktp','32731641049003',3,5,13,'1RJUWE','c',NULL,NULL,NULL,0,0,0),(471,314,'2020-02-24 14:42:17',NULL,'2020-02-24 14:42:17',NULL,'Harli',30,'harliyanto@yahoo.com','08111099599','Jl Camar Indah IV / 2A PIK RT05 RW06 Kapuk Muara Penjaringan Kode Pos 14460','ktp','3173061409650008',91,5,13,'S3JHLV','c',NULL,NULL,NULL,0,0,0),(472,315,'2020-02-24 14:42:18',NULL,'2020-02-24 14:42:18',NULL,'Tina khotimah',3,'tina.khotimah13@gmail.com','085829424667','Kp.cijotang no 28 cibeunying cimenyan','ktp','3204064512000003',118,5,13,'RB0E1S','c',NULL,NULL,NULL,0,0,0),(473,316,'2020-02-24 14:42:22',NULL,'2020-02-24 14:42:22',NULL,'Gabriel Steven',30,'milk5hak3@yahoo.com','08176773868','Jakarta Utara','ktp','3172021011930001',66,5,13,'806P73','c',NULL,NULL,NULL,0,0,0),(474,317,'2020-02-24 14:42:25',NULL,'2020-02-24 14:42:25',NULL,'Grace Natalia Susanto',3,'catchop2124@gmail.com','087714759204','jalan rumah sakit no 118','ktp','1305180403579',3,5,13,'O4JZZG','c',NULL,NULL,NULL,0,0,0),(475,318,'2020-02-24 14:42:28',NULL,'2020-02-24 14:42:28',NULL,'risna dewi rahayu',3,'littleloveid@yahoo.com','087722445566','Kp. Bukanagara Pagerwangi Lembang','ktp','3217015504990003',3,5,13,'ERRYRA','c',NULL,NULL,NULL,0,0,0),(476,319,'2020-02-24 14:42:30',NULL,'2020-02-24 14:42:30',NULL,'fitri',8,'fitrithokk@gmail.com','0895378143609','jl. affandi no. 35 caturtunggal, depok, sleman, yogyakarta','ktp','3307026101990005',37,5,13,'FO0K9E','c',NULL,NULL,NULL,0,0,0),(477,320,'2020-02-24 14:42:31',NULL,'2020-02-24 14:42:31',NULL,'tania isabela',3,'taniaisabella2@gmail.com','0895630627757','jl.cihampelas no.17 rt.03 rw.04','ktp','3273026008960006',3,5,13,'KLELLF','c',NULL,NULL,NULL,0,0,0),(478,321,'2020-02-24 14:42:38',NULL,'2020-02-24 14:42:38',NULL,'Anthony junior',3,'sotobanjir@gmail.com','08562228899','Jl rumah sakit no 118','ktp','3273290606860003',3,5,13,'TZAOIP','c',NULL,NULL,NULL,0,0,0),(479,322,'2020-02-24 14:42:38',NULL,'2020-02-24 14:42:38',NULL,'Zany susanto',30,'zanysusanto@gmail.com','08151628636','Jl. Kakap III NO.11 RT 009/005 JATI, PULOGADUNG, JAKARTA TIMUR','ktp','3175020804710007',91,5,13,'43J5X9','c',NULL,NULL,NULL,0,0,0),(480,323,'2020-02-24 14:42:40',NULL,'2020-02-24 14:42:40',NULL,'Tai Peng',30,'motretdijalan@gmail.com','0811773812','komp. Orchid Garden Blok F No.12B  RT 02 RW 05 Baloi Indah, Lubuk Baja','ktp','2171062106660002',91,5,13,'XR8TSE','c',NULL,NULL,NULL,0,0,0),(481,324,'2020-02-24 14:42:43',NULL,'2020-02-24 14:42:43',NULL,'Tjhan meysia steohannie',30,'ridhomutawakkil79@gmail.com','081807063637','Taman marina asri blk B 3 F no.19','ktp','3172054609800003',62,5,13,'KGBNCX','c',NULL,NULL,NULL,0,0,0),(482,325,'2020-02-24 14:43:09',NULL,'2020-02-24 14:43:09',NULL,'Rheza C Cahyadi',3,'caniggiareza@gmail.com','085780469000','Jl. Braga No. 91 Sumur Bandung, Bandung, Jawa Barat 40111','ktp','3273051804950004',118,5,13,'CVMIDX','c',NULL,NULL,NULL,0,0,0),(483,326,'2020-02-24 14:43:16',NULL,'2020-02-24 14:43:16',NULL,'Himawan setyoko',20,'himawansetyoko11@gmail.com','089616132862','Lidah Harapan Blok AD no 7','ktp','3578041510900006',112,5,13,'4WGWFR','c',NULL,NULL,NULL,0,0,0),(484,327,'2020-02-24 14:43:18',NULL,'2020-02-24 14:43:18',NULL,'Fahroni Arifin',30,'faharifin@gmail.com','0816782244','Jakarta','ktp','3276062204810007',62,5,13,'LPBQTE','c',NULL,NULL,NULL,0,0,0),(485,328,'2020-02-24 14:43:30',NULL,'2020-02-24 14:43:30',NULL,'rofi fathurohman al baihaqi',3,'rofiardiansyahputra@gmail.com','081221597506','jl.terusan buah batu 34/2','ktp','3273212007970000',3,5,13,'YKIG98','c',NULL,NULL,NULL,0,0,0),(486,329,'2020-02-24 14:43:36',NULL,'2020-02-24 14:43:36',NULL,'Thomas Tito Andri P',8,'thomastito343@gmail.com','081227171021','gajihan klaten','ktp','33720103033870001',37,5,13,'7T2MEP','c',NULL,NULL,NULL,0,0,0),(487,330,'2020-02-24 14:43:37',NULL,'2020-02-24 14:43:37',NULL,'Jerry Budiman',20,'li_li_ng@yahoo.com','081717897893','dharma husada inda tengah 1/2c','ktp','3578262602909999',112,5,13,'TX04ZK','c',NULL,NULL,NULL,0,0,0),(488,331,'2020-02-24 14:43:42',NULL,'2020-02-24 14:43:42',NULL,'Masnuri',8,'enu_ray_yuli@yahoo.com','081804048129','Kadipiro rt05 kasihan bantul','ktp','3402161702870002',37,5,13,'QVHTT1','c',NULL,NULL,NULL,0,0,0),(489,332,'2020-02-24 14:43:54',NULL,'2020-02-24 14:43:54',NULL,'WIDODO',8,'ray@rayjogja.com','087845676043','Jl. AFANDI N0 35 CATURTUNGGAL DEPOK SLEMAN','ktp','3312012802840002',37,5,13,'QW1NTH','c',NULL,NULL,NULL,0,0,0),(490,333,'2020-02-24 14:43:59',NULL,'2020-02-24 14:43:59',NULL,'Rheza C Cahyadi',3,'caniggiareza@gmail.com','085780469000','Jl. Braga No. 91 Sumur Bandung, Bandung, Jawa Barat 40111','ktp','3273051804950004',118,5,13,'83FIZI','c',NULL,NULL,NULL,0,0,0),(491,334,'2020-02-24 14:44:03',NULL,'2020-02-24 14:44:03',NULL,'olivia petricia',30,'oliviapetricia@gmail.com','087775643221','citra garden 3 ext b12 no 6 kel pegadungan kec kalideres jakarta barat 11830','ktp','3276054109870010',90,5,13,'AV0KKV','c',NULL,NULL,NULL,0,0,0),(492,335,'2020-02-24 14:44:05',NULL,'2020-02-24 14:44:05',NULL,'Ricky Tendean',30,'rickytendean01@gmail.com','085255835555','Rappocini raya no168A makssar','ktp','7302010950005',90,5,13,'6SG95I','c',NULL,NULL,NULL,0,0,0),(524,351,'2020-09-25 11:02:51',NULL,'2020-09-25 11:02:51',NULL,'william januar wiryadi',3,'williamjanuariwiryadi@gmail.com','081322255881','jalan rumah sakit no 118','ktp','3273292001890004',3,6,14,'B4B6DU','c',NULL,NULL,NULL,0,0,0),(523,350,'2020-09-25 11:02:51',NULL,'2020-09-25 11:02:51',NULL,'Elina Rahayu',3,'elinarahayu24@gmail.com','085641203525','Kradenan RT 02 RW 03, Ds. Pugeran, Kec. Karangdowo, Kam. Klaten, Jawa Tengah','ktp','3310136412990001',3,6,14,'QW0R02','c',NULL,NULL,NULL,0,0,0),(522,349,'2020-09-25 11:02:42',NULL,'2020-09-25 11:02:42',NULL,'AGUS SUGIARTO',12,'habsari83@gmail.com','08113609926','JL.BUKIT DIENG L II RT.007 / RW.005 KEL.PISANGCANDI, KEC.SUKUN MALANG','ktp','3573042608910008',241,6,14,'LD5OQP','c',NULL,NULL,NULL,0,0,0),(521,348,'2020-09-25 11:02:41',NULL,'2020-09-25 11:02:41',NULL,'Henry Wibowo',30,'hzwibowo@hotmail.com','0817852074','Jl. Kedoya Agave VII Blok C1/10 Jakarta 11520','ktp','3171070508740005',90,6,14,'HG0JFU','c',NULL,NULL,NULL,0,0,0),(520,347,'2020-09-25 11:02:34',NULL,'2020-09-25 11:02:34',NULL,'Ardian Atmaka',30,'sales@fujishopid.com','08111805248','Jl. Pancoran Timur III / No.5, Kelurahan Pancoran, Kecamatan Pancoran, Jakarta Selatan 12780','ktp','3174082502840005',90,6,14,'KKG4D4','c',NULL,NULL,NULL,0,0,0),(516,343,'2020-09-25 11:02:20',NULL,'2020-09-25 11:02:20',NULL,'anthony',3,'sotobanjir@gmail.com','08562228899','a','ktp','327329060686003',3,6,14,'14KZE4','c',NULL,NULL,NULL,0,0,0),(517,344,'2020-09-25 11:02:24',NULL,'2020-09-25 11:02:24',NULL,'setyawanardi nugroho ',8,'ardy.last@gmail.com','082257117333','jln Gejayan No 8 yogyakarta','ktp','3403041104829978',38,6,14,'0JK0BW','c',NULL,NULL,NULL,0,0,0),(518,345,'2020-09-25 11:02:26',NULL,'2020-09-25 11:02:26',NULL,'PRASTIKA WATI',20,'wati.prastika@gmail.com','082233011143','JL. KEBONSARI NO. 23A SURABAYA','ktp','3525024908930001',15,6,14,'RCLO4P','c',NULL,NULL,NULL,0,0,0),(519,346,'2020-09-25 11:02:28',NULL,'2020-09-25 11:02:28',NULL,'FITRIA WAHYUNI',20,'vicfitmanik@gmail.com','085235446703','KEMLATEN 6/11 SURABAYA','ktp','3578014109780010',15,6,14,'BL31R3','c',NULL,NULL,NULL,0,0,0),(514,341,'2020-09-25 11:01:48',NULL,'2020-09-25 11:01:48',NULL,'grace natalia susanto',3,'gisna@live.com','08121445566','jalan samiaji no 29a','ktp','3273194407880006',3,6,14,'OJRNKT','c',NULL,NULL,NULL,0,0,0),(515,342,'2020-09-25 11:02:08',NULL,'2020-09-25 11:02:08',NULL,'Nur Pratiwi',20,'pratiwisasongko8601@gmail.com','0822 45092529','Jl Sumatra, Balung Jember','ktp','3509105088800001',15,6,14,'NW2F3L','c',NULL,NULL,NULL,0,0,0),(509,352,'2020-09-25 08:39:48',1,'2020-09-25 08:39:48',1,'Salsabila',30,'salsabilaj14@gmail.com','081241306666','Jl. Bekasi timur I','ktp','12345678',69,6,14,'KZ9B11','c',NULL,NULL,NULL,0,0,0),(510,353,'2020-09-25 08:48:56',NULL,'2020-09-25 08:48:56',NULL,'Wawan Setiawan',30,'wawan.setiawan@fujifilm.com','08111901574','Depok II','ktp','123456789',69,6,14,'QN01O5','c',NULL,NULL,NULL,0,0,0),(511,354,'2020-09-25 08:49:08',NULL,'2020-09-25 08:49:08',NULL,'saras',30,'sarasyanti@fujifilm.com','081242825992','makassar','ktp','7299999999976',69,6,14,'PBEMTA','c',NULL,NULL,NULL,0,0,0),(512,355,'2020-09-25 08:49:09',NULL,'2020-09-25 08:49:09',NULL,'Eko Yu',30,'eko.yulianto@fujifilm.com','11111111111111','aaaaaaaaaaaaaaaaa','ktp','222222222222222',69,6,14,'R9DTLD','c',NULL,NULL,NULL,0,0,0),(513,356,'2020-09-25 08:49:13',NULL,'2020-09-25 08:49:13',NULL,'Suryanto Bastian',30,'sur_oke@yahoo.com','08111536544','Jln.Waringin Jakarta Timur','ktp','24212421',69,6,14,'PJTWFV','c',NULL,NULL,NULL,0,0,0),(525,352,'2020-09-25 11:02:51',NULL,'2020-09-25 11:02:51',NULL,'TRI S',30,'suharyanta11@gmail.com','087884898243','desa keduanan blok ramin','ktp','3171041110970002',85,6,14,'BCIAAH','c',NULL,NULL,NULL,0,0,0),(526,353,'2020-09-25 11:02:59',NULL,'2020-09-25 11:02:59',NULL,'Firliyanti Firena Putri',3,'Firliyanti21@gmail.com','087714759204','Jalan paledang 153, rt 03 rw02, campaka, andir, kota bandung 40184','ktp','3273056107000009',3,6,14,'JV7A0P','c',NULL,NULL,NULL,0,0,0),(527,354,'2020-09-25 11:02:59',NULL,'2020-09-25 11:02:59',NULL,'I Gede Radiva Hitaharsana Robed',1,'hitaharsanaradiva@gmail.com','087853682653','Jl. Tukad Petanu Gang Merak No.5 Denpasar, Bali','ktp','5171012103990002',116,6,14,'RSGT9U','c',NULL,NULL,NULL,0,0,0),(528,355,'2020-09-25 11:03:02',NULL,'2020-09-25 11:03:02',NULL,'Jeremy Wans',3,'wanse_2010@yahoo.com','0811922677','Depok II','ktp','12345678',3,6,14,'Q58DMW','c',NULL,NULL,NULL,0,0,0),(529,356,'2020-09-25 11:03:04',NULL,'2020-09-25 11:03:04',NULL,'Mustika Dewi',3,'mustikaelfishy70@gmail.com','0895397984481','Sanggar Indah Banjaran Blok K7 No.27 RT.01/RW.11 desa. Nagrak kec.cangkuang  Kabupaten Bandung','ktp','3204445707970002',3,6,14,'2JNG6R','c',NULL,NULL,NULL,0,0,0),(530,357,'2020-09-25 11:03:08',NULL,'2020-09-25 11:03:08',NULL,'Tirta Yudhistira',30,'yudhistirta@gmail.com','08119292230','Jl, Dukuh III No 31 RT 10 RW 02 Kel, Dukuh Kec. Kramat Jati, Jakarta Timur','ktp','3175040204930002',90,6,14,'9COBG5','c',NULL,NULL,NULL,0,0,0),(531,358,'2020-09-25 11:03:11',NULL,'2020-09-25 11:03:11',NULL,'Atharis Haidar',20,'trisasongkoagus49@gmail.com','081316486668','Jl wiyung, Jajar tunggal Surabaya','ktp','3509100051400001',15,6,14,'SJ7Z4G','c',NULL,NULL,NULL,0,0,0),(532,359,'2020-09-25 11:03:12',NULL,'2020-09-25 11:03:12',NULL,'Cahyati surtikanti',3,'surtikanticahyati28@gmail.com','089604187387','Ko.sekepeer RT.06/RW.04','ktp','3273306804990004',3,6,14,'IY9N9K','c',NULL,NULL,NULL,0,0,0),(533,360,'2020-09-25 11:03:20',NULL,'2020-09-25 11:03:20',NULL,'Cahyati surtikanti',3,'surtikanticahyati28@gmail.com','089604187387','Ko.sekepeer RT.06/RW.04','ktp','3273306804990004',3,6,14,'I7XED4','c',NULL,NULL,NULL,0,0,0),(534,361,'2020-09-25 11:03:28',NULL,'2020-09-25 11:03:28',NULL,'Rizky Malik Febrianto',21,'rizkymfebr@gmail.com','087882389339','Asrama Polri Ciledug RT 5 RW 2 No. 1','ktp','3671060202980007',257,6,14,'JHBKE9','c',NULL,NULL,NULL,0,0,0),(535,362,'2020-09-25 11:03:34',NULL,'2020-09-25 11:03:34',NULL,'Adhitya Fandi Syah',8,'adhitya.adit23@gmail.com','082162903678','Karangasem gempol 004/012 condongcatur yk','ktp','3404072301990001',38,6,14,'K5AOI3','c',NULL,NULL,NULL,0,0,0),(536,363,'2020-09-25 11:03:35',NULL,'2020-09-25 11:03:35',NULL,'Ati Rizki Masroroh',3,'atirizki11@gmail.com','089618187730','jl.Cibaduyut lama Rt.07 rw.06 kel.kebonlega kec.bojongloa kidul','ktp','3273176510940001',3,6,14,'JH6PTY','c',NULL,NULL,NULL,0,0,0),(537,364,'2020-09-25 11:03:36',NULL,'2020-09-25 11:03:36',NULL,'nopi yuliani',3,'nopiyuliani39@gmail.com','085795098932','jl.laswi Gg babakan garut rt.04 rw.10','ktp','3273126607970005',3,6,14,'KGSIT9','c',NULL,NULL,NULL,0,0,0),(538,365,'2020-09-25 11:03:39',NULL,'2020-09-25 11:03:39',NULL,'Risma Efriani',3,'rismaefriani1991@gmail.com','08818387548','L.Binong Jati No. 4 RT 09 RW 03 KEL.Binong  KEC.Batununggal','ktp','3204086910010003',3,6,14,'MCTJZL','c',NULL,NULL,NULL,0,0,0),(539,366,'2020-09-25 11:03:40',NULL,'2020-09-25 11:03:40',NULL,'Devi Safitri',7,'devisafitri.sa@gmail.com','08881226959','Jl Duren Tiga Selatan VII','ktp','3174034912990004',46,6,14,'2I4BDU','c',NULL,NULL,NULL,0,0,0),(540,367,'2020-09-25 11:03:46',NULL,'2020-09-25 11:03:46',NULL,'Triana Supihani',3,'trianaasphni@gmail.com','089690582210','Kp.cilisung kulon no 10 rt02 rw16 ds Sukamenak kec Margahayu kab bandung','ktp','3204094809010003',3,6,14,'K9VPHV','c',NULL,NULL,NULL,0,0,0),(541,368,'2020-09-25 11:03:53',NULL,'2020-09-25 11:03:53',NULL,'KATIRAN',20,'katiranreog@gmail.com','082244754567','DUSUN KRAJAN GRESIK','ktp','3525060202670001',15,6,14,'BQQWSQ','c',NULL,NULL,NULL,0,0,0),(542,369,'2020-09-25 11:04:03',NULL,'2020-09-25 11:04:03',NULL,'GATOT BUDITOMO',20,'gatotbuditomowijaya@gmail.com','08573-2349-281','08573-2349-281','ktp','3578051056500006',15,6,14,'10Z37S','c',NULL,NULL,NULL,0,0,0),(543,370,'2020-09-25 11:04:04',NULL,'2020-09-25 11:04:04',NULL,'DEDY SETYAWAN',20,'dedy.setyawan1412@gmail.com','082245270157','JL. KEBONSARI NO. 23A SURABAYA','ktp','3578231412930003',15,6,14,'IN6DGB','c',NULL,NULL,NULL,0,0,0);

--
-- Table structure for table `default_so_special_offer`
--

CREATE TABLE `default_so_special_offer` (
  `id` int(10) unsigned NOT NULL AUTO_INCREMENT,
  `sort_order` int(11) DEFAULT NULL,
  `created_at` datetime NOT NULL,
  `created_by_id` int(11) DEFAULT NULL,
  `updated_at` datetime DEFAULT NULL,
  `updated_by_id` int(11) DEFAULT NULL,
  `slug` varchar(255) COLLATE utf8_unicode_ci NOT NULL,
  `promo_banner_image_id` int(11) NOT NULL,
  `promo_banner_image_data` text COLLATE utf8_unicode_ci,
  `banner_image_id` int(11) NOT NULL,
  `banner_image_data` text COLLATE utf8_unicode_ci,
  `starting_date` datetime NOT NULL,
  `ending_date` datetime NOT NULL,
  `is_enabled` tinyint(1) DEFAULT '0',
  `is_private` tinyint(1) DEFAULT '0',
  `promo_banner_caption_color` varchar(255) COLLATE utf8_unicode_ci NOT NULL DEFAULT '#000000',
  PRIMARY KEY (`id`),
  UNIQUE KEY `2f2b265625d76a6704b08093c652fd79` (`slug`)
) ENGINE=MyISAM AUTO_INCREMENT=7 DEFAULT CHARSET=utf8 COLLATE=utf8_unicode_ci;

--
-- Dumping data for table `default_so_special_offer`
--

INSERT INTO `default_so_special_offer` VALUES (1,1,'2018-10-16 17:56:03',1,'2018-12-10 11:45:54',1,'special-offer-1',80,'{\"x\":0,\"y\":0,\"width\":1365,\"height\":750}',81,'{\"x\":0,\"y\":0,\"width\":1365,\"height\":809}','2018-10-29 12:30:00','2018-12-10 22:00:00',1,1,'#000000'),(2,2,'2018-11-19 18:58:44',1,'2019-01-07 18:17:18',1,'gfx-launching',935,'{\"x\":0,\"y\":0,\"width\":1365,\"height\":750}',936,'{\"x\":0,\"y\":0,\"width\":1365,\"height\":808}','2018-11-26 10:00:00','2018-12-26 22:00:00',1,1,'#ffffff'),(3,3,'2019-11-14 14:54:06',1,'2019-11-22 11:40:49',1,'micro-ad-test',80,'{\"x\":0,\"y\":0,\"width\":1365,\"height\":750}',81,'{\"x\":0,\"y\":0,\"width\":1365,\"height\":809}','2019-11-14 12:00:00','2019-11-21 12:00:00',0,0,'#000000'),(4,4,'2019-11-21 10:10:51',1,'2020-02-08 21:26:54',1,'pre-order-x-pro3',2025,'{\"x\":0,\"y\":0,\"width\":1336,\"height\":733}',2024,'{\"x\":0,\"y\":0,\"width\":1335,\"height\":790}','2019-11-23 18:00:00','2020-02-08 23:59:00',1,1,'#000000'),(5,5,'2020-02-20 18:23:23',1,'2020-06-23 17:48:26',1,'pre-order-x100v-first-100th-edition',2059,'{\"x\":0,\"y\":8,\"width\":1336,\"height\":733}',2059,'{\"x\":34,\"y\":0,\"width\":1266,\"height\":750}','2020-02-24 14:05:00','2020-02-25 23:59:00',0,1,'#000000'),(6,6,'2020-09-23 10:27:42',1,'2020-09-25 08:57:59',1,'pre-order-fujinon-xf50mmf1-0-r-wr',2074,'{\"x\":0,\"y\":1,\"width\":1280,\"height\":702}',2074,'{\"x\":44,\"y\":0,\"width\":1190,\"height\":704}','2020-09-25 11:00:00','2020-09-28 12:00:00',1,1,'#000000');

--
-- Table structure for table `default_so_special_offer_special_offer_dealer`
--

CREATE TABLE `default_so_special_offer_special_offer_dealer` (
  `id` int(10) unsigned NOT NULL AUTO_INCREMENT,
  `entry_id` int(11) NOT NULL,
  `related_id` int(11) NOT NULL,
  `sort_order` int(11) DEFAULT NULL,
  PRIMARY KEY (`id`),
  UNIQUE KEY `f1cd6477dab04f12dd06cd50535fb5d6` (`entry_id`,`related_id`)
) ENGINE=MyISAM AUTO_INCREMENT=904 DEFAULT CHARSET=utf8 COLLATE=utf8_unicode_ci;

--
-- Dumping data for table `default_so_special_offer_special_offer_dealer`
--

INSERT INTO `default_so_special_offer_special_offer_dealer` VALUES (1,1,1,0),(2,1,2,1),(3,1,4,2),(4,1,42,3),(119,2,127,56),(6,2,46,0),(118,2,122,55),(117,2,120,54),(116,2,123,53),(115,2,119,52),(114,2,111,51),(113,2,110,50),(112,2,105,49),(111,2,103,48),(110,2,102,47),(109,2,101,46),(108,2,98,45),(107,2,96,44),(106,2,95,43),(105,2,94,42),(104,2,93,41),(103,2,92,40),(102,2,91,39),(101,2,90,38),(100,2,88,37),(99,2,86,36),(98,2,68,35),(97,2,69,34),(96,2,67,33),(95,2,66,32),(94,2,65,31),(93,2,64,30),(92,2,63,29),(91,2,62,28),(90,2,61,27),(89,2,60,26),(88,2,42,25),(87,2,40,24),(86,2,39,23),(85,2,38,22),(84,2,37,21),(83,2,36,20),(82,2,35,19),(81,2,34,18),(80,2,33,17),(79,2,32,16),(78,2,31,15),(77,2,30,14),(76,2,29,13),(75,2,27,12),(74,2,26,11),(73,2,25,10),(72,2,24,9),(71,2,23,8),(70,2,22,7),(69,2,21,6),(68,2,20,5),(67,2,19,4),(66,2,18,3),(65,2,17,2),(64,2,16,1),(120,2,47,57),(121,2,48,58),(122,2,49,59),(123,2,50,60),(124,2,53,61),(125,2,54,62),(126,2,55,63),(127,2,56,64),(128,2,51,65),(129,2,52,66),(130,2,57,67),(131,2,58,68),(132,2,59,69),(133,2,106,70),(134,2,107,71),(135,2,108,72),(136,2,109,73),(137,2,1,74),(138,2,2,75),(139,2,3,76),(140,2,5,77),(141,2,4,78),(142,2,6,79),(143,2,7,80),(144,2,8,81),(145,2,118,82),(146,2,11,83),(147,2,12,84),(148,2,13,85),(149,2,14,86),(150,2,99,87),(151,2,100,88),(152,2,104,89),(153,2,70,90),(154,2,129,91),(155,2,128,92),(156,2,15,93),(157,2,112,94),(158,2,113,95),(159,2,71,96),(160,2,72,97),(161,2,73,98),(162,2,76,99),(163,2,77,100),(164,2,78,101),(165,2,79,102),(166,2,116,103),(167,2,85,104),(168,2,87,105),(169,3,1,0),(170,3,8,1),(171,3,12,2),(172,4,23,7),(173,4,85,74),(174,4,86,75),(175,4,87,76),(176,4,1,0),(177,4,102,87),(178,4,103,88),(179,4,90,77),(180,4,69,60),(181,4,67,59),(377,5,4,3),(183,4,16,18),(184,4,17,19),(185,4,18,20),(186,4,19,21),(187,4,20,22),(188,4,21,23),(189,4,22,24),(190,4,92,79),(191,4,93,80),(192,4,94,81),(193,4,91,78),(194,4,35,34),(195,4,95,82),(196,4,96,83),(197,4,98,84),(198,4,101,86),(199,4,147,110),(200,4,49,46),(201,4,148,10),(202,4,175,120),(203,4,136,107),(204,4,134,104),(205,4,135,105),(206,4,171,118),(207,4,173,119),(208,4,176,121),(209,4,168,117),(210,4,167,116),(211,4,105,90),(212,4,120,11),(213,4,137,108),(214,4,149,114),(215,4,150,115),(216,4,46,43),(217,4,63,55),(218,4,64,56),(219,4,123,101),(220,4,65,57),(221,4,79,69),(222,4,110,95),(223,4,60,8),(224,4,61,9),(225,4,62,54),(226,4,4,3),(227,4,66,58),(228,4,144,111),(229,4,104,89),(230,4,2,1),(231,4,3,2),(232,4,118,100),(233,4,5,4),(234,4,140,106),(376,5,2,2),(236,4,7,5),(237,4,8,6),(238,4,9,12),(239,4,10,13),(240,4,11,14),(241,4,12,15),(242,4,13,16),(243,4,15,17),(244,4,112,97),(245,4,113,98),(246,4,71,61),(247,4,72,62),(248,4,73,63),(249,4,74,64),(250,4,37,36),(251,4,38,37),(252,4,39,38),(312,4,190,136),(311,4,184,135),(255,4,36,35),(256,4,40,39),(257,4,42,40),(258,4,44,41),(259,4,45,42),(260,4,30,29),(261,4,31,30),(262,4,32,31),(263,4,33,32),(264,4,34,33),(265,4,76,66),(266,4,77,67),(267,4,78,68),(268,4,116,99),(269,4,75,65),(270,4,100,85),(271,4,138,109),(272,4,51,47),(273,4,52,48),(274,4,59,53),(275,4,58,52),(276,4,57,51),(277,4,108,93),(278,4,109,94),(279,4,107,92),(280,4,106,91),(281,4,47,44),(282,4,48,45),(283,4,54,50),(284,4,53,49),(285,4,80,70),(286,4,145,112),(287,4,146,113),(288,4,82,71),(289,4,83,72),(290,4,84,73),(291,4,114,96),(292,4,130,103),(293,4,25,26),(294,4,26,27),(295,4,27,25),(296,4,29,28),(297,4,128,102),(298,4,192,122),(299,4,199,123),(300,4,200,124),(301,4,250,125),(302,4,251,126),(303,4,252,127),(304,4,253,128),(305,4,202,129),(306,4,203,130),(307,4,204,131),(308,4,205,132),(309,4,206,133),(310,4,179,134),(313,4,191,137),(314,4,193,138),(315,4,195,139),(316,4,183,140),(317,4,198,141),(318,4,207,142),(319,4,208,143),(320,4,209,144),(321,4,210,145),(322,4,211,146),(323,4,213,147),(324,4,215,148),(325,4,216,149),(326,4,201,150),(327,4,218,151),(328,4,219,152),(329,4,221,153),(330,4,222,154),(331,4,223,155),(332,4,224,156),(333,4,225,157),(334,4,226,158),(335,4,227,159),(336,4,228,160),(337,4,229,161),(374,5,1,0),(339,4,231,162),(340,4,232,163),(341,4,233,164),(342,4,234,165),(343,4,236,166),(344,4,235,167),(345,4,237,168),(346,4,254,169),(347,4,180,170),(348,4,181,171),(349,4,182,172),(350,4,185,173),(351,4,186,174),(352,4,187,175),(353,4,212,176),(354,4,214,177),(355,4,217,178),(375,5,3,1),(357,4,243,179),(358,4,242,180),(359,4,244,181),(360,4,245,182),(361,4,246,183),(362,4,247,184),(363,4,248,185),(364,4,188,186),(365,4,189,187),(366,4,194,188),(367,4,196,189),(368,4,197,190),(369,4,255,191),(370,4,240,192),(371,4,239,193),(372,4,238,194),(373,4,249,195),(742,6,61,41),(379,5,6,4),(380,5,7,5),(381,5,8,6),(382,5,9,7),(383,5,10,8),(384,5,11,9),(385,5,12,10),(386,5,13,11),(387,5,15,12),(388,5,16,13),(389,5,17,14),(390,5,18,15),(391,5,19,16),(392,5,20,17),(393,5,21,18),(394,5,22,19),(395,5,23,20),(396,5,24,21),(397,5,25,22),(398,5,26,23),(399,5,27,24),(400,5,29,25),(401,5,30,26),(402,5,31,27),(403,5,32,28),(404,5,33,29),(405,5,34,30),(406,5,35,31),(407,5,36,32),(408,5,37,33),(409,5,38,34),(410,5,39,35),(411,5,40,36),(412,5,42,37),(413,5,44,38),(414,5,45,39),(415,5,46,40),(416,5,47,41),(417,5,48,42),(418,5,49,43),(419,5,50,44),(420,5,51,45),(421,5,52,46),(422,5,53,47),(423,5,54,48),(424,5,55,49),(425,5,56,50),(426,5,57,51),(427,5,58,52),(428,5,59,53),(429,5,60,54),(430,5,61,55),(431,5,62,56),(432,5,63,57),(433,5,64,58),(434,5,256,59),(740,6,59,39),(739,6,58,38),(437,5,239,60),(438,5,240,61),(439,5,241,62),(738,6,57,37),(737,6,56,36),(736,6,55,35),(735,6,54,34),(734,6,53,33),(731,6,50,32),(448,5,250,63),(449,5,251,64),(450,5,252,65),(451,5,253,66),(730,6,49,31),(729,6,48,30),(728,6,47,29),(727,6,46,28),(724,6,42,27),(723,6,40,26),(722,6,39,25),(721,6,38,24),(720,6,37,23),(719,6,36,22),(718,6,35,21),(717,6,34,20),(466,5,238,67),(716,6,33,19),(715,6,32,18),(714,6,31,17),(713,6,30,16),(712,6,29,15),(472,5,212,68),(711,6,26,14),(710,6,27,13),(709,6,25,12),(477,5,217,69),(482,5,69,70),(680,5,150,151),(679,5,144,150),(678,5,147,149),(677,5,135,148),(676,5,131,147),(675,5,130,146),(674,5,128,145),(673,5,126,144),(672,5,120,143),(671,5,175,142),(670,5,173,141),(669,5,168,140),(668,5,167,139),(666,5,184,138),(665,5,148,137),(663,5,149,136),(662,5,123,135),(661,5,110,134),(660,5,105,133),(659,5,101,132),(658,5,98,131),(657,5,96,130),(656,5,95,129),(655,5,91,128),(654,5,90,127),(653,5,86,126),(652,5,85,125),(651,5,67,124),(650,5,66,123),(647,5,183,122),(646,5,137,121),(645,5,102,120),(644,5,195,119),(643,5,171,118),(642,5,134,117),(641,5,104,116),(640,5,68,115),(639,5,113,114),(638,5,112,113),(637,5,74,112),(636,5,73,111),(635,5,72,110),(634,5,71,109),(633,5,70,108),(632,5,138,107),(631,5,100,106),(699,6,15,11),(629,5,192,105),(628,5,189,104),(627,5,109,103),(626,5,108,102),(625,5,107,101),(624,5,106,100),(623,5,146,99),(622,5,145,98),(698,6,13,10),(619,5,84,97),(618,5,83,96),(617,5,82,95),(616,5,80,94),(615,5,79,93),(696,6,11,9),(695,6,10,8),(612,5,75,92),(611,5,143,91),(610,5,142,90),(694,6,9,7),(693,6,8,6),(692,6,7,5),(691,6,6,4),(604,5,193,89),(603,5,191,88),(602,5,190,87),(601,5,179,86),(600,5,136,85),(599,5,133,84),(598,5,132,83),(597,5,111,82),(596,5,103,81),(595,5,94,80),(594,5,93,79),(593,5,92,78),(592,5,87,77),(591,5,65,76),(741,6,60,40),(743,6,62,42),(744,6,63,43),(745,6,64,44),(586,5,118,75),(585,5,116,74),(584,5,78,73),(583,5,77,72),(582,5,76,71),(689,6,4,3),(688,6,3,2),(687,6,2,1),(684,5,187,152),(686,6,1,0),(746,6,65,45),(747,6,66,46),(748,6,67,47),(750,6,69,48),(751,6,70,49),(753,6,72,50),(754,6,73,51),(756,6,75,52),(757,6,76,53),(758,6,77,54),(759,6,78,55),(760,6,79,56),(761,6,80,57),(762,6,82,58),(763,6,83,59),(764,6,84,60),(765,6,85,61),(766,6,86,62),(767,6,87,63),(768,6,90,64),(769,6,91,65),(770,6,92,66),(771,6,93,67),(772,6,94,68),(773,6,95,69),(774,6,96,70),(776,6,100,71),(777,6,101,72),(778,6,102,73),(779,6,103,74),(780,6,104,75),(782,6,106,76),(783,6,107,77),(784,6,108,78),(785,6,109,79),(786,6,110,80),(787,6,111,81),(789,6,112,82),(790,6,113,83),(791,6,116,84),(792,6,118,85),(793,6,123,86),(794,6,120,87),(796,6,128,88),(797,6,130,89),(798,6,132,90),(800,6,133,91),(801,6,134,92),(803,6,135,93),(805,6,136,94),(809,6,138,95),(810,6,147,96),(812,6,145,97),(814,6,146,98),(823,6,179,99),(824,6,180,100),(827,6,183,101),(831,6,187,102),(833,6,189,103),(834,6,190,104),(835,6,191,105),(836,6,192,106),(837,6,193,107),(881,6,239,108),(883,6,241,109),(885,6,257,110),(887,6,258,111),(889,6,259,112),(891,6,260,113),(893,6,261,114),(899,6,252,115),(903,6,256,116);

--
-- Table structure for table `default_so_special_offer_translations`
--

CREATE TABLE `default_so_special_offer_translations` (
  `id` int(10) unsigned NOT NULL AUTO_INCREMENT,
  `entry_id` int(11) NOT NULL,
  `created_at` datetime NOT NULL,
  `created_by_id` int(11) DEFAULT NULL,
  `updated_at` datetime DEFAULT NULL,
  `updated_by_id` int(11) DEFAULT NULL,
  `locale` varchar(255) COLLATE utf8_unicode_ci NOT NULL,
  `name` varchar(255) COLLATE utf8_unicode_ci DEFAULT NULL,
  `promo_banner_title` varchar(100) COLLATE utf8_unicode_ci DEFAULT NULL,
  `promo_banner_short_description` varchar(255) COLLATE utf8_unicode_ci DEFAULT NULL,
  `banner_featured_title` varchar(100) COLLATE utf8_unicode_ci DEFAULT NULL,
  `banner_title` varchar(100) COLLATE utf8_unicode_ci DEFAULT NULL,
  `banner_short_description` varchar(255) COLLATE utf8_unicode_ci DEFAULT NULL,
  `terms_content` text COLLATE utf8_unicode_ci,
  `notes` text COLLATE utf8_unicode_ci,
  PRIMARY KEY (`id`),
  KEY `so_special_offer_translations_locale_index` (`locale`)
) ENGINE=MyISAM AUTO_INCREMENT=13 DEFAULT CHARSET=utf8 COLLATE=utf8_unicode_ci;

--
-- Dumping data for table `default_so_special_offer_translations`
--

INSERT INTO `default_so_special_offer_translations` VALUES (1,1,'2018-10-16 17:56:03',NULL,'2018-11-12 14:36:26',1,'en','Special Offer 1','Get Instant Cashback','For Every X-T20 Series Purchases.','Feature Promo','X-Series Promo & Deals','Special Discount Price Hingga 2 Juta','<ol>\r\n	<li>This is Photoshop\'s version  of Lorem Ipsum. Proin gravida nibh vel velit auctor aliquet.</li>\r\n	<li>Aenean sollicitudin, lorem quis bibendum auctor, nisi elit consequat ipsum, nec sagittis sem nibh id elit.</li>\r\n	<li>Duis sed odio sit amet nibh volputate cursus a sit amet mauris. Morbi accumsan ipsum velit. Nam nec tellus a odio tincidunt auctor a ornare odio.</li>\r\n	<li>Sed non  mauris vitae erat consequat auctor eu in elit.</li>\r\n	<li>Class aptent taciti sociosqu ad litora torquent per conubia nostra, per inceptos himenaeos. </li>\r\n	<li>Mauris in erat justo. Nullam ac urna eu felis dapibus condimentum sit amet a augue. </li>\r\n	<li>Sed non neque elit. Sed ut imperdiet nisi. Proin condimentum fermentum nunc. </li>\r\n	<li>Etiam pharetra, erat sed fermentum feugiat, velit mauris egestas quam, ut aliquam massa nisl quis neque. Suspendisse in orci enim.</li>\r\n</ol>\r\n<p>\r\n	<strong style=\"color:#c0a062\">Additional Information</strong> <br>\r\n	Aenean sollicitudin, lorem quis bibendum auctor, nisi elit consequat ipsum, nec sagittis sem nibh id elit.\r\n	Duis sed odio sit amet nibh vulputate cursus a sit amet mauris. Morbi accumsan ipsum velit. Nam nec tellus a odio tincidunt auctor a <a href=\"#\">hyperlink.</a>\r\n</p>','<h5>Validation</h5>\r\n<ul>\r\n                                             <li>Lorem Ipsum. Proin gravida nibh vel velit auctor aliquet.</li>\r\n                                             <li>Aenean sollicitudin, lorem quis bibendum auctor, nisi elit consequat ipsum, nec sagittis sem nibh id elit.</li>\r\n                                          </ul>\r\n<h5>Transaction</h5>\r\n<ol>\r\n                                             <li>Duis sed odio sit amet nibh vulputate cursus a sit amet mauris. Morbi accumsan ipsum velit. Nam nec tellus a odio tincidunt auctor a ornare odio.</li>\r\n                                             <li>\r\n                                                Sed non  mauris vitae erat consequat auctor eu in elit. Class aptent taciti sociosqu ad litora torquent per conubia nostra, per inceptos himenaeos. Mauris in erat justo. Nullam ac urna eu felis dapibus condimentum sit amet a augue.\r\n                                             </li>\r\n                                             <li>Sed non neque elit. Sed ut imperdiet nisi. Proin condimentum fermentum nunc.</li>\r\n                                          </ol>\r\n<h5>Pickup Product</h5>\r\n<ul>\r\n                                             <li>Etiam pharetra, erat sed fermentum feugiat, velit mauris egestas quam, ut aliquam</li>\r\n                                             <li>massa nisl quis neque. Suspendisse in orci enim.</li>\r\n                                          </ul>'),(2,1,'2018-10-16 17:56:03',NULL,'2018-10-16 17:56:03',1,'id',NULL,NULL,NULL,NULL,NULL,NULL,NULL,NULL),(3,2,'2018-11-19 18:58:44',NULL,'2018-11-26 09:52:10',1,'en','GFX Launching ','GFX Promo','GFX Promo','SPECIAL PRE-ORDER','GFX 50R','26 November 2018','<p>1. The order page will start effectively on Monday, November 26, 2018<br>2. This offer is valid for only 1 day, or while stocks available<br>3. On the order form, the dealer must fill in the customer data; name, phone number, and valid email address<br>4. 1 person can only buy a maximum of 1 SKU<br>5. Customers, dealers, and Fujifilm will receive a confirmation email & voucher once the order is placed<br>6. The confirmation email/voucher is the official preorder proof for Fujifilm, and the order delivery to the dealer will be based on the voucher<br>7. Fujifilm Indonesia will begin to deliver the order to the dealer starts on November 29, 2018&nbsp;<br>8. Customers who have obtained vouchers can make payment to dealers by cash, debit, credit card or Blibli Instore no later than December 5, 2018<br>9. Once the order is placed in the system, it cannot be canceled or changed to another SKU<br>10. The Capture One Pro Fujifilm license code will be sent to the e-mail address which was registered on the order page no later than 2 days after the payment was made</p>','<p></p>\r\n<p>1.&nbsp; Halaman pemesanan dibuka hari senin, 26 November 2018<br>2.&nbsp; Penawaran ini berlaku terbatas hanya 1 hari, atau selama persediaan masih ada<br>3.&nbsp; Pada form pemesanan, dealer wajib mengisi data customer; nama, no. handphone, dan alamat email yang valid<br>4.&nbsp; 1 orang hanya dapat membeli maksimal 1 SKU<br>5.&nbsp; Pelanggan, dealer, dan Fujifilm akan menerima email konfirmasi & voucher apabila sudah melakukan pemesanan<br>6.&nbsp; Email konfirmasi/voucher tersebut adalah bukti PO resmi bagi Fujifilm, dan barang akan dikirimkan ke dealer berdasarkan voucher tersebut<br>7.&nbsp; Pengiriman barang akan dimulai tanggal 29 November 2018, dari Fujifilm Indonesia ke dealer<br>8.&nbsp; Customer yang telah mendapatkan voucher, dapat melakukan pembayaran ke dealer secara cash, debit, kartu kredit atau Blibli Instore maksimal 5 Desember 2018<br>9.&nbsp; Pesanan yang sudah masuk ke sistem tidak bisa dibatalkan atau dirubah ke SKU lain<br>10. Kode lisensi Capture One Pro Fujifilm akan dikirimkan ke alamat email yang sudah terdaftar di halaman pemesanan maksimal H+2 setelah customer melakukan pembayaran</p>'),(4,2,'2018-11-19 18:58:44',NULL,'2018-11-21 21:24:47',1,'id',NULL,NULL,NULL,NULL,NULL,NULL,'<p>1. Halaman pemesanan dibuka hari senin, 26 November 2018<br>2. Penawaran ini berlaku terbatas hanya 1 hari, atau selama persediaan masih ada<br>3. Pada form pemesanan, dealer wajib mengisi data customer; nama, no. handphone, dan alamat email yang valid<br>4. 1 orang hanya dapat membeli maksimal 1 SKU<br>5. Pelanggan, dealer, dan Fujifilm akan menerima email konfirmasi & voucher apabila sudah melakukan pemesanan<br>6. Email konfirmasi/voucher tersebut adalah bukti PO resmi bagi Fujifilm, dan barang akan dikirimkan ke dealer berdasarkan voucher tersebut<br>7. Pengiriman barang akan dimulai tanggal 29 November 2018, dari Fujifilm Indonesia ke dealer<br>8. Customer yang telah mendapatkan voucher, dapat melakukan pembayaran ke dealer secara cash, debit, kartu kredit atau Blibli Instore maksimal 5 Desember 2018<br>9. Pesanan yang sudah masuk ke sistem tidak bisa dibatalkan atau dirubah ke SKU lain<br>10. Kode lisensi Capture One Pro Fujifilm akan dikirimkan ke alamat email yang sudah terdaftar di halaman pemesanan maksimal H+2 setelah customer melakukan pembayaran</p>',NULL),(5,3,'2019-11-14 14:54:06',NULL,'2019-11-14 15:20:56',1,'en','Lorem ipsum dolor sit amet','X-T20 SPECIAL OFFER','Lorem ipsum dolor sit amet, consectetur adipiscing elit, sed do eiusmod tempor incididunt ut labore et dolore magna aliqua. Ut enim ad minim veniam, quis nostrud exercitation ullamco laboris nisi ut aliquip ex ea commodo consequat. ','Banner Feature Title 255 characters.','X-T20 SPECIAL OFFER','Lorem ipsum dolor sit amet, consectetur adipiscing elit, sed do eiusmod tempor incididunt ut labore et dolore magna aliqua. Ut enim ad minim veniam, quis nostrud exercitation ullamco laboris nisi ut aliquip ex ea commodo consequat. ','<p>Lorem ipsum dolor sit amet, consectetur adipiscing elit, sed do eiusmod tempor incididunt ut labore et dolore magna aliqua. Ut enim ad minim veniam, quis nostrud exercitation ullamco laboris nisi ut aliquip ex ea commodo consequat. Duis aute irure dolor in reprehenderit in voluptate velit esse cillum dolore eu fugiat nulla pariatur. Excepteur sint occaecat cupidatat non proident, sunt in culpa qui officia deserunt mollit anim id est laborum.</p>\r\n<ul><li>Lorem ipsum dolor sit amet, consectetur adipiscing elit, sed do eiusmod tempor incididunt ut labore et dolore magna aliqua.</li><li>Lorem ipsum dolor sit amet, consectetur adipiscing elit, sed do eiusmod tempor incididunt ut labore et dolore magna aliqua.</li></ul>','<p>Lorem ipsum dolor sit amet, consectetur adipiscing elit, sed do eiusmod tempor incididunt ut labore et dolore magna aliqua. Ut enim ad minim veniam, quis nostrud exercitation ullamco laboris nisi ut aliquip ex ea commodo consequat. Duis aute irure dolor in reprehenderit in voluptate velit esse cillum dolore eu fugiat nulla pariatur. Excepteur sint occaecat cupidatat non proident, sunt in culpa qui officia deserunt mollit anim id est laborum.</p>'),(6,3,'2019-11-14 14:54:06',NULL,'2019-11-14 14:54:06',1,'id',NULL,NULL,NULL,NULL,NULL,NULL,NULL,NULL),(7,4,'2019-11-21 10:10:51',NULL,'2019-11-21 17:00:17',1,'en','Pre-Order X-Pro3','X-Pro3','Something different is here. The camera that turns anticipation into reality. The X-Pro3 is the definition of pure photography.',NULL,'X-Pro3','Something different is here. The camera that turns anticipation into reality. The X-Pro3 is the definition of pure photography.','<ol><li>Pre-order X-Pro3 berlaku tanggal 23 November pukul 18:00 -25 November 2019, pukul 23:59, atau selama persediaan masih ada</li><li>Pada form pemesanan, dealer wajib mengisi data customer, nama, no. handphone, dan alamat email yang valid</li><li>1 orang hanya dapat membeli maksimal 1 SKU</li><li>Pelanggan, dealer, dan Fujifilm akan menerima email konfirmasi dan voucher apabila sudah melakukan pemesanan</li><li>Email konfirmasi/voucher tersebut adalah bukti PO resmi bagi Fujifilm, dan barang akan dikirimkan ke dealer berdasarkan voucher tersebut</li><li>Pesanan yang sudah masuk ke sistem tidak bisa dibatalkan atau dirubah ke SKU lain</li><li>Pengiriman X-Pro3 Black akan dimulai 29 November 2019, X-Pro3 Dura Black tanggal 23 Desember 2019, dan X-Pro3 Dura Silver 16 Januari 2020</li><li>Warna Free Item sesudai dengan ketersediaan stok, dan akan dikirimkan bersamaan dengan X-Pro3</li><li>Transaksi PWP dilakukan diluar website pre-order, maksimal 1 lensa/kamera dan wajib dalam 1 invoice dengan X-Pro3</li><li>Kesalahan yang terjadi diluar T&C ini bukan tanggung jawab Fujifilm Indonesia</li><li>FFID hanya mengakui pemesanan pre-order yang sudah submit data pada website pre-order</li></ol>','<ol><li>Pre-order X-Pro3 berlaku tanggal 23 November pukul 18:00 -25 November 2019, pukul 23:59, atau selama persediaan masih ada</li><li>Pada form pemesanan, dealer wajib mengisi data customer, nama, no. handphone, dan alamat email yang valid</li><li>1 orang hanya dapat membeli maksimal 1 SKU</li><li>Pelanggan, dealer, dan Fujifilm akan menerima email konfirmasi dan voucher apabila sudah melakukan pemesanan</li><li>Email konfirmasi/voucher tersebut adalah bukti PO resmi bagi Fujifilm, dan barang akan dikirimkan ke dealer berdasarkan voucher tersebut</li><li>Pesanan yang sudah masuk ke sistem tidak bisa dibatalkan atau dirubah ke SKU lain</li><li>Pengiriman X-Pro3 Black akan dimulai 29 November 2019, X-Pro3 Dura Black tanggal 23 Desember 2019, dan X-Pro3 Dura Silver 16 Januari 2020</li><li>Warna Free Item sesudai dengan ketersediaan stok, dan akan dikirimkan bersamaan dengan X-Pro3</li><li>Transaksi PWP dilakukan diluar website pre-order, maksimal 1 lensa/kamera dan wajib dalam 1 invoice dengan X-Pro3</li><li>Kesalahan yang terjadi diluar T&C ini bukan tanggung jawab Fujifilm Indonesia</li><li>FFID hanya mengakui pemesanan pre-order yang sudah submit data pada website pre-order</li></ol>'),(8,4,'2019-11-21 10:10:51',NULL,'2020-02-08 21:26:54',1,'id','Pre Order X Pro3','X-Pro3','X-Pro3',NULL,'X-Pro3','X-Pro3','<p>X-Pro3</p>','<p>X-Pro3</p>'),(9,5,'2020-02-20 18:23:23',NULL,'2020-02-20 18:23:23',1,'en',NULL,NULL,NULL,NULL,NULL,NULL,NULL,NULL),(10,5,'2020-02-20 18:23:23',NULL,'2020-02-20 21:46:19',1,'id','Pre-order X100V First 100th Edition','Pre Order X100V First 100th Edition','X100V',NULL,'Pre-order','____________________','<ol><li><strong>1 orang diperbolehkan membeli maksimal 1 unit</strong></li><li><strong>Barang akan dikirimkan ke dealer mulai 28 Februari 2020</strong></li><li><strong>Fujifilm Indonesia berhak membatalkan transaksi yang tidak sesuai ketentuan</strong></li><li><strong>Nomor Urut Produk akan disesuaikan dengan nomor antrian pre-order yang masuk</strong></li><li><strong>Kuantiti terbatas hanya 100 pcs</strong></li></ol>','<ol><li><strong>1 orang diperbolehkan membeli maksimal 1 unit</strong></li><li><strong>Barang akan dikirimkan ke dealer mulai 28 Februari 2020</strong></li><li><strong>Fujifilm Indonesia&nbsp;berhak membatalkan transaksi yang tidak sesuai ketentuan</strong></li><li><strong>Nomor Urut Produk akan disesuaikan dengan nomor antrian pre-order yang masuk</strong></li><li><strong>Kuantiti terbatas hanya 100 pcs</strong></li></ol>\r\n<p></p>'),(11,6,'2020-09-23 10:27:42',NULL,'2020-09-23 10:27:42',1,'en',NULL,NULL,NULL,NULL,NULL,NULL,NULL,NULL),(12,6,'2020-09-23 10:27:42',NULL,'2020-09-25 08:36:05',1,'id','Pre-Order Fujinon XF50mmF1.0 R WR','Pre-Order Fujinon XF50mmF1.0 R WR','XF50mmF1.0 R WR',NULL,'_','____________________','<ol><li>Periode Special Offer XF50mm F1.0 ini akan dimulai tanggal 25 September 2020 pukul 11.00 WIB sampai persedian stok lensa masih tersedia.</li><li>Dealer melakukan pemesanan melalui link web Special Offer XF50mm, dan wajib mengisi data lengkap calon pembeli dengan jelas</li><li>Pengiriman barang Special Offer ini ke dealer mulai tanggal 30 September 2020</li><li>Setelah dealer mendapatkan konfirmasi total kuantiti yang didapat dari web Special Offer, dealer dipersilahkan untuk mengisi stock di Blibli Click & Collect untuk dipakai sebagai mekanisme pembayaran</li><li>Special Offer XF50mm F1.0 ini tidak berlaku indent dan satu user hanya diperbolehkan membeli satu pcs</li><li>Fujifilm Indonesia berhak membatalkan transaksi yang tidak sesuai ketentuan.</li></ol>','<ol><li>Periode Special Offer XF50mm F1.0 ini akan dimulai tanggal 25 September 2020 pukul 11.00 WIB sampai persedian stok lensa masih tersedia.</li><li>Dealer melakukan pemesanan melalui link web Special Offer XF50mm, dan wajib mengisi data lengkap calon pembeli dengan jelas</li><li>Pengiriman barang Special Offer ini ke dealer mulai tanggal 30 September 2020</li><li>Setelah dealer mendapatkan konfirmasi total kuantiti yang didapat dari web Special Offer, dealer dipersilahkan untuk mengisi stock di Blibli Click & Collect untuk dipakai sebagai mekanisme pembayaran</li><li>Special Offer XF50mm F1.0 ini tidak berlaku indent dan satu user hanya diperbolehkan membeli satu pcs</li><li>Fujifilm Indonesia berhak membatalkan transaksi yang tidak sesuai ketentuan.</li></ol>\r\n<p><strong><br></strong></p>');

--
-- Table structure for table `default_streams_assignments`
--

CREATE TABLE `default_streams_assignments` (
  `id` int(10) unsigned NOT NULL AUTO_INCREMENT,
  `sort_order` int(11) NOT NULL,
  `stream_id` int(11) NOT NULL,
  `field_id` int(11) NOT NULL,
  `config` text COLLATE utf8_unicode_ci NOT NULL,
  `unique` tinyint(1) NOT NULL DEFAULT '0',
  `required` tinyint(1) NOT NULL DEFAULT '0',
  `searchable` tinyint(1) NOT NULL DEFAULT '0',
  `translatable` tinyint(1) NOT NULL DEFAULT '0',
  PRIMARY KEY (`id`),
  UNIQUE KEY `unique_assignments` (`stream_id`,`field_id`)
) ENGINE=InnoDB AUTO_INCREMENT=552 DEFAULT CHARSET=utf8 COLLATE=utf8_unicode_ci;

--
-- Dumping data for table `default_streams_assignments`
--

INSERT INTO `default_streams_assignments` VALUES (1,1,1,1,'a:0:{}',0,1,0,0),(2,2,1,2,'a:0:{}',0,1,0,0),(3,3,1,3,'a:0:{}',0,0,0,0),(4,4,2,4,'a:0:{}',0,1,0,1),(5,5,2,5,'a:0:{}',1,1,0,0),(6,6,2,6,'a:0:{}',0,0,0,1),(7,7,2,7,'a:0:{}',0,1,0,0),(8,8,2,13,'a:0:{}',0,0,0,0),(9,9,3,8,'a:0:{}',0,1,0,1),(10,10,3,6,'a:0:{}',0,0,0,1),(11,11,3,9,'a:0:{}',0,1,0,0),(12,12,3,10,'a:0:{}',0,1,0,0),(13,13,3,12,'a:0:{}',0,1,0,0),(14,14,3,13,'a:0:{}',0,0,0,0),(15,15,3,11,'a:0:{}',0,0,0,0),(16,16,4,14,'a:0:{}',1,1,0,1),(17,17,4,15,'a:0:{}',1,1,0,0),(18,18,4,16,'a:0:{}',0,1,0,0),(19,19,4,20,'a:0:{}',0,0,0,1),(20,20,5,18,'a:0:{}',0,1,0,0),(21,21,5,14,'a:1:{s:3:\"max\";i:50;}',0,1,0,1),(22,22,5,15,'a:1:{s:3:\"max\";i:50;}',1,1,0,0),(23,23,5,20,'a:0:{}',0,0,0,1),(24,24,5,21,'a:0:{}',0,0,0,0),(25,25,6,14,'a:0:{}',0,1,0,0),(26,26,6,18,'a:0:{}',0,1,0,0),(27,27,6,17,'a:0:{}',0,1,0,0),(28,28,6,23,'a:0:{}',0,1,0,0),(29,29,6,27,'a:0:{}',0,1,0,0),(30,30,6,26,'a:0:{}',0,1,0,0),(31,31,6,19,'a:0:{}',0,0,0,0),(32,32,6,22,'a:0:{}',0,0,0,0),(33,33,6,25,'a:0:{}',0,0,0,0),(34,34,6,24,'a:0:{}',0,0,0,0),(35,35,6,28,'a:0:{}',0,0,0,1),(36,36,6,29,'a:0:{}',0,0,0,1),(37,37,6,30,'a:0:{}',0,0,0,1),(38,38,6,20,'a:0:{}',0,0,0,1),(39,39,7,31,'a:0:{}',1,1,0,1),(40,40,7,35,'a:0:{}',1,1,0,0),(41,41,7,33,'a:0:{}',0,0,0,1),(42,42,8,36,'a:0:{}',0,1,0,0),(43,43,8,39,'a:0:{}',0,1,0,0),(44,44,8,34,'a:0:{}',0,1,0,0),(45,45,8,40,'a:0:{}',0,1,0,0),(46,46,8,32,'a:0:{}',0,0,0,0),(47,47,8,37,'a:0:{}',0,0,0,0),(48,48,8,38,'a:0:{}',0,0,0,0),(49,49,9,41,'a:0:{}',0,1,0,0),(50,50,9,42,'a:0:{}',0,1,0,1),(51,51,9,43,'a:0:{}',0,1,0,0),(52,52,9,45,'a:0:{}',0,1,0,0),(53,53,9,55,'a:0:{}',0,1,0,0),(54,54,9,59,'a:0:{}',0,0,0,0),(55,55,9,53,'a:0:{}',0,0,0,0),(56,56,9,57,'a:0:{}',0,0,0,0),(57,57,9,46,'a:0:{}',0,0,0,0),(58,58,9,58,'a:0:{}',0,0,0,0),(59,59,9,47,'a:0:{}',0,0,0,0),(60,60,9,48,'a:0:{}',0,0,0,1),(61,61,9,49,'a:0:{}',0,0,0,1),(63,63,9,54,'a:0:{}',0,0,0,0),(64,64,9,52,'a:0:{}',0,0,0,0),(65,65,10,60,'a:1:{s:3:\"max\";i:26;}',1,1,0,1),(66,66,10,43,'a:3:{s:7:\"slugify\";s:4:\"name\";s:4:\"type\";s:1:\"_\";s:3:\"max\";i:26;}',1,1,0,0),(67,67,10,61,'a:0:{}',0,0,0,1),(68,68,10,54,'a:0:{}',0,1,0,0),(69,69,10,51,'a:0:{}',0,1,0,0),(70,70,10,56,'a:0:{}',0,1,0,0),(71,70,11,63,'a:0:{}',1,1,0,1),(72,71,11,65,'a:1:{s:7:\"slugify\";s:4:\"name\";}',1,1,0,0),(73,72,11,70,'a:0:{}',0,0,0,1),(74,73,12,62,'a:0:{}',1,1,0,0),(75,74,12,64,'a:0:{}',0,1,0,1),(76,75,12,69,'a:0:{}',0,0,0,1),(77,76,12,65,'a:0:{}',1,1,0,0),(78,77,12,67,'a:0:{}',0,1,0,0),(79,78,12,71,'a:0:{}',0,1,0,0),(80,79,12,73,'a:0:{}',0,1,0,0),(81,80,12,72,'a:0:{}',0,1,0,0),(82,81,12,78,'a:0:{}',0,0,0,1),(83,82,12,79,'a:0:{}',0,0,0,1),(84,83,12,75,'a:0:{}',0,0,0,0),(85,84,12,77,'a:0:{}',0,0,0,0),(86,85,12,76,'a:0:{}',0,0,0,0),(87,86,12,68,'a:0:{}',0,0,0,0),(88,87,13,63,'a:1:{s:3:\"max\";i:50;}',1,1,0,1),(89,88,13,65,'a:3:{s:7:\"slugify\";s:4:\"name\";s:4:\"type\";s:1:\"_\";s:3:\"max\";i:50;}',1,1,0,0),(90,89,13,74,'a:0:{}',0,1,0,0),(91,90,13,82,'a:0:{}',0,1,0,0),(92,91,13,70,'a:0:{}',0,0,0,1),(93,92,14,83,'a:0:{}',0,1,0,0),(94,93,14,84,'a:0:{}',0,1,0,0),(95,94,14,85,'a:0:{}',0,0,0,0),(96,95,15,86,'a:0:{}',1,1,0,0),(97,96,15,87,'a:0:{}',0,1,0,0),(98,97,15,88,'a:0:{}',0,1,0,0),(99,98,15,89,'a:0:{}',0,0,0,0),(100,99,16,90,'a:0:{}',1,1,0,0),(101,100,16,91,'a:0:{}',0,0,0,0),(102,101,17,92,'a:0:{}',1,1,0,0),(103,102,17,93,'a:0:{}',1,1,0,0),(104,103,17,94,'a:0:{}',0,1,0,0),(105,104,17,112,'a:0:{}',0,1,0,0),(106,105,17,100,'a:0:{}',0,1,0,0),(107,106,17,101,'a:0:{}',0,0,0,0),(108,107,17,102,'a:0:{}',0,0,0,0),(109,108,17,109,'a:0:{}',0,0,0,0),(110,109,17,110,'a:0:{}',0,0,0,0),(111,110,17,99,'a:0:{}',0,0,0,0),(112,111,17,97,'a:0:{}',0,0,0,0),(113,112,17,95,'a:0:{}',0,0,0,0),(114,113,17,107,'a:0:{}',0,0,0,0),(115,114,17,105,'a:0:{}',0,0,0,0),(116,115,17,98,'a:0:{}',0,0,0,0),(117,116,17,96,'a:0:{}',0,0,0,0),(118,117,18,103,'a:0:{}',0,1,0,1),(119,118,18,111,'a:0:{}',1,1,0,0),(120,119,18,104,'a:0:{}',0,0,0,1),(121,120,18,99,'a:0:{}',0,0,0,0),(122,121,19,113,'a:0:{}',0,0,0,1),(123,122,19,114,'a:0:{}',0,1,0,0),(124,123,19,115,'a:0:{}',0,0,0,1),(125,124,20,116,'a:0:{}',0,1,0,1),(126,125,20,117,'a:0:{}',0,1,0,0),(127,126,20,118,'a:0:{}',0,0,0,1),(128,127,23,44,'a:0:{}',0,0,0,1),(129,2,24,66,'a:0:{}',0,0,0,1),(130,129,29,119,'a:0:{}',0,1,0,1),(131,130,29,121,'a:0:{}',1,1,0,0),(132,131,29,120,'a:0:{}',0,0,0,1),(133,132,29,122,'a:0:{}',0,0,0,0),(134,133,30,124,'a:0:{}',0,1,0,0),(135,134,30,128,'a:0:{}',1,1,0,0),(136,135,30,127,'a:0:{}',0,0,0,0),(137,136,31,126,'a:0:{}',1,1,0,0),(138,137,31,125,'a:0:{}',0,1,0,0),(139,138,31,124,'a:0:{}',0,1,0,0),(140,139,31,128,'a:0:{}',0,1,0,0),(141,140,31,127,'a:0:{}',0,0,0,0),(142,141,31,129,'a:0:{}',0,1,0,0),(143,142,31,131,'a:0:{}',0,0,0,0),(144,143,32,123,'a:0:{}',1,1,0,0),(145,144,32,130,'a:0:{}',0,1,0,0),(146,145,33,132,'a:0:{}',0,1,0,0),(147,146,33,133,'a:0:{}',0,0,0,0),(148,147,33,134,'a:0:{}',1,1,0,0),(149,148,33,135,'a:0:{}',0,1,0,0),(150,149,33,136,'a:0:{}',0,0,0,0),(151,150,33,156,'a:0:{}',0,0,0,1),(152,151,33,157,'a:0:{}',0,0,0,1),(153,152,33,149,'a:0:{}',0,0,0,0),(154,153,33,150,'a:0:{}',0,0,0,1),(155,154,33,147,'a:0:{}',0,0,0,1),(156,155,33,148,'a:0:{}',0,0,0,1),(157,156,33,151,'a:0:{}',0,0,0,0),(158,157,33,152,'a:0:{}',0,0,0,0),(159,158,33,153,'a:0:{}',0,0,0,0),(160,159,33,154,'a:0:{}',0,0,0,0),(161,160,34,137,'a:0:{}',0,1,0,0),(162,161,34,138,'a:0:{}',0,0,0,0),(163,162,34,139,'a:0:{}',1,1,0,0),(164,163,34,140,'a:0:{}',0,0,0,0),(165,164,34,141,'a:0:{}',0,1,0,1),(166,165,34,142,'a:0:{}',0,1,0,1),(167,166,34,143,'a:0:{}',0,1,0,0),(168,167,34,144,'a:0:{}',0,1,0,0),(169,168,34,145,'a:0:{}',0,1,0,0),(170,169,34,146,'a:0:{}',0,1,0,1),(171,170,34,155,'a:0:{}',0,0,0,0),(172,171,35,158,'a:1:{s:3:\"max\";N;}',0,1,0,0),(173,172,35,160,'a:0:{}',1,1,0,0),(174,173,35,159,'a:0:{}',0,0,0,0),(175,174,35,162,'a:0:{}',0,1,0,0),(176,175,35,163,'a:0:{}',0,1,0,0),(177,176,36,158,'a:0:{}',1,1,0,0),(178,177,36,160,'a:1:{s:4:\"type\";s:1:\"_\";}',1,1,0,0),(179,178,36,161,'a:0:{}',0,1,0,0),(180,179,36,159,'a:0:{}',0,0,0,0),(183,182,38,166,'a:1:{i:0;s:6:\"a:0:{}\";}',0,1,0,0),(184,183,38,168,'a:1:{i:0;s:41:\"a:1:{i:0;s:23:\"a:1:{i:0;s:6:\"a:0:{}\";}\";}\";}',0,1,0,0),(185,184,38,169,'a:1:{i:0;s:23:\"a:1:{i:0;s:6:\"a:0:{}\";}\";}',0,1,0,0),(187,1,43,171,'a:1:{i:0;s:23:\"a:1:{i:0;s:6:\"a:0:{}\";}\";}',0,1,1,1),(188,4,43,172,'a:1:{i:0;s:23:\"a:1:{i:0;s:6:\"a:0:{}\";}\";}',0,0,0,1),(189,3,43,173,'a:1:{i:0;s:77:\"a:1:{i:0;s:59:\"a:1:{i:0;s:41:\"a:1:{i:0;s:23:\"a:1:{i:0;s:6:\"a:0:{}\";}\";}\";}\";}\";}',0,1,0,0),(190,2,39,175,'a:1:{i:0;s:6:\"a:0:{}\";}',0,1,0,0),(191,1,39,174,'a:1:{i:0;s:6:\"a:0:{}\";}',0,1,0,0),(192,1,44,176,'a:1:{i:0;s:23:\"a:1:{i:0;s:6:\"a:0:{}\";}\";}',0,1,1,0),(193,4,44,177,'a:1:{i:0;s:6:\"a:0:{}\";}',0,1,1,1),(194,2,44,182,'a:1:{i:0;s:6:\"a:0:{}\";}',1,1,1,0),(195,5,44,180,'a:1:{i:0;s:6:\"a:0:{}\";}',0,1,0,0),(196,6,44,181,'a:1:{i:0;s:6:\"a:0:{}\";}',0,1,0,0),(197,19,44,178,'a:1:{i:0;s:6:\"a:0:{}\";}',0,1,0,0),(198,20,44,179,'a:1:{i:0;s:6:\"a:0:{}\";}',0,1,0,0),(200,10,44,183,'a:1:{i:0;s:6:\"a:0:{}\";}',0,1,0,1),(201,2,43,186,'a:1:{i:0;s:6:\"a:0:{}\";}',1,1,0,0),(202,2,47,171,'a:1:{i:0;s:6:\"a:0:{}\";}',0,1,1,0),(203,3,47,186,'a:1:{i:0;s:6:\"a:0:{}\";}',1,1,0,0),(204,1,47,185,'a:1:{i:0;s:6:\"a:0:{}\";}',0,1,0,0),(205,3,44,187,'a:1:{i:0;s:6:\"a:0:{}\";}',0,1,1,0),(206,1,51,193,'a:1:{i:0;s:6:\"a:0:{}\";}',0,1,0,0),(207,5,43,190,'a:1:{i:0;s:6:\"a:0:{}\";}',0,1,1,1),(208,7,43,191,'a:1:{i:0;s:6:\"a:0:{}\";}',0,1,1,1),(209,9,43,188,'a:1:{i:0;s:6:\"a:0:{}\";}',0,1,0,0),(210,10,43,189,'a:1:{i:0;s:6:\"a:0:{}\";}',0,1,0,0),(211,11,43,192,'a:1:{i:0;s:6:\"a:0:{}\";}',0,1,1,1),(212,16,43,194,'a:1:{i:0;s:6:\"a:0:{}\";}',0,1,0,0),(213,2,51,195,'a:1:{i:0;s:113:\"a:1:{i:0;s:95:\"a:1:{i:0;s:77:\"a:1:{i:0;s:59:\"a:1:{i:0;s:41:\"a:1:{i:0;s:23:\"a:1:{i:0;s:6:\"a:0:{}\";}\";}\";}\";}\";}\";}\";}',0,1,1,0),(214,3,51,196,'a:1:{i:0;s:41:\"a:1:{i:0;s:23:\"a:1:{i:0;s:6:\"a:0:{}\";}\";}\";}',0,0,1,0),(215,12,43,199,'a:1:{i:0;s:6:\"a:0:{}\";}',0,1,0,0),(216,13,43,197,'a:1:{i:0;s:6:\"a:0:{}\";}',0,1,1,1),(217,14,43,198,'a:1:{i:0;s:6:\"a:0:{}\";}',0,1,1,1),(218,15,43,200,'a:1:{i:0;s:6:\"a:0:{}\";}',0,0,0,0),(219,6,43,201,'a:1:{i:0;s:6:\"a:0:{}\";}',0,1,0,0),(220,8,43,202,'a:1:{i:0;s:6:\"a:0:{}\";}',0,1,0,0),(221,6,47,207,'a:1:{i:0;s:6:\"a:0:{}\";}',0,1,0,0),(222,217,53,204,'a:1:{i:0;s:23:\"a:1:{i:0;s:6:\"a:0:{}\";}\";}',0,1,0,1),(223,218,53,205,'a:1:{i:0;s:23:\"a:1:{i:0;s:6:\"a:0:{}\";}\";}',0,1,0,0),(224,219,53,206,'a:1:{i:0;s:6:\"a:0:{}\";}',0,1,0,0),(225,3,56,171,'a:1:{i:0;s:6:\"a:0:{}\";}',0,1,1,1),(226,4,56,186,'a:1:{i:0;s:6:\"a:0:{}\";}',1,1,0,0),(227,1,56,185,'a:1:{i:0;s:6:\"a:0:{}\";}',0,1,0,0),(228,1,24,209,'a:1:{i:0;s:6:\"a:0:{}\";}',0,1,0,0),(229,224,65,218,'a:1:{i:0;s:6:\"a:0:{}\";}',0,1,1,1),(230,225,65,219,'a:1:{i:0;s:6:\"a:0:{}\";}',0,1,0,0),(231,226,66,218,'a:1:{i:0;s:6:\"a:0:{}\";}',0,1,1,1),(232,227,66,219,'a:1:{i:0;s:6:\"a:0:{}\";}',0,1,0,0),(233,228,67,218,'a:1:{i:0;s:6:\"a:0:{}\";}',0,1,1,1),(234,229,67,219,'a:1:{i:0;s:6:\"a:0:{}\";}',0,1,0,0),(235,230,68,218,'a:1:{i:0;s:6:\"a:0:{}\";}',0,1,1,1),(236,231,68,219,'a:1:{i:0;s:6:\"a:0:{}\";}',0,1,0,0),(237,232,71,227,'a:1:{i:0;s:41:\"a:1:{i:0;s:23:\"a:1:{i:0;s:6:\"a:0:{}\";}\";}\";}',0,0,1,1),(238,233,71,228,'a:1:{i:0;s:23:\"a:1:{i:0;s:6:\"a:0:{}\";}\";}',0,0,1,1),(239,234,70,226,'a:1:{i:0;s:6:\"a:0:{}\";}',0,1,0,0),(240,235,71,230,'a:1:{i:0;s:23:\"a:1:{i:0;s:6:\"a:0:{}\";}\";}',0,0,0,0),(241,236,71,231,'a:1:{i:0;s:23:\"a:1:{i:0;s:6:\"a:0:{}\";}\";}',0,0,0,0),(242,237,70,229,'a:1:{i:0;s:23:\"a:1:{i:0;s:6:\"a:0:{}\";}\";}',0,0,0,0),(243,2,69,232,'a:1:{i:0;s:23:\"a:1:{i:0;s:6:\"a:0:{}\";}\";}',0,0,1,0),(244,10,47,210,'a:1:{i:0;s:41:\"a:1:{i:0;s:23:\"a:1:{i:0;s:6:\"a:0:{}\";}\";}\";}',0,1,0,0),(245,11,47,212,'a:1:{i:0;s:6:\"a:0:{}\";}',0,1,1,1),(246,12,47,217,'a:1:{i:0;s:6:\"a:0:{}\";}',0,1,1,1),(247,13,47,213,'a:1:{i:0;s:6:\"a:0:{}\";}',0,1,1,1),(248,14,47,215,'a:1:{i:0;s:6:\"a:0:{}\";}',0,1,1,1),(249,15,47,216,'a:1:{i:0;s:6:\"a:0:{}\";}',0,1,1,1),(250,16,47,214,'a:1:{i:0;s:41:\"a:1:{i:0;s:23:\"a:1:{i:0;s:6:\"a:0:{}\";}\";}\";}',0,1,0,0),(251,17,47,233,'a:1:{i:0;s:6:\"a:0:{}\";}',0,1,1,0),(252,1,69,218,'a:1:{i:0;s:6:\"a:0:{}\";}',0,1,1,1),(253,248,72,235,'a:1:{i:0;s:23:\"a:1:{i:0;s:6:\"a:0:{}\";}\";}',0,1,1,1),(254,249,72,236,'a:1:{i:0;s:23:\"a:1:{i:0;s:6:\"a:0:{}\";}\";}',0,1,1,1),(255,250,72,234,'a:1:{i:0;s:41:\"a:1:{i:0;s:23:\"a:1:{i:0;s:6:\"a:0:{}\";}\";}\";}',0,1,0,0),(256,18,47,237,'a:1:{i:0;s:6:\"a:0:{}\";}',0,1,1,1),(257,19,47,238,'a:1:{i:0;s:6:\"a:0:{}\";}',0,1,1,1),(258,20,47,239,'a:1:{i:0;s:6:\"a:0:{}\";}',0,1,0,0),(259,21,47,240,'a:1:{i:0;s:6:\"a:0:{}\";}',0,1,1,0),(260,255,74,241,'a:1:{i:0;s:23:\"a:1:{i:0;s:6:\"a:0:{}\";}\";}',0,1,0,0),(261,22,47,242,'a:1:{i:0;s:6:\"a:0:{}\";}',0,1,0,0),(262,23,47,243,'a:1:{i:0;s:6:\"a:0:{}\";}',0,1,1,1),(263,24,47,244,'a:1:{i:0;s:6:\"a:0:{}\";}',0,1,1,1),(264,25,47,246,'a:1:{i:0;s:41:\"a:1:{i:0;s:23:\"a:1:{i:0;s:6:\"a:0:{}\";}\";}\";}',0,1,0,0),(265,26,47,245,'a:1:{i:0;s:6:\"a:0:{}\";}',0,0,0,0),(266,4,47,247,'a:1:{i:0;s:41:\"a:1:{i:0;s:23:\"a:1:{i:0;s:6:\"a:0:{}\";}\";}\";}',0,1,0,0),(267,2,79,66,'a:1:{i:0;s:6:\"a:0:{}\";}',0,1,1,1),(268,3,79,248,'a:1:{i:0;s:6:\"a:0:{}\";}',0,0,0,0),(269,4,79,251,'a:1:{i:0;s:6:\"a:0:{}\";}',0,0,0,0),(271,1,79,250,'a:1:{i:0;s:6:\"a:0:{}\";}',0,0,0,0),(272,266,55,252,'a:1:{i:0;s:6:\"a:0:{}\";}',0,1,1,1),(273,267,55,253,'a:1:{i:0;s:6:\"a:0:{}\";}',0,1,1,1),(274,268,55,254,'a:1:{i:0;s:59:\"a:1:{i:0;s:41:\"a:1:{i:0;s:23:\"a:1:{i:0;s:6:\"a:0:{}\";}\";}\";}\";}',0,0,0,0),(275,269,55,255,'a:1:{i:0;s:41:\"a:1:{i:0;s:23:\"a:1:{i:0;s:6:\"a:0:{}\";}\";}\";}',0,1,0,0),(276,270,55,256,'a:1:{i:0;s:6:\"a:0:{}\";}',0,1,0,0),(277,271,55,257,'a:1:{i:0;s:23:\"a:1:{i:0;s:6:\"a:0:{}\";}\";}',0,0,0,0),(278,272,82,258,'a:1:{i:0;s:6:\"a:0:{}\";}',0,1,1,1),(279,273,82,259,'a:1:{i:0;s:6:\"a:0:{}\";}',0,1,1,1),(280,274,82,262,'a:1:{i:0;s:41:\"a:1:{i:0;s:23:\"a:1:{i:0;s:6:\"a:0:{}\";}\";}\";}',0,1,0,0),(281,275,82,260,'a:1:{i:0;s:6:\"a:0:{}\";}',0,1,0,0),(283,4,83,263,'a:1:{i:0;s:41:\"a:1:{i:0;s:23:\"a:1:{i:0;s:6:\"a:0:{}\";}\";}\";}',0,1,0,0),(284,5,83,264,'a:1:{i:0;s:6:\"a:0:{}\";}',0,0,0,0),(285,279,85,171,'a:1:{i:0;s:6:\"a:0:{}\";}',0,1,1,1),(286,280,85,186,'a:1:{i:0;s:6:\"a:0:{}\";}',1,1,0,0),(287,2,83,265,'a:1:{i:0;s:6:\"a:0:{}\";}',0,1,0,0),(288,1,83,266,'a:1:{i:0;s:6:\"a:0:{}\";}',0,1,0,0),(289,3,83,267,'a:1:{i:0;s:6:\"a:0:{}\";}',0,1,1,1),(290,27,47,268,'a:1:{i:0;s:23:\"a:1:{i:0;s:6:\"a:0:{}\";}\";}',0,1,0,0),(291,2,86,269,'a:1:{i:0;s:23:\"a:1:{i:0;s:6:\"a:0:{}\";}\";}',0,1,1,1),(292,1,86,270,'a:1:{i:0;s:23:\"a:1:{i:0;s:6:\"a:0:{}\";}\";}',0,1,0,0),(293,3,86,271,'a:1:{i:0;s:41:\"a:1:{i:0;s:23:\"a:1:{i:0;s:6:\"a:0:{}\";}\";}\";}',0,1,0,0),(294,287,87,171,'a:1:{i:0;s:6:\"a:0:{}\";}',0,1,1,0),(295,288,87,186,'a:1:{i:0;s:6:\"a:0:{}\";}',1,1,0,0),(296,5,56,272,'a:1:{i:0;s:6:\"a:0:{}\";}',0,1,0,0),(297,2,56,273,'a:1:{i:0;s:6:\"a:0:{}\";}',0,1,0,0),(299,8,56,274,'a:1:{i:0;s:41:\"a:1:{i:0;s:23:\"a:1:{i:0;s:6:\"a:0:{}\";}\";}\";}',0,1,0,0),(300,7,56,276,'a:1:{i:0;s:23:\"a:1:{i:0;s:6:\"a:0:{}\";}\";}',0,0,1,1),(301,10,56,277,'a:1:{i:0;s:6:\"a:0:{}\";}',0,1,0,0),(302,9,56,278,'a:1:{i:0;s:6:\"a:0:{}\";}',0,1,1,1),(304,2,88,279,'a:1:{i:0;s:59:\"a:1:{i:0;s:41:\"a:1:{i:0;s:23:\"a:1:{i:0;s:6:\"a:0:{}\";}\";}\";}\";}',0,1,0,0),(305,1,88,280,'a:1:{i:0;s:23:\"a:1:{i:0;s:6:\"a:0:{}\";}\";}',0,1,1,1),(306,298,56,281,'a:1:{i:0;s:6:\"a:0:{}\";}',0,1,1,0),(307,299,56,282,'a:1:{i:0;s:6:\"a:0:{}\";}',0,1,1,1),(308,300,91,283,'a:1:{i:0;s:59:\"a:1:{i:0;s:41:\"a:1:{i:0;s:23:\"a:1:{i:0;s:6:\"a:0:{}\";}\";}\";}\";}',0,1,0,0),(309,301,56,284,'a:1:{i:0;s:6:\"a:0:{}\";}',0,1,0,0),(310,5,47,285,'a:1:{i:0;s:6:\"a:0:{}\";}',0,1,1,1),(311,7,47,286,'a:1:{i:0;s:6:\"a:0:{}\";}',0,1,0,0),(312,9,47,288,'a:1:{i:0;s:6:\"a:0:{}\";}',0,1,0,0),(313,8,47,287,'a:1:{i:0;s:23:\"a:1:{i:0;s:6:\"a:0:{}\";}\";}',0,0,0,0),(314,306,93,289,'a:1:{i:0;s:6:\"a:0:{}\";}',0,1,0,0),(315,307,93,290,'a:1:{i:0;s:6:\"a:0:{}\";}',0,1,1,1),(316,308,93,291,'a:1:{i:0;s:6:\"a:0:{}\";}',0,1,1,1),(317,309,93,294,'a:1:{i:0;s:6:\"a:0:{}\";}',0,1,0,0),(318,310,93,292,'a:1:{i:0;s:6:\"a:0:{}\";}',0,1,1,1),(319,311,93,293,'a:1:{i:0;s:6:\"a:0:{}\";}',0,1,1,1),(320,312,93,295,'a:1:{i:0;s:6:\"a:0:{}\";}',0,0,0,0),(321,7,44,297,'a:1:{i:0;s:6:\"a:0:{}\";}',0,0,1,1),(322,8,44,296,'a:1:{i:0;s:6:\"a:0:{}\";}',0,1,1,1),(323,9,44,298,'a:1:{i:0;s:6:\"a:0:{}\";}',0,1,1,1),(324,21,44,299,'a:1:{i:0;s:6:\"a:0:{}\";}',0,0,0,0),(325,11,44,300,'a:1:{i:0;s:6:\"a:0:{}\";}',0,0,0,0),(326,12,44,306,'a:1:{i:0;s:6:\"a:0:{}\";}',0,0,0,0),(327,13,44,302,'a:1:{i:0;s:6:\"a:0:{}\";}',0,0,1,1),(328,14,44,303,'a:1:{i:0;s:6:\"a:0:{}\";}',0,0,1,1),(329,15,44,301,'a:1:{i:0;s:6:\"a:0:{}\";}',0,0,0,0),(330,16,44,307,'a:1:{i:0;s:6:\"a:0:{}\";}',0,0,0,0),(331,17,44,304,'a:1:{i:0;s:6:\"a:0:{}\";}',0,0,1,1),(332,18,44,305,'a:1:{i:0;s:6:\"a:0:{}\";}',0,0,1,1),(333,1,94,308,'a:1:{i:0;s:6:\"a:0:{}\";}',0,1,1,1),(334,2,94,309,'a:1:{i:0;s:6:\"a:0:{}\";}',1,1,0,0),(335,3,94,310,'a:1:{i:0;s:6:\"a:0:{}\";}',0,1,0,0),(336,4,94,311,'a:1:{i:0;s:6:\"a:0:{}\";}',0,1,1,1),(337,5,94,312,'a:1:{i:0;s:6:\"a:0:{}\";}',0,1,1,1),(338,6,94,318,'a:1:{i:0;s:6:\"a:0:{}\";}',0,1,0,0),(339,7,94,317,'a:1:{i:0;s:6:\"a:0:{}\";}',0,0,1,1),(340,8,94,315,'a:1:{i:0;s:6:\"a:0:{}\";}',0,1,1,1),(341,9,94,316,'a:1:{i:0;s:6:\"a:0:{}\";}',0,1,1,1),(342,10,94,319,'a:1:{i:0;s:6:\"a:0:{}\";}',0,1,1,1),(343,11,94,313,'a:1:{i:0;s:6:\"a:0:{}\";}',0,1,0,0),(344,12,94,314,'a:1:{i:0;s:6:\"a:0:{}\";}',0,1,0,0),(345,16,94,320,'a:1:{i:0;s:6:\"a:0:{}\";}',0,0,0,0),(346,2,96,308,'a:1:{i:0;s:23:\"a:1:{i:0;s:6:\"a:0:{}\";}\";}',0,1,1,0),(347,3,96,309,'a:1:{i:0;s:6:\"a:0:{}\";}',1,1,0,0),(348,4,96,322,'a:1:{i:0;s:6:\"a:0:{}\";}',0,1,0,0),(349,5,96,321,'a:1:{i:0;s:6:\"a:0:{}\";}',0,1,0,0),(350,7,96,323,'a:1:{i:0;s:6:\"a:0:{}\";}',0,1,1,1),(351,8,96,324,'a:1:{i:0;s:6:\"a:0:{}\";}',0,1,1,1),(352,9,96,325,'a:1:{i:0;s:23:\"a:1:{i:0;s:6:\"a:0:{}\";}\";}',0,0,1,1),(353,10,96,320,'a:1:{i:0;s:6:\"a:0:{}\";}',0,0,0,0),(354,1,96,326,'a:1:{i:0;s:6:\"a:0:{}\";}',0,1,0,0),(355,347,99,332,'a:1:{i:0;s:6:\"a:0:{}\";}',0,1,0,0),(356,348,99,333,'a:1:{i:0;s:6:\"a:0:{}\";}',1,1,0,0),(357,1,100,332,'a:1:{i:0;s:6:\"a:0:{}\";}',0,1,1,0),(360,2,100,347,'a:1:{i:0;s:6:\"a:0:{}\";}',0,1,0,0),(361,3,100,335,'a:1:{i:0;s:6:\"a:0:{}\";}',0,1,0,0),(362,6,100,337,'a:1:{i:0;s:6:\"a:0:{}\";}',0,1,0,0),(363,5,100,336,'a:1:{i:0;s:6:\"a:0:{}\";}',0,1,0,0),(364,8,100,338,'a:1:{i:0;s:6:\"a:0:{}\";}',0,1,0,0),(365,4,98,327,'a:1:{i:0;s:41:\"a:1:{i:0;s:23:\"a:1:{i:0;s:6:\"a:0:{}\";}\";}\";}',0,1,0,0),(367,10,98,348,'a:1:{i:0;s:6:\"a:0:{}\";}',0,1,0,0),(368,5,98,328,'a:1:{i:0;s:6:\"a:0:{}\";}',0,1,0,0),(369,6,98,329,'a:1:{i:0;s:6:\"a:0:{}\";}',0,1,0,0),(370,7,98,330,'a:1:{i:0;s:6:\"a:0:{}\";}',0,1,0,0),(371,8,98,331,'a:1:{i:0;s:6:\"a:0:{}\";}',0,1,0,0),(372,9,98,349,'a:1:{i:0;s:6:\"a:0:{}\";}',0,1,0,0),(373,11,98,350,'a:1:{i:0;s:6:\"a:0:{}\";}',0,1,0,0),(374,1,98,326,'a:1:{i:0;s:6:\"a:0:{}\";}',0,1,0,0),(375,2,98,351,'a:1:{i:0;s:6:\"a:0:{}\";}',0,1,0,0),(376,365,102,352,'a:1:{i:0;s:6:\"a:0:{}\";}',0,1,0,0),(377,366,102,354,'a:1:{i:0;s:6:\"a:0:{}\";}',0,1,1,1),(378,367,102,353,'a:1:{i:0;s:6:\"a:0:{}\";}',0,1,1,1),(379,368,102,355,'a:1:{i:0;s:6:\"a:0:{}\";}',0,1,1,1),(380,369,102,356,'a:1:{i:0;s:23:\"a:1:{i:0;s:6:\"a:0:{}\";}\";}',0,0,1,1),(381,1,104,361,'a:1:{i:0;s:6:\"a:0:{}\";}',0,1,1,1),(382,2,104,362,'a:1:{i:0;s:6:\"a:0:{}\";}',1,1,0,0),(383,8,104,358,'a:1:{i:0;s:6:\"a:0:{}\";}',0,1,0,0),(384,9,104,359,'a:1:{i:0;s:6:\"a:0:{}\";}',0,1,0,0),(385,5,104,363,'a:1:{i:0;s:6:\"a:0:{}\";}',0,1,1,0),(386,6,104,366,'a:1:{i:0;s:6:\"a:0:{}\";}',0,1,0,0),(387,3,104,364,'a:1:{i:0;s:41:\"a:1:{i:0;s:23:\"a:1:{i:0;s:6:\"a:0:{}\";}\";}\";}',0,1,0,0),(388,4,104,365,'a:1:{i:0;s:151:\"a:1:{i:0;s:132:\"a:1:{i:0;s:113:\"a:1:{i:0;s:95:\"a:1:{i:0;s:77:\"a:1:{i:0;s:59:\"a:1:{i:0;s:41:\"a:1:{i:0;s:23:\"a:1:{i:0;s:6:\"a:0:{}\";}\";}\";}\";}\";}\";}\";}\";}\";}',0,1,0,0),(389,10,104,360,'a:1:{i:0;s:6:\"a:0:{}\";}',0,1,0,0),(390,7,104,367,'a:1:{i:0;s:6:\"a:0:{}\";}',0,1,0,0),(391,14,104,357,'a:1:{i:0;s:6:\"a:0:{}\";}',0,0,0,0),(392,381,47,201,'a:1:{i:0;s:6:\"a:0:{}\";}',0,1,0,0),(393,382,47,202,'a:1:{i:0;s:6:\"a:0:{}\";}',0,1,0,0),(394,383,47,368,'a:1:{i:0;s:23:\"a:1:{i:0;s:6:\"a:0:{}\";}\";}',0,1,1,1),(396,385,107,371,'a:1:{i:0;s:6:\"a:0:{}\";}',0,1,1,1),(397,386,106,370,'a:1:{i:0;s:23:\"a:1:{i:0;s:6:\"a:0:{}\";}\";}',0,1,1,1),(398,387,106,372,'a:1:{i:0;s:23:\"a:1:{i:0;s:6:\"a:0:{}\";}\";}',0,1,1,0),(400,388,109,266,'a:1:{i:0;s:6:\"a:0:{}\";}',0,1,0,0),(401,389,109,171,'a:1:{i:0;s:6:\"a:0:{}\";}',0,1,1,1),(402,390,109,374,'a:1:{i:0;s:6:\"a:0:{}\";}',0,1,1,0),(403,1,110,375,'a:1:{i:0;s:6:\"a:0:{}\";}',0,1,0,0),(404,2,110,376,'a:1:{i:0;s:6:\"a:0:{}\";}',0,1,0,0),(405,3,110,377,'a:1:{i:0;s:6:\"a:0:{}\";}',0,1,0,0),(406,4,110,378,'a:1:{i:0;s:6:\"a:0:{}\";}',0,1,0,0),(407,5,110,379,'a:1:{i:0;s:6:\"a:0:{}\";}',0,1,0,0),(408,6,110,380,'a:1:{i:0;s:6:\"a:0:{}\";}',0,1,0,0),(409,7,110,382,'a:1:{i:0;s:6:\"a:0:{}\";}',0,1,0,0),(410,11,110,381,'a:1:{i:0;s:23:\"a:1:{i:0;s:6:\"a:0:{}\";}\";}',0,0,0,0),(411,8,110,383,'a:1:{i:0;s:23:\"a:1:{i:0;s:6:\"a:0:{}\";}\";}',0,0,0,0),(412,12,110,384,'a:1:{i:0;s:6:\"a:0:{}\";}',0,0,0,0),(413,13,104,385,'a:1:{i:0;s:6:\"a:0:{}\";}',0,0,0,0),(414,4,100,334,'a:1:{i:0;s:6:\"a:0:{}\";}',0,1,0,0),(415,402,111,266,'a:1:{i:0;s:23:\"a:1:{i:0;s:6:\"a:0:{}\";}\";}',1,1,0,0),(416,403,111,264,'a:1:{i:0;s:6:\"a:0:{}\";}',0,0,0,0),(417,404,112,171,'a:1:{i:0;s:6:\"a:0:{}\";}',0,1,1,1),(418,405,112,386,'a:1:{i:0;s:41:\"a:1:{i:0;s:23:\"a:1:{i:0;s:6:\"a:0:{}\";}\";}\";}',0,1,0,0),(419,406,112,387,'a:1:{i:0;s:6:\"a:0:{}\";}',0,1,0,0),(420,407,112,264,'a:1:{i:0;s:6:\"a:0:{}\";}',0,0,0,0),(421,408,114,171,'a:1:{i:0;s:6:\"a:0:{}\";}',0,1,1,1),(422,409,114,186,'a:1:{i:0;s:6:\"a:0:{}\";}',1,1,0,0),(423,410,115,388,'a:1:{i:0;s:6:\"a:0:{}\";}',0,1,0,0),(424,411,115,389,'a:1:{i:0;s:6:\"a:0:{}\";}',0,1,0,0),(425,412,115,390,'a:1:{i:0;s:6:\"a:0:{}\";}',0,1,1,1),(426,413,115,391,'a:1:{i:0;s:6:\"a:0:{}\";}',0,1,0,0),(427,414,115,264,'a:1:{i:0;s:6:\"a:0:{}\";}',0,0,0,0),(428,415,56,392,'a:1:{i:0;s:6:\"a:0:{}\";}',0,0,0,0),(429,416,56,393,'a:1:{i:0;s:6:\"a:0:{}\";}',0,1,1,1),(430,416,119,394,'a:1:{i:0;s:6:\"a:0:{}\";}',0,1,1,1),(431,417,119,395,'a:1:{i:0;s:6:\"a:0:{}\";}',1,1,0,0),(432,418,119,396,'a:1:{i:0;s:6:\"a:0:{}\";}',0,1,0,0),(433,2,120,394,'a:1:{i:0;s:6:\"a:0:{}\";}',0,1,1,1),(434,3,120,395,'a:1:{i:0;s:6:\"a:0:{}\";}',1,1,0,0),(435,4,120,396,'a:1:{i:0;s:6:\"a:0:{}\";}',0,1,0,0),(436,2,121,394,'a:1:{i:0;s:6:\"a:0:{}\";}',0,1,1,1),(437,3,121,395,'a:1:{i:0;s:6:\"a:0:{}\";}',1,1,0,0),(438,4,121,396,'a:1:{i:0;s:23:\"a:1:{i:0;s:6:\"a:0:{}\";}\";}',0,1,0,0),(439,5,121,397,'a:1:{i:0;s:6:\"a:0:{}\";}',0,1,0,0),(440,1,120,398,'a:1:{i:0;s:6:\"a:0:{}\";}',0,1,0,0),(441,1,121,399,'a:1:{i:0;s:6:\"a:0:{}\";}',0,1,0,0),(442,428,123,401,'a:1:{i:0;s:6:\"a:0:{}\";}',0,1,1,1),(443,429,123,407,'a:1:{i:0;s:6:\"a:0:{}\";}',0,1,1,1),(444,430,123,408,'a:1:{i:0;s:6:\"a:0:{}\";}',0,1,0,0),(445,1,124,400,'a:1:{i:0;s:6:\"a:0:{}\";}',0,1,1,0),(446,2,124,402,'a:1:{i:0;s:6:\"a:0:{}\";}',1,1,0,0),(447,3,124,403,'a:1:{i:0;s:6:\"a:0:{}\";}',0,1,0,0),(448,4,124,404,'a:1:{i:0;s:6:\"a:0:{}\";}',0,1,0,0),(449,5,124,405,'a:1:{i:0;s:6:\"a:0:{}\";}',0,1,0,0),(450,7,124,406,'a:1:{i:0;s:6:\"a:0:{}\";}',0,1,0,0),(451,8,124,409,'a:1:{i:0;s:6:\"a:0:{}\";}',0,0,0,0),(452,2,127,411,'a:1:{i:0;s:6:\"a:0:{}\";}',0,1,1,1),(453,1,127,420,'a:1:{i:0;s:6:\"a:0:{}\";}',0,1,1,1),(454,3,127,415,'a:1:{i:0;s:6:\"a:0:{}\";}',0,1,0,0),(455,2,128,410,'a:1:{i:0;s:6:\"a:0:{}\";}',0,1,0,0),(456,4,128,421,'a:1:{i:0;s:6:\"a:0:{}\";}',0,1,1,1),(457,5,128,416,'a:1:{i:0;s:6:\"a:0:{}\";}',0,1,0,0),(458,7,128,418,'a:1:{i:0;s:6:\"a:0:{}\";}',0,1,0,0),(459,10,128,419,'a:1:{i:0;s:6:\"a:0:{}\";}',0,1,0,0),(460,2,129,411,'a:1:{i:0;s:6:\"a:0:{}\";}',0,1,1,1),(461,3,129,417,'a:1:{i:0;s:6:\"a:0:{}\";}',0,1,0,0),(462,4,129,419,'a:1:{i:0;s:6:\"a:0:{}\";}',0,0,0,0),(463,1,128,414,'a:1:{i:0;s:6:\"a:0:{}\";}',0,1,0,0),(464,1,129,422,'a:1:{i:0;s:6:\"a:0:{}\";}',0,1,0,0),(465,9,128,424,'a:1:{i:0;s:6:\"a:0:{}\";}',0,1,0,0),(466,452,135,423,'a:1:{i:0;s:23:\"a:1:{i:0;s:6:\"a:0:{}\";}\";}',0,1,0,0),(467,3,128,413,'a:1:{i:0;s:6:\"a:0:{}\";}',1,1,0,0),(468,3,98,425,'a:1:{i:0;s:6:\"a:0:{}\";}',1,1,0,0),(469,6,96,427,'a:1:{i:0;s:6:\"a:0:{}\";}',0,1,0,0),(470,15,94,428,'a:1:{i:0;s:6:\"a:0:{}\";}',0,0,0,0),(471,15,98,429,'a:1:{i:0;s:6:\"a:0:{}\";}',0,1,0,0),(472,13,94,430,'a:1:{i:0;s:41:\"a:1:{i:0;s:23:\"a:1:{i:0;s:6:\"a:0:{}\";}\";}\";}',0,1,0,1),(473,14,94,431,'a:1:{i:0;s:6:\"a:0:{}\";}',0,1,0,0),(474,9,100,343,'a:1:{i:0;s:6:\"a:0:{}\";}',0,1,0,0),(475,10,100,339,'a:1:{i:0;s:6:\"a:0:{}\";}',0,1,0,0),(476,11,100,344,'a:1:{i:0;s:6:\"a:0:{}\";}',0,0,0,0),(477,12,100,340,'a:1:{i:0;s:6:\"a:0:{}\";}',0,0,0,0),(478,13,100,345,'a:1:{i:0;s:6:\"a:0:{}\";}',0,0,0,0),(479,14,100,341,'a:1:{i:0;s:6:\"a:0:{}\";}',0,0,0,0),(480,15,100,346,'a:1:{i:0;s:6:\"a:0:{}\";}',0,0,0,0),(481,16,100,342,'a:1:{i:0;s:6:\"a:0:{}\";}',0,0,0,0),(482,468,17,432,'a:0:{}',0,0,0,0),(487,12,98,442,'a:1:{i:0;s:23:\"a:1:{i:0;s:6:\"a:0:{}\";}\";}',0,1,0,0),(489,13,98,443,'a:1:{i:0;s:23:\"a:1:{i:0;s:6:\"a:0:{}\";}\";}',0,1,0,0),(490,14,98,444,'a:1:{i:0;s:41:\"a:1:{i:0;s:23:\"a:1:{i:0;s:6:\"a:0:{}\";}\";}\";}',0,1,0,0),(491,472,142,332,'a:1:{i:0;s:6:\"a:0:{}\";}',0,1,0,0),(492,473,143,445,'a:1:{i:0;s:6:\"a:0:{}\";}',0,1,0,0),(493,474,143,446,'a:1:{i:0;s:6:\"a:0:{}\";}',1,1,0,0),(495,2,134,411,'a:1:{i:0;s:6:\"a:0:{}\";}',0,1,0,1),(496,1,134,420,'a:1:{i:0;s:6:\"a:0:{}\";}',0,1,0,1),(497,6,128,447,'a:1:{i:0;s:41:\"a:1:{i:0;s:23:\"a:1:{i:0;s:6:\"a:0:{}\";}\";}\";}',0,1,0,0),(498,8,128,448,'a:1:{i:0;s:6:\"a:0:{}\";}',0,0,0,0),(499,479,94,450,'a:1:{i:0;s:6:\"a:0:{}\";}',0,1,0,0),(500,480,43,451,'a:1:{i:0;s:6:\"a:0:{}\";}',0,1,0,1),(501,6,124,452,'a:1:{i:0;s:6:\"a:0:{}\";}',0,1,0,1),(502,1,145,461,'a:1:{i:0;s:6:\"a:0:{}\";}',0,1,0,0),(503,2,145,453,'a:1:{i:0;s:6:\"a:0:{}\";}',0,1,0,0),(504,3,145,454,'a:1:{i:0;s:6:\"a:0:{}\";}',0,1,0,0),(505,4,145,376,'a:1:{i:0;s:6:\"a:0:{}\";}',0,1,0,0),(506,5,145,378,'a:1:{i:0;s:6:\"a:0:{}\";}',0,1,0,0),(507,6,145,377,'a:1:{i:0;s:6:\"a:0:{}\";}',0,1,0,0),(508,7,145,460,'a:1:{i:0;s:6:\"a:0:{}\";}',0,1,0,0),(509,8,145,459,'a:1:{i:0;s:6:\"a:0:{}\";}',0,1,0,0),(510,9,145,380,'a:1:{i:0;s:6:\"a:0:{}\";}',0,1,0,0),(511,10,145,382,'a:1:{i:0;s:6:\"a:0:{}\";}',0,0,0,0),(512,11,145,383,'a:1:{i:0;s:6:\"a:0:{}\";}',0,1,0,0),(513,13,145,381,'a:1:{i:0;s:6:\"a:0:{}\";}',0,1,0,0),(514,14,145,458,'a:1:{i:0;s:6:\"a:0:{}\";}',0,1,0,0),(515,15,145,384,'a:1:{i:0;s:6:\"a:0:{}\";}',0,0,0,0),(516,1,144,462,'a:1:{i:0;s:6:\"a:0:{}\";}',0,1,0,1),(517,2,144,457,'a:1:{i:0;s:6:\"a:0:{}\";}',0,1,0,0),(518,3,144,456,'a:1:{i:0;s:6:\"a:0:{}\";}',0,0,0,0),(519,4,144,464,'a:1:{i:0;s:6:\"a:0:{}\";}',0,1,0,0),(520,5,144,463,'a:1:{i:0;s:6:\"a:0:{}\";}',0,0,0,0),(521,7,144,455,'a:1:{i:0;s:23:\"a:1:{i:0;s:6:\"a:0:{}\";}\";}',0,0,0,0),(522,6,144,465,'a:1:{i:0;s:6:\"a:0:{}\";}',0,1,0,0),(523,503,74,466,'a:1:{i:0;s:41:\"a:1:{i:0;s:23:\"a:1:{i:0;s:6:\"a:0:{}\";}\";}\";}',0,0,0,0),(524,504,74,467,'a:1:{i:0;s:41:\"a:1:{i:0;s:23:\"a:1:{i:0;s:6:\"a:0:{}\";}\";}\";}',0,0,0,0),(525,505,91,466,'a:1:{i:0;s:23:\"a:1:{i:0;s:6:\"a:0:{}\";}\";}',0,0,0,0),(526,506,91,467,'a:1:{i:0;s:23:\"a:1:{i:0;s:6:\"a:0:{}\";}\";}',0,0,0,0),(527,7,100,468,'a:1:{i:0;s:6:\"a:0:{}\";}',0,0,0,0),(529,9,110,470,'a:1:{i:0;s:23:\"a:1:{i:0;s:6:\"a:0:{}\";}\";}',0,0,0,0),(530,10,110,471,'a:1:{i:0;s:6:\"a:0:{}\";}',0,0,0,0),(531,510,146,472,'a:1:{i:0;s:6:\"a:0:{}\";}',0,0,0,0),(532,511,146,473,'a:1:{i:0;s:6:\"a:0:{}\";}',0,0,0,0),(533,11,104,472,'a:1:{i:0;s:6:\"a:0:{}\";}',0,0,0,0),(534,12,104,473,'a:1:{i:0;s:6:\"a:0:{}\";}',0,0,0,0),(535,12,145,470,'a:1:{i:0;s:6:\"a:0:{}\";}',0,1,0,0),(545,515,148,483,'a:0:{}',0,1,0,0),(546,516,148,484,'a:0:{}',0,1,0,0),(547,517,148,485,'a:0:{}',0,1,0,0),(548,518,148,486,'a:0:{}',0,1,0,0),(549,519,148,487,'a:0:{}',0,1,0,0),(550,520,148,488,'a:0:{}',0,1,0,0),(551,521,148,489,'a:0:{}',0,1,0,0);

--
-- Table structure for table `default_streams_assignments_translations`
--

CREATE TABLE `default_streams_assignments_translations` (
  `id` int(10) unsigned NOT NULL AUTO_INCREMENT,
  `assignment_id` int(11) NOT NULL,
  `locale` varchar(255) COLLATE utf8_unicode_ci NOT NULL,
  `label` varchar(255) COLLATE utf8_unicode_ci DEFAULT NULL,
  `warning` varchar(255) COLLATE utf8_unicode_ci DEFAULT NULL,
  `placeholder` varchar(255) COLLATE utf8_unicode_ci DEFAULT NULL,
  `instructions` text COLLATE utf8_unicode_ci,
  PRIMARY KEY (`id`),
  KEY `streams_assignments_translations_locale_index` (`locale`)
) ENGINE=InnoDB AUTO_INCREMENT=897 DEFAULT CHARSET=utf8 COLLATE=utf8_unicode_ci;

--
-- Dumping data for table `default_streams_assignments_translations`
--

INSERT INTO `default_streams_assignments_translations` VALUES (1,1,'en','anomaly.module.configuration::field.scope.label.configuration','anomaly.module.configuration::field.scope.warning.configuration','anomaly.module.configuration::field.scope.placeholder.configuration','anomaly.module.configuration::field.scope.instructions.configuration'),(2,2,'en','anomaly.module.configuration::field.key.label.configuration','anomaly.module.configuration::field.key.warning.configuration','anomaly.module.configuration::field.key.placeholder.configuration','anomaly.module.configuration::field.key.instructions.configuration'),(3,3,'en','anomaly.module.configuration::field.value.label.configuration','anomaly.module.configuration::field.value.warning.configuration','anomaly.module.configuration::field.value.placeholder.configuration','anomaly.module.configuration::field.value.instructions.configuration'),(4,4,'en','anomaly.module.dashboard::field.name.label.dashboards','anomaly.module.dashboard::field.name.warning.dashboards','anomaly.module.dashboard::field.name.placeholder.dashboards','anomaly.module.dashboard::field.name.instructions.dashboards'),(5,5,'en','anomaly.module.dashboard::field.slug.label.dashboards','anomaly.module.dashboard::field.slug.warning.dashboards','anomaly.module.dashboard::field.slug.placeholder.dashboards','anomaly.module.dashboard::field.slug.instructions.dashboards'),(6,6,'en','anomaly.module.dashboard::field.description.label.dashboards','anomaly.module.dashboard::field.description.warning.dashboards','anomaly.module.dashboard::field.description.placeholder.dashboards','anomaly.module.dashboard::field.description.instructions.dashboards'),(7,7,'en','anomaly.module.dashboard::field.layout.label.dashboards','anomaly.module.dashboard::field.layout.warning.dashboards','anomaly.module.dashboard::field.layout.placeholder.dashboards','anomaly.module.dashboard::field.layout.instructions.dashboards'),(8,8,'en','anomaly.module.dashboard::field.allowed_roles.label.dashboards','anomaly.module.dashboard::field.allowed_roles.warning.dashboards','anomaly.module.dashboard::field.allowed_roles.placeholder.dashboards','anomaly.module.dashboard::field.allowed_roles.instructions.dashboards'),(9,9,'en','anomaly.module.dashboard::field.title.label.widgets','anomaly.module.dashboard::field.title.warning.widgets','anomaly.module.dashboard::field.title.placeholder.widgets','anomaly.module.dashboard::field.title.instructions.widgets'),(10,10,'en','anomaly.module.dashboard::field.description.label.widgets','anomaly.module.dashboard::field.description.warning.widgets','anomaly.module.dashboard::field.description.placeholder.widgets','anomaly.module.dashboard::field.description.instructions.widgets'),(11,11,'en','anomaly.module.dashboard::field.extension.label.widgets','anomaly.module.dashboard::field.extension.warning.widgets','anomaly.module.dashboard::field.extension.placeholder.widgets','anomaly.module.dashboard::field.extension.instructions.widgets'),(12,12,'en','anomaly.module.dashboard::field.column.label.widgets','anomaly.module.dashboard::field.column.warning.widgets','anomaly.module.dashboard::field.column.placeholder.widgets','anomaly.module.dashboard::field.column.instructions.widgets'),(13,13,'en','anomaly.module.dashboard::field.dashboard.label.widgets','anomaly.module.dashboard::field.dashboard.warning.widgets','anomaly.module.dashboard::field.dashboard.placeholder.widgets','anomaly.module.dashboard::field.dashboard.instructions.widgets'),(14,14,'en','anomaly.module.dashboard::field.allowed_roles.label.widgets','anomaly.module.dashboard::field.allowed_roles.warning.widgets','anomaly.module.dashboard::field.allowed_roles.placeholder.widgets','anomaly.module.dashboard::field.allowed_roles.instructions.widgets'),(15,15,'en','anomaly.module.dashboard::field.pinned.label.widgets','anomaly.module.dashboard::field.pinned.warning.widgets','anomaly.module.dashboard::field.pinned.placeholder.widgets','anomaly.module.dashboard::field.pinned.instructions.widgets'),(16,16,'en','anomaly.module.files::field.name.label.disks','anomaly.module.files::field.name.warning.disks','anomaly.module.files::field.name.placeholder.disks','anomaly.module.files::field.name.instructions.disks'),(17,17,'en','anomaly.module.files::field.slug.label.disks','anomaly.module.files::field.slug.warning.disks','anomaly.module.files::field.slug.placeholder.disks','anomaly.module.files::field.slug.instructions.disks'),(18,18,'en','anomaly.module.files::field.adapter.label.disks','anomaly.module.files::field.adapter.warning.disks','anomaly.module.files::field.adapter.placeholder.disks','anomaly.module.files::field.adapter.instructions.disks'),(19,19,'en','anomaly.module.files::field.description.label.disks','anomaly.module.files::field.description.warning.disks','anomaly.module.files::field.description.placeholder.disks','anomaly.module.files::field.description.instructions.disks'),(20,20,'en','anomaly.module.files::field.disk.label.folders','anomaly.module.files::field.disk.warning.folders','anomaly.module.files::field.disk.placeholder.folders','anomaly.module.files::field.disk.instructions.folders'),(21,21,'en','anomaly.module.files::field.name.label.folders','anomaly.module.files::field.name.warning.folders','anomaly.module.files::field.name.placeholder.folders','anomaly.module.files::field.name.instructions.folders'),(22,22,'en','anomaly.module.files::field.slug.label.folders','anomaly.module.files::field.slug.warning.folders','anomaly.module.files::field.slug.placeholder.folders','anomaly.module.files::field.slug.instructions.folders'),(23,23,'en','anomaly.module.files::field.description.label.folders','anomaly.module.files::field.description.warning.folders','anomaly.module.files::field.description.placeholder.folders','anomaly.module.files::field.description.instructions.folders'),(24,24,'en','anomaly.module.files::field.allowed_types.label.folders','anomaly.module.files::field.allowed_types.warning.folders','anomaly.module.files::field.allowed_types.placeholder.folders','anomaly.module.files::field.allowed_types.instructions.folders'),(25,25,'en','anomaly.module.files::field.name.label.files','anomaly.module.files::field.name.warning.files','anomaly.module.files::field.name.placeholder.files','anomaly.module.files::field.name.instructions.files'),(26,26,'en','anomaly.module.files::field.disk.label.files','anomaly.module.files::field.disk.warning.files','anomaly.module.files::field.disk.placeholder.files','anomaly.module.files::field.disk.instructions.files'),(27,27,'en','anomaly.module.files::field.folder.label.files','anomaly.module.files::field.folder.warning.files','anomaly.module.files::field.folder.placeholder.files','anomaly.module.files::field.folder.instructions.files'),(28,28,'en','anomaly.module.files::field.extension.label.files','anomaly.module.files::field.extension.warning.files','anomaly.module.files::field.extension.placeholder.files','anomaly.module.files::field.extension.instructions.files'),(29,29,'en','anomaly.module.files::field.size.label.files','anomaly.module.files::field.size.warning.files','anomaly.module.files::field.size.placeholder.files','anomaly.module.files::field.size.instructions.files'),(30,30,'en','anomaly.module.files::field.mime_type.label.files','anomaly.module.files::field.mime_type.warning.files','anomaly.module.files::field.mime_type.placeholder.files','anomaly.module.files::field.mime_type.instructions.files'),(31,31,'en','anomaly.module.files::field.entry.label.files','anomaly.module.files::field.entry.warning.files','anomaly.module.files::field.entry.placeholder.files','anomaly.module.files::field.entry.instructions.files'),(32,32,'en','anomaly.module.files::field.keywords.label.files','anomaly.module.files::field.keywords.warning.files','anomaly.module.files::field.keywords.placeholder.files','anomaly.module.files::field.keywords.instructions.files'),(33,33,'en','anomaly.module.files::field.height.label.files','anomaly.module.files::field.height.warning.files','anomaly.module.files::field.height.placeholder.files','anomaly.module.files::field.height.instructions.files'),(34,34,'en','anomaly.module.files::field.width.label.files','anomaly.module.files::field.width.warning.files','anomaly.module.files::field.width.placeholder.files','anomaly.module.files::field.width.instructions.files'),(35,35,'en','anomaly.module.files::field.alt_text.label.files','anomaly.module.files::field.alt_text.warning.files','anomaly.module.files::field.alt_text.placeholder.files','anomaly.module.files::field.alt_text.instructions.files'),(36,36,'en','anomaly.module.files::field.title.label.files','anomaly.module.files::field.title.warning.files','anomaly.module.files::field.title.placeholder.files','anomaly.module.files::field.title.instructions.files'),(37,37,'en','anomaly.module.files::field.caption.label.files','anomaly.module.files::field.caption.warning.files','anomaly.module.files::field.caption.placeholder.files','anomaly.module.files::field.caption.instructions.files'),(38,38,'en','anomaly.module.files::field.description.label.files','anomaly.module.files::field.description.warning.files','anomaly.module.files::field.description.placeholder.files','anomaly.module.files::field.description.instructions.files'),(39,39,'en','anomaly.module.navigation::field.name.label.menus','anomaly.module.navigation::field.name.warning.menus','anomaly.module.navigation::field.name.placeholder.menus','anomaly.module.navigation::field.name.instructions.menus'),(40,40,'en','anomaly.module.navigation::field.slug.label.menus','anomaly.module.navigation::field.slug.warning.menus','anomaly.module.navigation::field.slug.placeholder.menus','anomaly.module.navigation::field.slug.instructions.menus'),(41,41,'en','anomaly.module.navigation::field.description.label.menus','anomaly.module.navigation::field.description.warning.menus','anomaly.module.navigation::field.description.placeholder.menus','anomaly.module.navigation::field.description.instructions.menus'),(42,42,'en','anomaly.module.navigation::field.menu.label.links','anomaly.module.navigation::field.menu.warning.links','anomaly.module.navigation::field.menu.placeholder.links','anomaly.module.navigation::field.menu.instructions.links'),(43,43,'en','anomaly.module.navigation::field.type.label.links','anomaly.module.navigation::field.type.warning.links','anomaly.module.navigation::field.type.placeholder.links','anomaly.module.navigation::field.type.instructions.links'),(44,44,'en','anomaly.module.navigation::field.entry.label.links','anomaly.module.navigation::field.entry.warning.links','anomaly.module.navigation::field.entry.placeholder.links','anomaly.module.navigation::field.entry.instructions.links'),(45,45,'en','anomaly.module.navigation::field.target.label.links','anomaly.module.navigation::field.target.warning.links','anomaly.module.navigation::field.target.placeholder.links','anomaly.module.navigation::field.target.instructions.links'),(46,46,'en','anomaly.module.navigation::field.class.label.links','anomaly.module.navigation::field.class.warning.links','anomaly.module.navigation::field.class.placeholder.links','anomaly.module.navigation::field.class.instructions.links'),(47,47,'en','anomaly.module.navigation::field.parent.label.links','anomaly.module.navigation::field.parent.warning.links','anomaly.module.navigation::field.parent.placeholder.links','anomaly.module.navigation::field.parent.instructions.links'),(48,48,'en','anomaly.module.navigation::field.allowed_roles.label.links','anomaly.module.navigation::field.allowed_roles.warning.links','anomaly.module.navigation::field.allowed_roles.placeholder.links','anomaly.module.navigation::field.allowed_roles.instructions.links'),(49,49,'en','anomaly.module.pages::field.str_id.label.pages','anomaly.module.pages::field.str_id.warning.pages','anomaly.module.pages::field.str_id.placeholder.pages','anomaly.module.pages::field.str_id.instructions.pages'),(50,50,'en','anomaly.module.pages::field.title.label.pages','anomaly.module.pages::field.title.warning.pages','anomaly.module.pages::field.title.placeholder.pages','anomaly.module.pages::field.title.instructions.pages'),(51,51,'en','anomaly.module.pages::field.slug.label.pages','anomaly.module.pages::field.slug.warning.pages','anomaly.module.pages::field.slug.placeholder.pages','anomaly.module.pages::field.slug.instructions.pages'),(52,52,'en','anomaly.module.pages::field.path.label.pages','anomaly.module.pages::field.path.warning.pages','anomaly.module.pages::field.path.placeholder.pages','anomaly.module.pages::field.path.instructions.pages'),(53,53,'en','anomaly.module.pages::field.type.label.pages','anomaly.module.pages::field.type.warning.pages','anomaly.module.pages::field.type.placeholder.pages','anomaly.module.pages::field.type.instructions.pages'),(54,54,'en','anomaly.module.pages::field.entry.label.pages','anomaly.module.pages::field.entry.warning.pages','anomaly.module.pages::field.entry.placeholder.pages','anomaly.module.pages::field.entry.instructions.pages'),(55,55,'en','anomaly.module.pages::field.parent.label.pages','anomaly.module.pages::field.parent.warning.pages','anomaly.module.pages::field.parent.placeholder.pages','anomaly.module.pages::field.parent.instructions.pages'),(56,56,'en','anomaly.module.pages::field.visible.label.pages','anomaly.module.pages::field.visible.warning.pages','anomaly.module.pages::field.visible.placeholder.pages','anomaly.module.pages::field.visible.instructions.pages'),(57,57,'en','anomaly.module.pages::field.enabled.label.pages','anomaly.module.pages::field.enabled.warning.pages','anomaly.module.pages::field.enabled.placeholder.pages','anomaly.module.pages::field.enabled.instructions.pages'),(58,58,'en','anomaly.module.pages::field.exact.label.pages','anomaly.module.pages::field.exact.warning.pages','anomaly.module.pages::field.exact.placeholder.pages','anomaly.module.pages::field.exact.instructions.pages'),(59,59,'en','anomaly.module.pages::field.home.label.pages','anomaly.module.pages::field.home.warning.pages','anomaly.module.pages::field.home.placeholder.pages','anomaly.module.pages::field.home.instructions.pages'),(60,60,'en','anomaly.module.pages::field.meta_title.label.pages','anomaly.module.pages::field.meta_title.warning.pages','anomaly.module.pages::field.meta_title.placeholder.pages','anomaly.module.pages::field.meta_title.instructions.pages'),(61,61,'en','anomaly.module.pages::field.meta_description.label.pages','anomaly.module.pages::field.meta_description.warning.pages','anomaly.module.pages::field.meta_description.placeholder.pages','anomaly.module.pages::field.meta_description.instructions.pages'),(63,63,'en','anomaly.module.pages::field.theme_layout.label.pages','anomaly.module.pages::field.theme_layout.warning.pages','anomaly.module.pages::field.theme_layout.placeholder.pages','anomaly.module.pages::field.theme_layout.instructions.pages'),(64,64,'en','anomaly.module.pages::field.allowed_roles.label.pages','anomaly.module.pages::field.allowed_roles.warning.pages','anomaly.module.pages::field.allowed_roles.placeholder.pages','anomaly.module.pages::field.allowed_roles.instructions.pages'),(65,65,'en','anomaly.module.pages::field.name.label.types','anomaly.module.pages::field.name.warning.types','anomaly.module.pages::field.name.placeholder.types','anomaly.module.pages::field.name.instructions.types'),(66,66,'en','anomaly.module.pages::field.slug.label.types','anomaly.module.pages::field.slug.warning.types','anomaly.module.pages::field.slug.placeholder.types','anomaly.module.pages::field.slug.instructions.types'),(67,67,'en','anomaly.module.pages::field.description.label.types','anomaly.module.pages::field.description.warning.types','anomaly.module.pages::field.description.placeholder.types','anomaly.module.pages::field.description.instructions.types'),(68,68,'en','anomaly.module.pages::field.theme_layout.label.types','anomaly.module.pages::field.theme_layout.warning.types','anomaly.module.pages::field.theme_layout.placeholder.types','anomaly.module.pages::field.theme_layout.instructions.types'),(69,69,'en','anomaly.module.pages::field.layout.label.types','anomaly.module.pages::field.layout.warning.types','anomaly.module.pages::field.layout.placeholder.types','anomaly.module.pages::field.layout.instructions.types'),(70,70,'en','anomaly.module.pages::field.handler.label.types','anomaly.module.pages::field.handler.warning.types','anomaly.module.pages::field.handler.placeholder.types','anomaly.module.pages::field.handler.instructions.types'),(71,71,'en','anomaly.module.posts::field.name.label.categories','anomaly.module.posts::field.name.warning.categories','anomaly.module.posts::field.name.placeholder.categories','anomaly.module.posts::field.name.instructions.categories'),(72,72,'en','anomaly.module.posts::field.slug.label.categories','anomaly.module.posts::field.slug.warning.categories','anomaly.module.posts::field.slug.placeholder.categories','anomaly.module.posts::field.slug.instructions.categories'),(73,73,'en','anomaly.module.posts::field.description.label.categories','anomaly.module.posts::field.description.warning.categories','anomaly.module.posts::field.description.placeholder.categories','anomaly.module.posts::field.description.instructions.categories'),(74,74,'en','anomaly.module.posts::field.str_id.label.posts','anomaly.module.posts::field.str_id.warning.posts','anomaly.module.posts::field.str_id.placeholder.posts','anomaly.module.posts::field.str_id.instructions.posts'),(75,75,'en','anomaly.module.posts::field.title.label.posts','anomaly.module.posts::field.title.warning.posts','anomaly.module.posts::field.title.placeholder.posts','anomaly.module.posts::field.title.instructions.posts'),(76,76,'en','anomaly.module.posts::field.summary.label.posts','anomaly.module.posts::field.summary.warning.posts','anomaly.module.posts::field.summary.placeholder.posts','anomaly.module.posts::field.summary.instructions.posts'),(77,77,'en','anomaly.module.posts::field.slug.label.posts','anomaly.module.posts::field.slug.warning.posts','anomaly.module.posts::field.slug.placeholder.posts','anomaly.module.posts::field.slug.instructions.posts'),(78,78,'en','anomaly.module.posts::field.type.label.posts','anomaly.module.posts::field.type.warning.posts','anomaly.module.posts::field.type.placeholder.posts','anomaly.module.posts::field.type.instructions.posts'),(79,79,'en','anomaly.module.posts::field.publish_at.label.posts','anomaly.module.posts::field.publish_at.warning.posts','anomaly.module.posts::field.publish_at.placeholder.posts','anomaly.module.posts::field.publish_at.instructions.posts'),(80,80,'en','anomaly.module.posts::field.author.label.posts','anomaly.module.posts::field.author.warning.posts','anomaly.module.posts::field.author.placeholder.posts','anomaly.module.posts::field.author.instructions.posts'),(81,81,'en','anomaly.module.posts::field.entry.label.posts','anomaly.module.posts::field.entry.warning.posts','anomaly.module.posts::field.entry.placeholder.posts','anomaly.module.posts::field.entry.instructions.posts'),(82,82,'en','anomaly.module.posts::field.meta_title.label.posts','anomaly.module.posts::field.meta_title.warning.posts','anomaly.module.posts::field.meta_title.placeholder.posts','anomaly.module.posts::field.meta_title.instructions.posts'),(83,83,'en','anomaly.module.posts::field.meta_description.label.posts','anomaly.module.posts::field.meta_description.warning.posts','anomaly.module.posts::field.meta_description.placeholder.posts','anomaly.module.posts::field.meta_description.instructions.posts'),(84,84,'en','anomaly.module.posts::field.category.label.posts','anomaly.module.posts::field.category.warning.posts','anomaly.module.posts::field.category.placeholder.posts','anomaly.module.posts::field.category.instructions.posts'),(85,85,'en','anomaly.module.posts::field.featured.label.posts','anomaly.module.posts::field.featured.warning.posts','anomaly.module.posts::field.featured.placeholder.posts','anomaly.module.posts::field.featured.instructions.posts'),(86,86,'en','anomaly.module.posts::field.enabled.label.posts','anomaly.module.posts::field.enabled.warning.posts','anomaly.module.posts::field.enabled.placeholder.posts','anomaly.module.posts::field.enabled.instructions.posts'),(87,87,'en','anomaly.module.posts::field.tags.label.posts','anomaly.module.posts::field.tags.warning.posts','anomaly.module.posts::field.tags.placeholder.posts','anomaly.module.posts::field.tags.instructions.posts'),(88,88,'en','anomaly.module.posts::field.name.label.types','anomaly.module.posts::field.name.warning.types','anomaly.module.posts::field.name.placeholder.types','anomaly.module.posts::field.name.instructions.types'),(89,89,'en','anomaly.module.posts::field.slug.label.types','anomaly.module.posts::field.slug.warning.types','anomaly.module.posts::field.slug.placeholder.types','anomaly.module.posts::field.slug.instructions.types'),(90,90,'en','anomaly.module.posts::field.layout.label.types','anomaly.module.posts::field.layout.warning.types','anomaly.module.posts::field.layout.placeholder.types','anomaly.module.posts::field.layout.instructions.types'),(91,91,'en','anomaly.module.posts::field.theme_layout.label.types','anomaly.module.posts::field.theme_layout.warning.types','anomaly.module.posts::field.theme_layout.placeholder.types','anomaly.module.posts::field.theme_layout.instructions.types'),(92,92,'en','anomaly.module.posts::field.description.label.types','anomaly.module.posts::field.description.warning.types','anomaly.module.posts::field.description.placeholder.types','anomaly.module.posts::field.description.instructions.types'),(93,93,'en','anomaly.module.preferences::field.user.label.preferences','anomaly.module.preferences::field.user.warning.preferences','anomaly.module.preferences::field.user.placeholder.preferences','anomaly.module.preferences::field.user.instructions.preferences'),(94,94,'en','anomaly.module.preferences::field.key.label.preferences','anomaly.module.preferences::field.key.warning.preferences','anomaly.module.preferences::field.key.placeholder.preferences','anomaly.module.preferences::field.key.instructions.preferences'),(95,95,'en','anomaly.module.preferences::field.value.label.preferences','anomaly.module.preferences::field.value.warning.preferences','anomaly.module.preferences::field.value.placeholder.preferences','anomaly.module.preferences::field.value.instructions.preferences'),(96,96,'en','anomaly.module.redirects::field.from.label.redirects','anomaly.module.redirects::field.from.warning.redirects','anomaly.module.redirects::field.from.placeholder.redirects','anomaly.module.redirects::field.from.instructions.redirects'),(97,97,'en','anomaly.module.redirects::field.to.label.redirects','anomaly.module.redirects::field.to.warning.redirects','anomaly.module.redirects::field.to.placeholder.redirects','anomaly.module.redirects::field.to.instructions.redirects'),(98,98,'en','anomaly.module.redirects::field.status.label.redirects','anomaly.module.redirects::field.status.warning.redirects','anomaly.module.redirects::field.status.placeholder.redirects','anomaly.module.redirects::field.status.instructions.redirects'),(99,99,'en','anomaly.module.redirects::field.secure.label.redirects','anomaly.module.redirects::field.secure.warning.redirects','anomaly.module.redirects::field.secure.placeholder.redirects','anomaly.module.redirects::field.secure.instructions.redirects'),(100,100,'en','anomaly.module.settings::field.key.label.settings','anomaly.module.settings::field.key.warning.settings','anomaly.module.settings::field.key.placeholder.settings','anomaly.module.settings::field.key.instructions.settings'),(101,101,'en','anomaly.module.settings::field.value.label.settings','anomaly.module.settings::field.value.warning.settings','anomaly.module.settings::field.value.placeholder.settings','anomaly.module.settings::field.value.instructions.settings'),(102,102,'en','anomaly.module.users::field.email.label.users','anomaly.module.users::field.email.warning.users','anomaly.module.users::field.email.placeholder.users','anomaly.module.users::field.email.instructions.users'),(103,103,'en','anomaly.module.users::field.username.label.users','anomaly.module.users::field.username.warning.users','anomaly.module.users::field.username.placeholder.users','anomaly.module.users::field.username.instructions.users'),(104,104,'en','anomaly.module.users::field.password.label.users','anomaly.module.users::field.password.warning.users','anomaly.module.users::field.password.placeholder.users','anomaly.module.users::field.password.instructions.users'),(105,105,'en','anomaly.module.users::field.roles.label.users','anomaly.module.users::field.roles.warning.users','anomaly.module.users::field.roles.placeholder.users','anomaly.module.users::field.roles.instructions.users'),(106,106,'en','anomaly.module.users::field.display_name.label.users','anomaly.module.users::field.display_name.warning.users','anomaly.module.users::field.display_name.placeholder.users','anomaly.module.users::field.display_name.instructions.users'),(107,107,'en','anomaly.module.users::field.first_name.label.users','anomaly.module.users::field.first_name.warning.users','anomaly.module.users::field.first_name.placeholder.users','anomaly.module.users::field.first_name.instructions.users'),(108,108,'en','anomaly.module.users::field.last_name.label.users','anomaly.module.users::field.last_name.warning.users','anomaly.module.users::field.last_name.placeholder.users','anomaly.module.users::field.last_name.instructions.users'),(109,109,'en','anomaly.module.users::field.activated.label.users','anomaly.module.users::field.activated.warning.users','anomaly.module.users::field.activated.placeholder.users','anomaly.module.users::field.activated.instructions.users'),(110,110,'en','anomaly.module.users::field.enabled.label.users','anomaly.module.users::field.enabled.warning.users','anomaly.module.users::field.enabled.placeholder.users','anomaly.module.users::field.enabled.instructions.users'),(111,111,'en','anomaly.module.users::field.permissions.label.users','anomaly.module.users::field.permissions.warning.users','anomaly.module.users::field.permissions.placeholder.users','anomaly.module.users::field.permissions.instructions.users'),(112,112,'en','anomaly.module.users::field.last_login_at.label.users','anomaly.module.users::field.last_login_at.warning.users','anomaly.module.users::field.last_login_at.placeholder.users','anomaly.module.users::field.last_login_at.instructions.users'),(113,113,'en','anomaly.module.users::field.remember_token.label.users','anomaly.module.users::field.remember_token.warning.users','anomaly.module.users::field.remember_token.placeholder.users','anomaly.module.users::field.remember_token.instructions.users'),(114,114,'en','anomaly.module.users::field.activation_code.label.users','anomaly.module.users::field.activation_code.warning.users','anomaly.module.users::field.activation_code.placeholder.users','anomaly.module.users::field.activation_code.instructions.users'),(115,115,'en','anomaly.module.users::field.reset_code.label.users','anomaly.module.users::field.reset_code.warning.users','anomaly.module.users::field.reset_code.placeholder.users','anomaly.module.users::field.reset_code.instructions.users'),(116,116,'en','anomaly.module.users::field.last_activity_at.label.users','anomaly.module.users::field.last_activity_at.warning.users','anomaly.module.users::field.last_activity_at.placeholder.users','anomaly.module.users::field.last_activity_at.instructions.users'),(117,117,'en','anomaly.module.users::field.ip_address.label.users','anomaly.module.users::field.ip_address.warning.users','anomaly.module.users::field.ip_address.placeholder.users','anomaly.module.users::field.ip_address.instructions.users'),(118,118,'en','anomaly.module.users::field.name.label.roles','anomaly.module.users::field.name.warning.roles','anomaly.module.users::field.name.placeholder.roles','anomaly.module.users::field.name.instructions.roles'),(119,119,'en','anomaly.module.users::field.slug.label.roles','anomaly.module.users::field.slug.warning.roles','anomaly.module.users::field.slug.placeholder.roles','anomaly.module.users::field.slug.instructions.roles'),(120,120,'en','anomaly.module.users::field.description.label.roles','anomaly.module.users::field.description.warning.roles','anomaly.module.users::field.description.placeholder.roles','anomaly.module.users::field.description.instructions.roles'),(121,121,'en','anomaly.module.users::field.permissions.label.roles','anomaly.module.users::field.permissions.warning.roles','anomaly.module.users::field.permissions.placeholder.roles','anomaly.module.users::field.permissions.instructions.roles'),(122,122,'en','anomaly.extension.page_link_type::field.title.label.pages','anomaly.extension.page_link_type::field.title.warning.pages','anomaly.extension.page_link_type::field.title.placeholder.pages','anomaly.extension.page_link_type::field.title.instructions.pages'),(123,123,'en','anomaly.extension.page_link_type::field.page.label.pages','anomaly.extension.page_link_type::field.page.warning.pages','anomaly.extension.page_link_type::field.page.placeholder.pages','anomaly.extension.page_link_type::field.page.instructions.pages'),(124,124,'en','anomaly.extension.page_link_type::field.description.label.pages','anomaly.extension.page_link_type::field.description.warning.pages','anomaly.extension.page_link_type::field.description.placeholder.pages','anomaly.extension.page_link_type::field.description.instructions.pages'),(125,125,'en','anomaly.extension.url_link_type::field.title.label.urls','anomaly.extension.url_link_type::field.title.warning.urls','anomaly.extension.url_link_type::field.title.placeholder.urls','anomaly.extension.url_link_type::field.title.instructions.urls'),(126,126,'en','anomaly.extension.url_link_type::field.url.label.urls','anomaly.extension.url_link_type::field.url.warning.urls','anomaly.extension.url_link_type::field.url.placeholder.urls','anomaly.extension.url_link_type::field.url.instructions.urls'),(127,127,'en','anomaly.extension.url_link_type::field.description.label.urls','anomaly.extension.url_link_type::field.description.warning.urls','anomaly.extension.url_link_type::field.description.placeholder.urls','anomaly.extension.url_link_type::field.description.instructions.urls'),(128,128,'en',NULL,NULL,NULL,NULL),(129,129,'en',NULL,NULL,NULL,NULL),(130,130,'en','anomaly.module.streams::field.name.label.groups','anomaly.module.streams::field.name.warning.groups','anomaly.module.streams::field.name.placeholder.groups','anomaly.module.streams::field.name.instructions.groups'),(131,131,'en','anomaly.module.streams::field.slug.label.groups','anomaly.module.streams::field.slug.warning.groups','anomaly.module.streams::field.slug.placeholder.groups','anomaly.module.streams::field.slug.instructions.groups'),(132,132,'en','anomaly.module.streams::field.description.label.groups','anomaly.module.streams::field.description.warning.groups','anomaly.module.streams::field.description.placeholder.groups','anomaly.module.streams::field.description.instructions.groups'),(133,133,'en','anomaly.module.streams::field.allowed_roles.label.groups','anomaly.module.streams::field.allowed_roles.warning.groups','anomaly.module.streams::field.allowed_roles.placeholder.groups','anomaly.module.streams::field.allowed_roles.instructions.groups'),(134,134,'en','anomaly.module.templates::field.name.label.groups','anomaly.module.templates::field.name.warning.groups','anomaly.module.templates::field.name.placeholder.groups','anomaly.module.templates::field.name.instructions.groups'),(135,135,'en','anomaly.module.templates::field.slug.label.groups','anomaly.module.templates::field.slug.warning.groups','anomaly.module.templates::field.slug.placeholder.groups','anomaly.module.templates::field.slug.instructions.groups'),(136,136,'en','anomaly.module.templates::field.description.label.groups','anomaly.module.templates::field.description.warning.groups','anomaly.module.templates::field.description.placeholder.groups','anomaly.module.templates::field.description.instructions.groups'),(137,137,'en','anomaly.module.templates::field.path.label.templates','anomaly.module.templates::field.path.warning.templates','anomaly.module.templates::field.path.placeholder.templates','anomaly.module.templates::field.path.instructions.templates'),(138,138,'en','anomaly.module.templates::field.type.label.templates','anomaly.module.templates::field.type.warning.templates','anomaly.module.templates::field.type.placeholder.templates','anomaly.module.templates::field.type.instructions.templates'),(139,139,'en','anomaly.module.templates::field.name.label.templates','anomaly.module.templates::field.name.warning.templates','anomaly.module.templates::field.name.placeholder.templates','anomaly.module.templates::field.name.instructions.templates'),(140,140,'en','anomaly.module.templates::field.slug.label.templates','anomaly.module.templates::field.slug.warning.templates','anomaly.module.templates::field.slug.placeholder.templates','anomaly.module.templates::field.slug.instructions.templates'),(141,141,'en','anomaly.module.templates::field.description.label.templates','anomaly.module.templates::field.description.warning.templates','anomaly.module.templates::field.description.placeholder.templates','anomaly.module.templates::field.description.instructions.templates'),(142,142,'en','anomaly.module.templates::field.group.label.templates','anomaly.module.templates::field.group.warning.templates','anomaly.module.templates::field.group.placeholder.templates','anomaly.module.templates::field.group.instructions.templates'),(143,143,'en','anomaly.module.templates::field.content.label.templates','anomaly.module.templates::field.content.warning.templates','anomaly.module.templates::field.content.placeholder.templates','anomaly.module.templates::field.content.instructions.templates'),(144,144,'en','anomaly.module.templates::field.uri.label.routes','anomaly.module.templates::field.uri.warning.routes','anomaly.module.templates::field.uri.placeholder.routes','anomaly.module.templates::field.uri.instructions.routes'),(145,145,'en','anomaly.module.templates::field.template.label.routes','anomaly.module.templates::field.template.warning.routes','anomaly.module.templates::field.template.placeholder.routes','anomaly.module.templates::field.template.instructions.routes'),(146,146,'en','anomaly.module.forms::field.form_name.label.forms','anomaly.module.forms::field.form_name.warning.forms','anomaly.module.forms::field.form_name.placeholder.forms','anomaly.module.forms::field.form_name.instructions.forms'),(147,147,'en','anomaly.module.forms::field.form_description.label.forms','anomaly.module.forms::field.form_description.warning.forms','anomaly.module.forms::field.form_description.placeholder.forms','anomaly.module.forms::field.form_description.instructions.forms'),(148,148,'en','anomaly.module.forms::field.form_slug.label.forms','anomaly.module.forms::field.form_slug.warning.forms','anomaly.module.forms::field.form_slug.placeholder.forms','anomaly.module.forms::field.form_slug.instructions.forms'),(149,149,'en','anomaly.module.forms::field.form_handler.label.forms','anomaly.module.forms::field.form_handler.warning.forms','anomaly.module.forms::field.form_handler.placeholder.forms','anomaly.module.forms::field.form_handler.instructions.forms'),(150,150,'en','anomaly.module.forms::field.form_view_options.label.forms','anomaly.module.forms::field.form_view_options.warning.forms','anomaly.module.forms::field.form_view_options.placeholder.forms','anomaly.module.forms::field.form_view_options.instructions.forms'),(151,151,'en','anomaly.module.forms::field.success_message.label.forms','anomaly.module.forms::field.success_message.warning.forms','anomaly.module.forms::field.success_message.placeholder.forms','anomaly.module.forms::field.success_message.instructions.forms'),(152,152,'en','anomaly.module.forms::field.success_redirect.label.forms','anomaly.module.forms::field.success_redirect.warning.forms','anomaly.module.forms::field.success_redirect.placeholder.forms','anomaly.module.forms::field.success_redirect.instructions.forms'),(153,153,'en','anomaly.module.forms::field.send_notification.label.forms','anomaly.module.forms::field.send_notification.warning.forms','anomaly.module.forms::field.send_notification.placeholder.forms','anomaly.module.forms::field.send_notification.instructions.forms'),(154,154,'en','anomaly.module.forms::field.notification_send_to.label.forms','anomaly.module.forms::field.notification_send_to.warning.forms','anomaly.module.forms::field.notification_send_to.placeholder.forms','anomaly.module.forms::field.notification_send_to.instructions.forms'),(155,155,'en','anomaly.module.forms::field.notification_cc.label.forms','anomaly.module.forms::field.notification_cc.warning.forms','anomaly.module.forms::field.notification_cc.placeholder.forms','anomaly.module.forms::field.notification_cc.instructions.forms'),(156,156,'en','anomaly.module.forms::field.notification_bcc.label.forms','anomaly.module.forms::field.notification_bcc.warning.forms','anomaly.module.forms::field.notification_bcc.placeholder.forms','anomaly.module.forms::field.notification_bcc.instructions.forms'),(157,157,'en','anomaly.module.forms::field.notification.label.forms','anomaly.module.forms::field.notification.warning.forms','anomaly.module.forms::field.notification.placeholder.forms','anomaly.module.forms::field.notification.instructions.forms'),(158,158,'en','anomaly.module.forms::field.send_autoresponder.label.forms','anomaly.module.forms::field.send_autoresponder.warning.forms','anomaly.module.forms::field.send_autoresponder.placeholder.forms','anomaly.module.forms::field.send_autoresponder.instructions.forms'),(159,159,'en','anomaly.module.forms::field.user_email_field.label.forms','anomaly.module.forms::field.user_email_field.warning.forms','anomaly.module.forms::field.user_email_field.placeholder.forms','anomaly.module.forms::field.user_email_field.instructions.forms'),(160,160,'en','anomaly.module.forms::field.autoresponder.label.forms','anomaly.module.forms::field.autoresponder.warning.forms','anomaly.module.forms::field.autoresponder.placeholder.forms','anomaly.module.forms::field.autoresponder.instructions.forms'),(161,161,'en','anomaly.module.forms::field.notification_name.label.notifications','anomaly.module.forms::field.notification_name.warning.notifications','anomaly.module.forms::field.notification_name.placeholder.notifications','anomaly.module.forms::field.notification_name.instructions.notifications'),(162,162,'en','anomaly.module.forms::field.notification_description.label.notifications','anomaly.module.forms::field.notification_description.warning.notifications','anomaly.module.forms::field.notification_description.placeholder.notifications','anomaly.module.forms::field.notification_description.instructions.notifications'),(163,163,'en','anomaly.module.forms::field.notification_slug.label.notifications','anomaly.module.forms::field.notification_slug.warning.notifications','anomaly.module.forms::field.notification_slug.placeholder.notifications','anomaly.module.forms::field.notification_slug.instructions.notifications'),(164,164,'en','anomaly.module.forms::field.notification_email_layout.label.notifications','anomaly.module.forms::field.notification_email_layout.warning.notifications','anomaly.module.forms::field.notification_email_layout.placeholder.notifications','anomaly.module.forms::field.notification_email_layout.instructions.notifications'),(165,165,'en','anomaly.module.forms::field.notification_content.label.notifications','anomaly.module.forms::field.notification_content.warning.notifications','anomaly.module.forms::field.notification_content.placeholder.notifications','anomaly.module.forms::field.notification_content.instructions.notifications'),(166,166,'en','anomaly.module.forms::field.notification_from_name.label.notifications','anomaly.module.forms::field.notification_from_name.warning.notifications','anomaly.module.forms::field.notification_from_name.placeholder.notifications','anomaly.module.forms::field.notification_from_name.instructions.notifications'),(167,167,'en','anomaly.module.forms::field.notification_from_email.label.notifications','anomaly.module.forms::field.notification_from_email.warning.notifications','anomaly.module.forms::field.notification_from_email.placeholder.notifications','anomaly.module.forms::field.notification_from_email.instructions.notifications'),(168,168,'en','anomaly.module.forms::field.notification_reply_to_name.label.notifications','anomaly.module.forms::field.notification_reply_to_name.warning.notifications','anomaly.module.forms::field.notification_reply_to_name.placeholder.notifications','anomaly.module.forms::field.notification_reply_to_name.instructions.notifications'),(169,169,'en','anomaly.module.forms::field.notification_reply_to_email.label.notifications','anomaly.module.forms::field.notification_reply_to_email.warning.notifications','anomaly.module.forms::field.notification_reply_to_email.placeholder.notifications','anomaly.module.forms::field.notification_reply_to_email.instructions.notifications'),(170,170,'en','anomaly.module.forms::field.notification_subject.label.notifications','anomaly.module.forms::field.notification_subject.warning.notifications','anomaly.module.forms::field.notification_subject.placeholder.notifications','anomaly.module.forms::field.notification_subject.instructions.notifications'),(171,171,'en','anomaly.module.forms::field.include_attachments.label.notifications','anomaly.module.forms::field.include_attachments.warning.notifications','anomaly.module.forms::field.include_attachments.placeholder.notifications','anomaly.module.forms::field.include_attachments.instructions.notifications'),(172,172,'en','anomaly.module.partials::field.name.label.partials','anomaly.module.partials::field.name.warning.partials','anomaly.module.partials::field.name.placeholder.partials','anomaly.module.partials::field.name.instructions.partials'),(173,173,'en','anomaly.module.partials::field.slug.label.partials','anomaly.module.partials::field.slug.warning.partials','anomaly.module.partials::field.slug.placeholder.partials','anomaly.module.partials::field.slug.instructions.partials'),(174,174,'en','anomaly.module.partials::field.description.label.partials','anomaly.module.partials::field.description.warning.partials','anomaly.module.partials::field.description.placeholder.partials','anomaly.module.partials::field.description.instructions.partials'),(175,175,'en','anomaly.module.partials::field.type.label.partials','anomaly.module.partials::field.type.warning.partials','anomaly.module.partials::field.type.placeholder.partials','anomaly.module.partials::field.type.instructions.partials'),(176,176,'en','anomaly.module.partials::field.entry.label.partials','anomaly.module.partials::field.entry.warning.partials','anomaly.module.partials::field.entry.placeholder.partials','anomaly.module.partials::field.entry.instructions.partials'),(177,177,'en','anomaly.module.partials::field.name.label.types','anomaly.module.partials::field.name.warning.types','anomaly.module.partials::field.name.placeholder.types','anomaly.module.partials::field.name.instructions.types'),(178,178,'en','anomaly.module.partials::field.slug.label.types','anomaly.module.partials::field.slug.warning.types','anomaly.module.partials::field.slug.placeholder.types','anomaly.module.partials::field.slug.instructions.types'),(179,179,'en','anomaly.module.partials::field.layout.label.types','anomaly.module.partials::field.layout.warning.types','anomaly.module.partials::field.layout.placeholder.types','anomaly.module.partials::field.layout.instructions.types'),(180,180,'en','anomaly.module.partials::field.description.label.types','anomaly.module.partials::field.description.warning.types','anomaly.module.partials::field.description.placeholder.types','anomaly.module.partials::field.description.instructions.types'),(183,183,'en',NULL,NULL,NULL,NULL),(184,184,'en',NULL,NULL,NULL,NULL),(185,185,'en',NULL,NULL,NULL,NULL),(188,187,'en',NULL,NULL,NULL,NULL),(189,187,'id',NULL,NULL,NULL,NULL),(190,188,'en',NULL,NULL,NULL,NULL),(191,188,'id',NULL,NULL,NULL,NULL),(192,189,'en',NULL,NULL,NULL,'Please use image sise 328 x 248 px'),(193,189,'id',NULL,NULL,NULL,'Please use image sise 82 x 62 px'),(194,190,'en',NULL,NULL,NULL,NULL),(195,190,'id',NULL,NULL,NULL,NULL),(196,191,'en',NULL,NULL,NULL,NULL),(197,191,'id',NULL,NULL,NULL,NULL),(198,192,'en',NULL,NULL,NULL,'Promo Name'),(199,192,'id',NULL,NULL,NULL,NULL),(200,193,'en',NULL,NULL,NULL,NULL),(201,193,'id',NULL,NULL,NULL,NULL),(202,194,'en',NULL,NULL,NULL,NULL),(203,194,'id',NULL,NULL,NULL,NULL),(204,195,'en',NULL,NULL,NULL,NULL),(205,195,'id',NULL,NULL,NULL,NULL),(206,196,'en',NULL,NULL,NULL,NULL),(207,196,'id',NULL,NULL,NULL,NULL),(208,197,'en',NULL,NULL,NULL,NULL),(209,197,'id',NULL,NULL,NULL,NULL),(210,198,'en',NULL,NULL,NULL,NULL),(211,198,'id',NULL,NULL,NULL,NULL),(214,200,'en',NULL,NULL,NULL,NULL),(215,200,'id',NULL,NULL,NULL,NULL),(216,202,'en',NULL,NULL,NULL,'Camera Name'),(217,202,'id',NULL,NULL,NULL,NULL),(218,203,'en',NULL,NULL,NULL,NULL),(219,203,'id',NULL,NULL,NULL,NULL),(220,204,'en',NULL,NULL,NULL,'Camera Product Category'),(221,204,'id',NULL,NULL,NULL,NULL),(222,205,'en',NULL,NULL,NULL,NULL),(223,205,'id',NULL,NULL,NULL,NULL),(224,206,'en',NULL,NULL,NULL,NULL),(225,206,'id',NULL,NULL,NULL,NULL),(226,207,'en',NULL,NULL,NULL,NULL),(227,207,'id',NULL,NULL,NULL,NULL),(228,208,'en',NULL,NULL,NULL,NULL),(229,208,'id',NULL,NULL,NULL,NULL),(230,209,'en',NULL,NULL,NULL,NULL),(231,209,'id',NULL,NULL,NULL,NULL),(232,210,'en',NULL,NULL,NULL,NULL),(233,210,'id',NULL,NULL,NULL,NULL),(234,211,'en',NULL,NULL,NULL,NULL),(235,211,'id',NULL,NULL,NULL,NULL),(236,212,'en',NULL,NULL,NULL,NULL),(237,212,'id',NULL,NULL,NULL,NULL),(238,213,'en','Product Category Gallery Image Title',NULL,NULL,NULL),(239,213,'id','Product Category Gallery Image Title',NULL,NULL,NULL),(240,214,'en',NULL,NULL,NULL,NULL),(241,214,'id','Product Category Gallery Image Description',NULL,NULL,NULL),(242,215,'en',NULL,NULL,NULL,NULL),(243,215,'id',NULL,NULL,NULL,NULL),(244,216,'en',NULL,NULL,NULL,NULL),(245,216,'id',NULL,NULL,NULL,NULL),(246,217,'en',NULL,NULL,NULL,NULL),(247,217,'id',NULL,NULL,NULL,NULL),(248,218,'en',NULL,NULL,NULL,NULL),(249,218,'id',NULL,NULL,NULL,NULL),(250,219,'en',NULL,NULL,NULL,NULL),(251,219,'id',NULL,NULL,NULL,NULL),(252,220,'en',NULL,NULL,NULL,NULL),(253,220,'id',NULL,NULL,NULL,NULL),(254,221,'en',NULL,NULL,NULL,NULL),(255,221,'id',NULL,NULL,NULL,NULL),(256,222,'en',NULL,NULL,NULL,NULL),(257,222,'id','Camera Color Name',NULL,NULL,NULL),(258,223,'en',NULL,NULL,NULL,NULL),(259,223,'id','Camera Color',NULL,NULL,NULL),(260,224,'en',NULL,NULL,NULL,NULL),(261,224,'id',NULL,NULL,NULL,NULL),(262,225,'en',NULL,NULL,NULL,NULL),(263,225,'id',NULL,NULL,NULL,NULL),(264,226,'en',NULL,NULL,NULL,NULL),(265,226,'id',NULL,NULL,NULL,NULL),(266,227,'en',NULL,NULL,NULL,NULL),(267,227,'id',NULL,NULL,NULL,NULL),(268,228,'en',NULL,NULL,NULL,NULL),(269,228,'id',NULL,NULL,NULL,NULL),(270,229,'en',NULL,NULL,NULL,NULL),(271,229,'id',NULL,NULL,NULL,NULL),(272,230,'en',NULL,NULL,NULL,'Please use image size 645 x 612 px'),(273,230,'id',NULL,NULL,NULL,NULL),(274,231,'en',NULL,NULL,NULL,NULL),(275,231,'id',NULL,NULL,NULL,NULL),(276,232,'en',NULL,NULL,NULL,'Please use image size 645 x 612 px'),(277,232,'id',NULL,NULL,NULL,NULL),(278,233,'en',NULL,NULL,NULL,NULL),(279,233,'id',NULL,NULL,NULL,NULL),(280,234,'en',NULL,NULL,NULL,'Please use image size 645 x 612 px'),(281,234,'id',NULL,NULL,NULL,NULL),(282,235,'en',NULL,NULL,NULL,NULL),(283,235,'id',NULL,NULL,NULL,NULL),(284,236,'en',NULL,NULL,NULL,'Please use image size 1366 x 620 px'),(285,236,'id',NULL,NULL,NULL,NULL),(286,237,'en',NULL,NULL,NULL,NULL),(287,237,'id',NULL,NULL,NULL,NULL),(288,238,'en',NULL,NULL,NULL,NULL),(289,238,'id',NULL,NULL,NULL,NULL),(290,239,'en',NULL,NULL,NULL,'Please use image size 540 x 540 px'),(291,239,'id',NULL,NULL,NULL,NULL),(292,240,'en',NULL,NULL,NULL,NULL),(293,240,'id',NULL,NULL,NULL,NULL),(294,241,'en',NULL,NULL,NULL,NULL),(295,241,'id',NULL,NULL,NULL,NULL),(296,242,'en',NULL,NULL,NULL,NULL),(297,242,'id',NULL,NULL,NULL,NULL),(298,243,'en',NULL,NULL,NULL,NULL),(299,243,'id',NULL,NULL,NULL,NULL),(300,244,'en',NULL,NULL,NULL,'Please use image size 1920 x 1202 px'),(301,244,'id',NULL,NULL,NULL,'Please use image size 1920 x 1202 px'),(302,245,'en',NULL,NULL,NULL,NULL),(303,245,'id',NULL,NULL,NULL,NULL),(304,246,'en',NULL,NULL,NULL,NULL),(305,246,'id',NULL,NULL,NULL,NULL),(306,247,'en',NULL,NULL,NULL,NULL),(307,247,'id',NULL,NULL,NULL,NULL),(308,248,'en',NULL,NULL,NULL,NULL),(309,248,'id',NULL,NULL,NULL,NULL),(310,249,'en',NULL,NULL,NULL,NULL),(311,249,'id',NULL,NULL,NULL,NULL),(312,250,'en',NULL,NULL,NULL,'Please use image with ratio 960 : 861 px\r\n\r\n'),(313,250,'id',NULL,NULL,NULL,'Please use image with ratio 960 : 861 px\r\n\r\n'),(314,251,'en',NULL,NULL,NULL,NULL),(315,251,'id',NULL,NULL,NULL,NULL),(316,252,'en',NULL,NULL,NULL,NULL),(317,252,'id',NULL,NULL,NULL,NULL),(318,253,'en',NULL,NULL,NULL,NULL),(319,253,'id','Spec Title',NULL,NULL,NULL),(320,254,'en',NULL,NULL,NULL,NULL),(321,254,'id','Spec Content',NULL,NULL,NULL),(322,255,'en',NULL,NULL,NULL,'Please Use Image size 50 x 50 px'),(323,255,'id',NULL,NULL,NULL,'Please Use Image size 50 x 50 px'),(324,256,'en',NULL,NULL,NULL,NULL),(325,256,'id',NULL,NULL,NULL,NULL),(326,257,'en',NULL,NULL,NULL,NULL),(327,257,'id',NULL,NULL,NULL,NULL),(328,258,'en',NULL,NULL,NULL,'Please Use Image size 659 x 566 px'),(329,258,'id',NULL,NULL,NULL,NULL),(330,259,'en',NULL,NULL,NULL,NULL),(331,259,'id',NULL,NULL,NULL,NULL),(332,260,'en',NULL,NULL,NULL,'Please use image size 1366 x 800 px'),(333,260,'id','Product Camera Gallery Image',NULL,NULL,NULL),(334,261,'en',NULL,NULL,NULL,NULL),(335,261,'id',NULL,NULL,NULL,NULL),(336,262,'en',NULL,NULL,NULL,NULL),(337,262,'id',NULL,NULL,NULL,NULL),(338,263,'en',NULL,NULL,NULL,NULL),(339,263,'id',NULL,NULL,NULL,NULL),(340,264,'en',NULL,NULL,NULL,'Please use image size 1366 x 672 px'),(341,264,'id',NULL,NULL,NULL,'Please use image size 1366 x 672 px'),(342,265,'en',NULL,NULL,NULL,NULL),(343,265,'id',NULL,NULL,NULL,NULL),(344,266,'en',NULL,NULL,NULL,'Please use image size with max height : 32 px'),(345,266,'id',NULL,NULL,NULL,'Please use image size with max height : 32 px'),(346,267,'en',NULL,NULL,NULL,NULL),(347,267,'id',NULL,NULL,NULL,NULL),(348,268,'en',NULL,NULL,NULL,NULL),(349,268,'id',NULL,NULL,NULL,NULL),(350,269,'en',NULL,NULL,NULL,NULL),(351,269,'id',NULL,NULL,NULL,NULL),(354,271,'en',NULL,NULL,NULL,NULL),(355,271,'id',NULL,NULL,NULL,NULL),(356,272,'en',NULL,NULL,NULL,NULL),(357,272,'id',NULL,NULL,NULL,NULL),(358,273,'en',NULL,NULL,NULL,NULL),(359,273,'id',NULL,NULL,NULL,NULL),(360,274,'en',NULL,NULL,NULL,'Please use image with 23 px height'),(361,274,'id',NULL,NULL,NULL,'Please use image with 23 px height'),(362,275,'en',NULL,NULL,NULL,'Please use image size 1920 x 1124 px'),(363,275,'id',NULL,NULL,NULL,'Please use image size 1920 x 1124 px'),(364,276,'en',NULL,NULL,NULL,NULL),(365,276,'id',NULL,NULL,NULL,NULL),(366,277,'en',NULL,NULL,NULL,NULL),(367,277,'id',NULL,NULL,NULL,NULL),(368,278,'en',NULL,NULL,NULL,NULL),(369,278,'id',NULL,NULL,NULL,NULL),(370,279,'en',NULL,NULL,NULL,NULL),(371,279,'id',NULL,NULL,NULL,NULL),(372,280,'en',NULL,NULL,NULL,'Please use image size 1920 x 744 px'),(373,280,'id',NULL,NULL,NULL,'Please use image size 1920 x 744 px'),(374,281,'en',NULL,NULL,NULL,NULL),(375,281,'id',NULL,NULL,NULL,NULL),(378,283,'en',NULL,NULL,NULL,'Please use image with ratio 654 x 351 px'),(379,283,'id',NULL,NULL,NULL,'Please use image with ratio 654 x 351 px'),(380,284,'en',NULL,NULL,NULL,NULL),(381,284,'id',NULL,NULL,NULL,NULL),(382,285,'en',NULL,NULL,NULL,NULL),(383,285,'id',NULL,NULL,NULL,NULL),(384,286,'en',NULL,NULL,NULL,NULL),(385,286,'id',NULL,NULL,NULL,NULL),(386,287,'en',NULL,NULL,NULL,NULL),(387,287,'id',NULL,NULL,NULL,NULL),(388,288,'en',NULL,NULL,NULL,NULL),(389,288,'id',NULL,NULL,NULL,NULL),(390,289,'en',NULL,NULL,NULL,NULL),(391,289,'id',NULL,NULL,NULL,NULL),(392,290,'en',NULL,NULL,NULL,NULL),(393,290,'id',NULL,NULL,NULL,NULL),(394,291,'en',NULL,NULL,NULL,NULL),(395,291,'id','Lens Color',NULL,NULL,NULL),(396,292,'en',NULL,NULL,NULL,NULL),(397,292,'id','Lens Color Name',NULL,NULL,NULL),(398,293,'en',NULL,NULL,NULL,'Please use image size 1024 x 966 px'),(399,293,'id',NULL,NULL,NULL,'Please use image size 1024 x 966 px'),(400,294,'en',NULL,NULL,NULL,NULL),(401,294,'id',NULL,NULL,NULL,NULL),(402,295,'en',NULL,NULL,NULL,NULL),(403,295,'id',NULL,NULL,NULL,NULL),(404,296,'en',NULL,NULL,NULL,NULL),(405,296,'id',NULL,NULL,NULL,NULL),(406,297,'en',NULL,NULL,NULL,NULL),(407,297,'id',NULL,NULL,NULL,NULL),(410,299,'en',NULL,NULL,NULL,'Please use image size 1626 x 1548 px'),(411,299,'id',NULL,NULL,NULL,'Please use image size 1626 x 1548 px'),(412,300,'en',NULL,NULL,NULL,NULL),(413,300,'id',NULL,NULL,NULL,NULL),(414,301,'en',NULL,NULL,NULL,NULL),(415,301,'id',NULL,NULL,NULL,NULL),(416,302,'en',NULL,NULL,NULL,NULL),(417,302,'id',NULL,NULL,NULL,NULL),(420,304,'en',NULL,NULL,NULL,'Please use image size 756 x 756 px'),(421,304,'id','Lens Specification Image',NULL,NULL,'Please use image size 756 x 756 px'),(422,305,'en',NULL,NULL,NULL,NULL),(423,305,'id','Lens Specification Title',NULL,NULL,NULL),(424,306,'en',NULL,NULL,NULL,NULL),(425,306,'id',NULL,NULL,NULL,NULL),(426,307,'en',NULL,NULL,NULL,NULL),(427,307,'id',NULL,NULL,NULL,NULL),(428,308,'en',NULL,NULL,NULL,'Please use image size 1920 x 1345 px'),(429,308,'id','Lens Gallery Image',NULL,NULL,'Please use image size 1920 x 1345 px'),(430,309,'en',NULL,NULL,NULL,NULL),(431,309,'id',NULL,NULL,NULL,NULL),(432,310,'en',NULL,NULL,NULL,NULL),(433,310,'id',NULL,NULL,NULL,NULL),(434,311,'en',NULL,NULL,NULL,NULL),(435,311,'id',NULL,NULL,NULL,NULL),(436,312,'en',NULL,NULL,NULL,NULL),(437,312,'id',NULL,NULL,NULL,NULL),(438,313,'en',NULL,NULL,NULL,NULL),(439,313,'id',NULL,NULL,NULL,NULL),(440,314,'en',NULL,NULL,NULL,NULL),(441,314,'id',NULL,NULL,NULL,NULL),(442,315,'en',NULL,NULL,NULL,NULL),(443,315,'id',NULL,NULL,NULL,NULL),(444,316,'en',NULL,NULL,NULL,NULL),(445,316,'id',NULL,NULL,NULL,NULL),(446,317,'en',NULL,NULL,NULL,NULL),(447,317,'id',NULL,NULL,NULL,NULL),(448,318,'en',NULL,NULL,NULL,NULL),(449,318,'id',NULL,NULL,NULL,NULL),(450,319,'en',NULL,NULL,NULL,NULL),(451,319,'id',NULL,NULL,NULL,NULL),(452,320,'en',NULL,NULL,NULL,NULL),(453,320,'id',NULL,NULL,NULL,NULL),(454,321,'en',NULL,NULL,NULL,NULL),(455,321,'id',NULL,NULL,NULL,NULL),(456,322,'en',NULL,NULL,NULL,NULL),(457,322,'id',NULL,NULL,NULL,NULL),(458,323,'en',NULL,NULL,NULL,NULL),(459,323,'id',NULL,NULL,NULL,NULL),(460,324,'en',NULL,NULL,NULL,NULL),(461,324,'id',NULL,NULL,NULL,NULL),(462,325,'en',NULL,NULL,NULL,NULL),(463,325,'id',NULL,NULL,NULL,NULL),(464,326,'en',NULL,NULL,NULL,NULL),(465,326,'id',NULL,NULL,NULL,NULL),(466,327,'en',NULL,NULL,NULL,NULL),(467,327,'id',NULL,NULL,NULL,NULL),(468,328,'en',NULL,NULL,NULL,NULL),(469,328,'id',NULL,NULL,NULL,NULL),(470,329,'en',NULL,NULL,NULL,NULL),(471,329,'id',NULL,NULL,NULL,NULL),(472,330,'en',NULL,NULL,NULL,NULL),(473,330,'id',NULL,NULL,NULL,NULL),(474,331,'en',NULL,NULL,NULL,NULL),(475,331,'id',NULL,NULL,NULL,NULL),(476,332,'en',NULL,NULL,NULL,NULL),(477,332,'id',NULL,NULL,NULL,NULL),(478,333,'en',NULL,NULL,NULL,NULL),(479,333,'id',NULL,NULL,NULL,NULL),(480,334,'en',NULL,NULL,NULL,NULL),(481,334,'id',NULL,NULL,NULL,NULL),(482,335,'en',NULL,NULL,NULL,NULL),(483,335,'id',NULL,NULL,NULL,NULL),(484,336,'en',NULL,NULL,NULL,NULL),(485,336,'id',NULL,NULL,NULL,NULL),(486,337,'en',NULL,NULL,NULL,NULL),(487,337,'id',NULL,NULL,NULL,NULL),(488,338,'en',NULL,NULL,NULL,NULL),(489,338,'id',NULL,NULL,NULL,NULL),(490,339,'en',NULL,NULL,NULL,NULL),(491,339,'id',NULL,NULL,NULL,NULL),(492,340,'en',NULL,NULL,NULL,NULL),(493,340,'id',NULL,NULL,NULL,NULL),(494,341,'en',NULL,NULL,NULL,NULL),(495,341,'id',NULL,NULL,NULL,NULL),(496,342,'en',NULL,NULL,NULL,NULL),(497,342,'id',NULL,NULL,NULL,NULL),(498,343,'en',NULL,NULL,NULL,NULL),(499,343,'id',NULL,NULL,NULL,NULL),(500,344,'en',NULL,NULL,NULL,NULL),(501,344,'id',NULL,NULL,NULL,NULL),(502,345,'en',NULL,NULL,NULL,NULL),(503,345,'id',NULL,NULL,NULL,NULL),(504,346,'en',NULL,NULL,NULL,NULL),(505,346,'id',NULL,NULL,NULL,NULL),(506,347,'en',NULL,NULL,NULL,NULL),(507,347,'id',NULL,NULL,NULL,NULL),(508,348,'en',NULL,NULL,NULL,NULL),(509,348,'id',NULL,NULL,NULL,NULL),(510,349,'en',NULL,NULL,NULL,NULL),(511,349,'id',NULL,NULL,NULL,NULL),(512,350,'en',NULL,NULL,NULL,NULL),(513,350,'id',NULL,NULL,NULL,NULL),(514,351,'en',NULL,NULL,NULL,NULL),(515,351,'id',NULL,NULL,NULL,NULL),(516,352,'en',NULL,NULL,NULL,NULL),(517,352,'id',NULL,NULL,NULL,NULL),(518,353,'en',NULL,NULL,NULL,NULL),(519,353,'id',NULL,NULL,NULL,NULL),(520,354,'en',NULL,NULL,NULL,NULL),(521,354,'id',NULL,NULL,NULL,NULL),(522,355,'en',NULL,NULL,NULL,NULL),(523,355,'id',NULL,NULL,NULL,NULL),(524,356,'en',NULL,NULL,NULL,NULL),(525,356,'id',NULL,NULL,NULL,NULL),(526,357,'en',NULL,NULL,NULL,NULL),(527,357,'id',NULL,NULL,NULL,NULL),(532,360,'en',NULL,NULL,NULL,NULL),(533,360,'id',NULL,NULL,NULL,NULL),(534,361,'en',NULL,NULL,NULL,NULL),(535,361,'id',NULL,NULL,NULL,NULL),(536,362,'en',NULL,NULL,NULL,NULL),(537,362,'id',NULL,NULL,NULL,NULL),(538,363,'en',NULL,NULL,NULL,NULL),(539,363,'id',NULL,NULL,NULL,NULL),(540,364,'en',NULL,NULL,NULL,NULL),(541,364,'id',NULL,NULL,NULL,NULL),(542,365,'en',NULL,NULL,NULL,NULL),(543,365,'id',NULL,NULL,'Full Name',NULL),(546,367,'en',NULL,NULL,NULL,NULL),(547,367,'id',NULL,NULL,NULL,NULL),(548,368,'en',NULL,NULL,NULL,NULL),(549,368,'id',NULL,NULL,NULL,NULL),(550,369,'en',NULL,NULL,NULL,NULL),(551,369,'id',NULL,NULL,NULL,NULL),(552,370,'en',NULL,NULL,NULL,NULL),(553,370,'id',NULL,NULL,NULL,NULL),(554,371,'en',NULL,NULL,NULL,NULL),(555,371,'id',NULL,NULL,NULL,NULL),(556,372,'en',NULL,NULL,NULL,NULL),(557,372,'id',NULL,NULL,NULL,NULL),(558,373,'en',NULL,NULL,NULL,NULL),(559,373,'id',NULL,NULL,NULL,NULL),(560,374,'en',NULL,NULL,NULL,NULL),(561,374,'id',NULL,NULL,NULL,NULL),(562,375,'en',NULL,NULL,NULL,NULL),(563,375,'id',NULL,NULL,NULL,NULL),(564,376,'en',NULL,NULL,NULL,NULL),(565,376,'id',NULL,NULL,NULL,NULL),(566,377,'en',NULL,NULL,NULL,NULL),(567,377,'id',NULL,NULL,NULL,NULL),(568,378,'en',NULL,NULL,NULL,NULL),(569,378,'id',NULL,NULL,NULL,NULL),(570,379,'en',NULL,NULL,NULL,NULL),(571,379,'id',NULL,NULL,NULL,NULL),(572,380,'en',NULL,NULL,NULL,NULL),(573,380,'id',NULL,NULL,NULL,NULL),(574,381,'en',NULL,NULL,NULL,NULL),(575,381,'id',NULL,NULL,NULL,NULL),(576,382,'en',NULL,NULL,NULL,NULL),(577,382,'id',NULL,NULL,NULL,NULL),(578,383,'en',NULL,NULL,NULL,NULL),(579,383,'id',NULL,NULL,NULL,NULL),(580,384,'en',NULL,NULL,NULL,NULL),(581,384,'id',NULL,NULL,NULL,NULL),(582,385,'en',NULL,NULL,NULL,NULL),(583,385,'id',NULL,NULL,NULL,NULL),(584,386,'en',NULL,NULL,NULL,NULL),(585,386,'id',NULL,NULL,NULL,NULL),(586,387,'en',NULL,NULL,NULL,'Please use image size 352 x 352 px'),(587,387,'id',NULL,NULL,NULL,'Please use image size 352 x 352 px'),(588,388,'en',NULL,NULL,NULL,'Please use image size 1366 x 352 px'),(589,388,'id',NULL,NULL,NULL,'Please use image size 1366 x 800 px'),(590,389,'en',NULL,NULL,NULL,NULL),(591,389,'id',NULL,NULL,NULL,NULL),(592,390,'en',NULL,NULL,NULL,NULL),(593,390,'id',NULL,NULL,NULL,NULL),(594,391,'en',NULL,NULL,NULL,NULL),(595,391,'id',NULL,NULL,NULL,NULL),(596,392,'en',NULL,NULL,NULL,NULL),(597,392,'id',NULL,NULL,NULL,NULL),(598,393,'en',NULL,NULL,NULL,NULL),(599,393,'id',NULL,NULL,NULL,NULL),(600,394,'en',NULL,NULL,NULL,NULL),(601,394,'id',NULL,NULL,NULL,NULL),(604,396,'en',NULL,NULL,NULL,NULL),(605,396,'id',NULL,NULL,NULL,NULL),(606,397,'en',NULL,NULL,NULL,NULL),(607,397,'id','Specification Title',NULL,NULL,NULL),(608,398,'en',NULL,NULL,NULL,NULL),(609,398,'id','Specification List',NULL,NULL,NULL),(612,400,'en',NULL,NULL,NULL,NULL),(613,400,'id',NULL,NULL,NULL,NULL),(614,401,'en',NULL,NULL,NULL,NULL),(615,401,'id',NULL,NULL,NULL,NULL),(616,402,'en',NULL,NULL,NULL,NULL),(617,402,'id',NULL,NULL,NULL,NULL),(618,403,'en',NULL,NULL,NULL,NULL),(619,403,'id',NULL,NULL,NULL,NULL),(620,404,'en',NULL,NULL,NULL,NULL),(621,404,'id',NULL,NULL,NULL,NULL),(622,405,'en',NULL,NULL,NULL,NULL),(623,405,'id',NULL,NULL,NULL,NULL),(624,406,'en',NULL,NULL,NULL,NULL),(625,406,'id',NULL,NULL,NULL,NULL),(626,407,'en',NULL,NULL,NULL,NULL),(627,407,'id',NULL,NULL,NULL,NULL),(628,408,'en',NULL,NULL,NULL,NULL),(629,408,'id',NULL,NULL,NULL,NULL),(630,409,'en',NULL,NULL,NULL,NULL),(631,409,'id',NULL,NULL,NULL,NULL),(632,410,'en',NULL,NULL,NULL,NULL),(633,410,'id',NULL,NULL,NULL,NULL),(634,411,'en',NULL,NULL,NULL,NULL),(635,411,'id',NULL,NULL,NULL,NULL),(636,412,'en',NULL,NULL,NULL,NULL),(637,412,'id',NULL,NULL,NULL,NULL),(638,413,'en',NULL,NULL,NULL,NULL),(639,413,'id',NULL,NULL,NULL,NULL),(640,414,'en',NULL,NULL,NULL,NULL),(641,414,'id',NULL,NULL,NULL,NULL),(642,415,'en',NULL,NULL,NULL,NULL),(643,415,'id',NULL,NULL,NULL,NULL),(644,416,'en',NULL,NULL,NULL,NULL),(645,416,'id',NULL,NULL,NULL,NULL),(646,417,'en',NULL,NULL,NULL,NULL),(647,417,'id',NULL,NULL,NULL,NULL),(648,418,'en',NULL,NULL,NULL,'Please use image size 1780 x 890 px'),(649,418,'id',NULL,NULL,NULL,'Please use image size 1780 x 890 px'),(650,419,'en',NULL,NULL,NULL,NULL),(651,419,'id',NULL,NULL,NULL,NULL),(652,420,'en',NULL,NULL,NULL,NULL),(653,420,'id',NULL,NULL,NULL,NULL),(654,421,'en',NULL,NULL,NULL,NULL),(655,421,'id',NULL,NULL,NULL,NULL),(656,422,'en',NULL,NULL,NULL,NULL),(657,422,'id',NULL,NULL,NULL,NULL),(658,423,'en',NULL,NULL,NULL,NULL),(659,423,'id',NULL,NULL,NULL,NULL),(660,424,'en',NULL,NULL,NULL,NULL),(661,424,'id',NULL,NULL,NULL,NULL),(662,425,'en',NULL,NULL,NULL,NULL),(663,425,'id',NULL,NULL,NULL,NULL),(664,426,'en',NULL,NULL,NULL,NULL),(665,426,'id',NULL,NULL,NULL,NULL),(666,427,'en',NULL,NULL,NULL,NULL),(667,427,'id',NULL,NULL,NULL,NULL),(668,428,'en',NULL,NULL,NULL,NULL),(669,428,'id',NULL,NULL,NULL,NULL),(670,429,'en',NULL,NULL,NULL,NULL),(671,429,'id',NULL,NULL,NULL,NULL),(672,430,'en',NULL,NULL,NULL,NULL),(673,430,'id',NULL,NULL,NULL,NULL),(674,431,'en',NULL,NULL,NULL,NULL),(675,431,'id',NULL,NULL,NULL,NULL),(676,432,'en',NULL,NULL,NULL,NULL),(677,432,'id',NULL,NULL,NULL,NULL),(678,433,'en',NULL,NULL,NULL,NULL),(679,433,'id',NULL,NULL,NULL,NULL),(680,434,'en',NULL,NULL,NULL,NULL),(681,434,'id',NULL,NULL,NULL,NULL),(682,435,'en',NULL,NULL,NULL,NULL),(683,435,'id',NULL,NULL,NULL,NULL),(684,436,'en',NULL,NULL,NULL,NULL),(685,436,'id',NULL,NULL,NULL,NULL),(686,437,'en',NULL,NULL,NULL,NULL),(687,437,'id',NULL,NULL,NULL,NULL),(688,438,'en',NULL,NULL,NULL,NULL),(689,438,'id',NULL,NULL,NULL,NULL),(690,439,'en',NULL,NULL,NULL,NULL),(691,439,'id',NULL,NULL,NULL,NULL),(692,440,'en',NULL,NULL,NULL,NULL),(693,440,'id',NULL,NULL,NULL,NULL),(694,441,'en',NULL,NULL,NULL,NULL),(695,441,'id',NULL,NULL,NULL,NULL),(696,442,'en',NULL,NULL,NULL,NULL),(697,442,'id',NULL,NULL,NULL,NULL),(698,443,'en',NULL,NULL,NULL,NULL),(699,443,'id',NULL,NULL,NULL,NULL),(700,444,'en',NULL,NULL,NULL,NULL),(701,444,'id',NULL,NULL,NULL,NULL),(702,445,'en',NULL,NULL,NULL,NULL),(703,445,'id',NULL,NULL,NULL,NULL),(704,446,'en',NULL,NULL,NULL,NULL),(705,446,'id',NULL,NULL,NULL,NULL),(706,447,'en',NULL,NULL,NULL,NULL),(707,447,'id',NULL,NULL,NULL,NULL),(708,448,'en',NULL,NULL,NULL,NULL),(709,448,'id',NULL,NULL,NULL,NULL),(710,449,'en',NULL,NULL,NULL,NULL),(711,449,'id',NULL,NULL,NULL,NULL),(712,450,'en',NULL,NULL,NULL,NULL),(713,450,'id',NULL,NULL,NULL,NULL),(714,451,'en',NULL,NULL,NULL,NULL),(715,451,'id',NULL,NULL,NULL,NULL),(716,452,'en',NULL,NULL,NULL,NULL),(717,452,'id',NULL,NULL,NULL,NULL),(718,453,'en',NULL,NULL,NULL,NULL),(719,453,'id',NULL,NULL,NULL,NULL),(720,454,'en',NULL,NULL,NULL,NULL),(721,454,'id',NULL,NULL,NULL,NULL),(722,455,'en',NULL,NULL,NULL,NULL),(723,455,'id',NULL,NULL,NULL,NULL),(724,456,'en',NULL,NULL,NULL,NULL),(725,456,'id',NULL,NULL,NULL,NULL),(726,457,'en',NULL,NULL,NULL,NULL),(727,457,'id',NULL,NULL,NULL,NULL),(728,458,'en',NULL,NULL,NULL,NULL),(729,458,'id',NULL,NULL,NULL,NULL),(730,459,'en',NULL,NULL,NULL,NULL),(731,459,'id',NULL,NULL,NULL,NULL),(732,460,'en',NULL,NULL,NULL,NULL),(733,460,'id',NULL,NULL,NULL,NULL),(734,461,'en',NULL,NULL,NULL,NULL),(735,461,'id',NULL,NULL,NULL,NULL),(736,462,'en',NULL,NULL,NULL,NULL),(737,462,'id',NULL,NULL,NULL,NULL),(738,463,'en',NULL,NULL,NULL,NULL),(739,463,'id',NULL,NULL,NULL,NULL),(740,464,'en',NULL,NULL,NULL,NULL),(741,464,'id',NULL,NULL,NULL,NULL),(742,465,'en',NULL,NULL,NULL,NULL),(743,465,'id',NULL,NULL,NULL,NULL),(744,466,'en',NULL,NULL,NULL,NULL),(745,466,'id','Photographer Gallery',NULL,NULL,NULL),(746,467,'en',NULL,NULL,NULL,NULL),(747,467,'id',NULL,NULL,NULL,NULL),(748,468,'en',NULL,NULL,NULL,NULL),(749,468,'id',NULL,NULL,NULL,NULL),(750,469,'en',NULL,NULL,NULL,NULL),(751,469,'id',NULL,NULL,NULL,NULL),(752,470,'en',NULL,NULL,NULL,NULL),(753,470,'id',NULL,NULL,NULL,NULL),(754,471,'en',NULL,NULL,NULL,NULL),(755,471,'id',NULL,NULL,NULL,NULL),(756,472,'en',NULL,NULL,NULL,NULL),(757,472,'id',NULL,NULL,NULL,'Voucher note\'s that exists on pdf email to client'),(758,473,'en',NULL,NULL,NULL,NULL),(759,473,'id',NULL,NULL,NULL,NULL),(760,474,'en',NULL,NULL,NULL,NULL),(761,474,'id',NULL,NULL,NULL,NULL),(762,475,'en',NULL,NULL,NULL,NULL),(763,475,'id',NULL,NULL,NULL,NULL),(764,476,'en',NULL,NULL,NULL,NULL),(765,476,'id',NULL,NULL,NULL,NULL),(766,477,'en',NULL,NULL,NULL,NULL),(767,477,'id',NULL,NULL,NULL,NULL),(768,478,'en',NULL,NULL,NULL,NULL),(769,478,'id',NULL,NULL,NULL,NULL),(770,479,'en',NULL,NULL,NULL,NULL),(771,479,'id',NULL,NULL,NULL,NULL),(772,480,'en',NULL,NULL,NULL,NULL),(773,480,'id',NULL,NULL,NULL,NULL),(774,481,'en',NULL,NULL,NULL,NULL),(775,481,'id',NULL,NULL,NULL,NULL),(776,482,'en',NULL,NULL,NULL,NULL),(785,490,'en',NULL,NULL,NULL,NULL),(786,490,'id',NULL,NULL,NULL,NULL),(787,487,'id',NULL,NULL,NULL,NULL),(788,487,'en',NULL,NULL,NULL,NULL),(789,489,'id',NULL,NULL,NULL,NULL),(790,489,'en',NULL,NULL,NULL,NULL),(791,491,'en',NULL,NULL,NULL,NULL),(792,491,'id',NULL,NULL,NULL,NULL),(793,492,'en',NULL,NULL,NULL,NULL),(794,492,'id',NULL,NULL,NULL,NULL),(795,493,'en',NULL,NULL,NULL,NULL),(796,493,'id',NULL,NULL,NULL,NULL),(799,495,'en',NULL,NULL,NULL,NULL),(800,495,'id',NULL,NULL,NULL,NULL),(801,496,'en',NULL,NULL,NULL,NULL),(802,496,'id',NULL,NULL,NULL,NULL),(803,497,'en',NULL,NULL,NULL,NULL),(804,497,'id',NULL,NULL,NULL,NULL),(805,498,'en',NULL,NULL,NULL,NULL),(806,498,'id',NULL,NULL,NULL,NULL),(807,499,'en',NULL,NULL,NULL,NULL),(808,499,'id',NULL,NULL,NULL,NULL),(809,500,'en',NULL,NULL,NULL,NULL),(810,500,'id',NULL,NULL,NULL,NULL),(811,501,'en',NULL,NULL,NULL,NULL),(812,501,'id',NULL,NULL,NULL,NULL),(813,502,'en','Registration No',NULL,NULL,NULL),(814,502,'id',NULL,NULL,NULL,NULL),(815,503,'en','Booking Date',NULL,NULL,NULL),(816,503,'id',NULL,NULL,NULL,NULL),(817,504,'en','Booking Time',NULL,NULL,NULL),(818,504,'id',NULL,NULL,NULL,NULL),(819,505,'en','Full Name',NULL,NULL,NULL),(820,505,'id',NULL,NULL,NULL,NULL),(821,506,'en','Email',NULL,NULL,NULL),(822,506,'id',NULL,NULL,NULL,NULL),(823,507,'en','Phone',NULL,NULL,NULL),(824,507,'id',NULL,NULL,NULL,NULL),(825,508,'en','Id Type',NULL,NULL,NULL),(826,508,'id',NULL,NULL,NULL,NULL),(827,509,'en','ID No',NULL,NULL,NULL),(828,509,'id',NULL,NULL,NULL,NULL),(829,510,'en','Gender',NULL,NULL,NULL),(830,510,'id',NULL,NULL,NULL,NULL),(831,511,'en','Age',NULL,NULL,NULL),(832,511,'id',NULL,NULL,NULL,NULL),(833,512,'en','Camera Type',NULL,NULL,NULL),(834,512,'id',NULL,NULL,NULL,NULL),(835,513,'en','Serial Number',NULL,NULL,NULL),(836,513,'id',NULL,NULL,NULL,NULL),(837,514,'en','City',NULL,NULL,NULL),(838,514,'id',NULL,NULL,NULL,NULL),(839,515,'en','Confirm',NULL,NULL,NULL),(840,515,'id',NULL,NULL,NULL,NULL),(841,516,'en','Term & Condition',NULL,NULL,NULL),(842,516,'id',NULL,NULL,NULL,NULL),(843,517,'en','Jakarta Operational',NULL,NULL,NULL),(844,517,'id',NULL,NULL,NULL,NULL),(845,518,'en','Jakarta Address',NULL,NULL,NULL),(846,518,'id',NULL,NULL,NULL,NULL),(847,519,'en','Yogyakarta Operational',NULL,NULL,NULL),(848,519,'id',NULL,NULL,NULL,NULL),(849,520,'en','Yogyakarta Address',NULL,NULL,NULL),(850,520,'id',NULL,NULL,NULL,NULL),(851,521,'en','Form Description',NULL,NULL,NULL),(852,521,'id','Form Description',NULL,NULL,NULL),(853,522,'en','Form Title',NULL,NULL,NULL),(854,522,'id',NULL,NULL,NULL,NULL),(855,523,'en',NULL,NULL,NULL,NULL),(856,523,'id','Gallery Image Title',NULL,NULL,NULL),(857,524,'en',NULL,NULL,NULL,NULL),(858,524,'id','Gallery Image Description',NULL,NULL,NULL),(859,525,'en',NULL,NULL,NULL,NULL),(860,525,'id','Gallery Image Title',NULL,NULL,NULL),(861,526,'en',NULL,NULL,NULL,NULL),(862,526,'id','Gallery Image Description',NULL,NULL,NULL),(863,527,'en',NULL,NULL,NULL,NULL),(864,527,'id',NULL,NULL,NULL,NULL),(867,529,'en',NULL,NULL,NULL,NULL),(868,529,'id',NULL,NULL,NULL,NULL),(869,530,'en',NULL,NULL,NULL,NULL),(870,530,'id',NULL,NULL,NULL,NULL),(871,531,'en',NULL,NULL,NULL,NULL),(872,531,'id',NULL,NULL,NULL,NULL),(873,532,'en',NULL,NULL,NULL,NULL),(874,532,'id',NULL,NULL,NULL,NULL),(875,533,'en',NULL,NULL,NULL,NULL),(876,533,'id',NULL,NULL,NULL,NULL),(877,534,'en',NULL,NULL,NULL,NULL),(878,534,'id',NULL,NULL,NULL,NULL),(879,535,'en','Camera Name',NULL,NULL,NULL),(880,535,'id',NULL,NULL,NULL,NULL),(890,545,'en','sam.module.pre_order::field.product_type.label.pre_order','sam.module.pre_order::field.product_type.warning.pre_order','sam.module.pre_order::field.product_type.placeholder.pre_order','sam.module.pre_order::field.product_type.instructions.pre_order'),(891,546,'en','sam.module.pre_order::field.first_name.label.pre_order','sam.module.pre_order::field.first_name.warning.pre_order','sam.module.pre_order::field.first_name.placeholder.pre_order','sam.module.pre_order::field.first_name.instructions.pre_order'),(892,547,'en','sam.module.pre_order::field.last_name.label.pre_order','sam.module.pre_order::field.last_name.warning.pre_order','sam.module.pre_order::field.last_name.placeholder.pre_order','sam.module.pre_order::field.last_name.instructions.pre_order'),(893,548,'en','sam.module.pre_order::field.gender.label.pre_order','sam.module.pre_order::field.gender.warning.pre_order','sam.module.pre_order::field.gender.placeholder.pre_order','sam.module.pre_order::field.gender.instructions.pre_order'),(894,549,'en','sam.module.pre_order::field.phone.label.pre_order','sam.module.pre_order::field.phone.warning.pre_order','sam.module.pre_order::field.phone.placeholder.pre_order','sam.module.pre_order::field.phone.instructions.pre_order'),(895,550,'en','sam.module.pre_order::field.email.label.pre_order','sam.module.pre_order::field.email.warning.pre_order','sam.module.pre_order::field.email.placeholder.pre_order','sam.module.pre_order::field.email.instructions.pre_order'),(896,551,'en','sam.module.pre_order::field.product_color.label.pre_order','sam.module.pre_order::field.product_color.warning.pre_order','sam.module.pre_order::field.product_color.placeholder.pre_order','sam.module.pre_order::field.product_color.instructions.pre_order');

--
